CRAN Package Check Results for Package CONORData

Last updated on 2014-04-23 12:48:16.

Flavor Version Tinstall Tcheck Ttotal Status Flags
r-devel-linux-x86_64-debian-clang 1.0.2 6.12 34.22 40.34 NOTE
r-devel-linux-x86_64-debian-gcc 1.0.2 5.53 35.24 40.77 NOTE
r-devel-linux-x86_64-fedora-clang 1.0.2 85.40 NOTE
r-devel-linux-x86_64-fedora-gcc 1.0.2 82.96 NOTE
r-devel-osx-x86_64-clang 1.0.2 75.45 NOTE
r-devel-osx-x86_64-gcc 1.0.2 ERROR
r-devel-windows-ix86+x86_64 1.0.2 17.00 51.00 68.00 NOTE
r-patched-linux-x86_64 1.0.2 5.70 33.36 39.06 NOTE
r-patched-solaris-sparc 1.0.2 466.80 NOTE
r-patched-solaris-x86 1.0.2 109.10 NOTE
r-release-linux-ix86 1.0.2 11.00 54.00 65.00 NOTE
r-release-linux-x86_64 1.0.2 5.85 34.22 40.07 NOTE
r-release-osx-x86_64-mavericks 1.0.2 ERROR
r-release-osx-x86_64-snowleopard 1.0.2 ERROR
r-release-windows-ix86+x86_64 1.0.2 19.00 51.00 70.00 NOTE
r-oldrel-windows-ix86+x86_64 1.0.2 17.00 51.00 68.00 NOTE

Check Details

Version: 1.0.2
Check: package dependencies
Result: NOTE
    Depends: includes the non-default packages:
     ‘CLSOCP’ ‘tseries’ ‘outliers’ ‘nortest’ ‘quadprog’ ‘zoo’
     ‘preprocessCore’ ‘fields’ ‘fpc’ ‘flexclust’ ‘plyr’
    Adding so many packages to the search path is excessive and importing
    selectively is preferable.
Flavors: r-devel-linux-x86_64-debian-clang, r-devel-linux-x86_64-debian-gcc, r-devel-linux-x86_64-fedora-clang, r-devel-linux-x86_64-fedora-gcc, r-devel-osx-x86_64-clang, r-devel-windows-ix86+x86_64, r-patched-linux-x86_64, r-patched-solaris-sparc, r-patched-solaris-x86, r-release-linux-ix86, r-release-linux-x86_64, r-release-windows-ix86+x86_64

Version: 1.0.2
Check: installed package size
Result: NOTE
     installed size is 34.4Mb
     sub-directories of 1Mb or more:
     data 34.3Mb
Flavors: r-devel-linux-x86_64-debian-clang, r-devel-linux-x86_64-debian-gcc, r-devel-linux-x86_64-fedora-clang, r-devel-linux-x86_64-fedora-gcc, r-devel-osx-x86_64-clang, r-devel-windows-ix86+x86_64, r-patched-linux-x86_64, r-patched-solaris-sparc, r-patched-solaris-x86, r-release-linux-ix86, r-release-linux-x86_64, r-release-windows-ix86+x86_64, r-oldrel-windows-ix86+x86_64

Version: 1.0.2
Check: package dependencies
Result: ERROR
    Packages required but not available:
     ‘tseries’ ‘zoo’ ‘preprocessCore’ ‘fields’ ‘fpc’
    
    Depends: includes the non-default packages:
     ‘CLSOCP’ ‘tseries’ ‘outliers’ ‘nortest’ ‘quadprog’ ‘zoo’
     ‘preprocessCore’ ‘fields’ ‘fpc’ ‘flexclust’ ‘plyr’
    Adding so many packages to the search path is excessive and importing
    selectively is preferable.
    
    See the information on DESCRIPTION files in the chapter ‘Creating R
    packages’ of the ‘Writing R Extensions’ manual.
Flavor: r-devel-osx-x86_64-gcc

Version: 1.0.2
Check: package dependencies
Result: ERROR
    Package required but not available: ‘preprocessCore’
    
    Depends: includes the non-default packages:
     ‘CLSOCP’ ‘tseries’ ‘outliers’ ‘nortest’ ‘quadprog’ ‘zoo’
     ‘preprocessCore’ ‘fields’ ‘fpc’ ‘flexclust’ ‘plyr’
    Adding so many packages to the search path is excessive and importing
    selectively is preferable.
    
    See the information on DESCRIPTION files in the chapter ‘Creating R
    packages’ of the ‘Writing R Extensions’ manual.
Flavors: r-release-osx-x86_64-mavericks, r-release-osx-x86_64-snowleopard