CRAN Package Check Results for Package CONORData

Last updated on 2014-07-23 08:49:45.

Flavor Version Tinstall Tcheck Ttotal Status Flags
r-devel-linux-x86_64-debian-clang 1.0.2 5.89 32.63 38.52 NOTE
r-devel-linux-x86_64-debian-gcc 1.0.2 5.08 32.95 38.03 NOTE
r-devel-linux-x86_64-fedora-clang 1.0.2 85.09 NOTE
r-devel-linux-x86_64-fedora-gcc 1.0.2 80.74 NOTE
r-devel-osx-x86_64-clang 1.0.2 70.22 NOTE
r-devel-windows-ix86+x86_64 1.0.2 16.00 52.00 68.00 NOTE
r-patched-linux-x86_64 1.0.2 5.23 31.81 37.04 NOTE
r-patched-solaris-sparc 1.0.2 466.80 NOTE
r-patched-solaris-x86 1.0.2 108.30 NOTE
r-release-linux-ix86 1.0.2 7.30 40.46 47.76 NOTE
r-release-linux-x86_64 1.0.2 6.42 33.42 39.84 NOTE
r-release-osx-x86_64-mavericks 1.0.2 NOTE
r-release-osx-x86_64-snowleopard 1.0.2 NOTE
r-release-windows-ix86+x86_64 1.0.2 18.00 54.00 72.00 NOTE
r-oldrel-windows-ix86+x86_64 1.0.2 20.00 50.00 70.00 NOTE

Check Details

Version: 1.0.2
Check: package dependencies
Result: NOTE
    Depends: includes the non-default packages:
     ‘CLSOCP’ ‘tseries’ ‘outliers’ ‘nortest’ ‘quadprog’ ‘zoo’
     ‘preprocessCore’ ‘fields’ ‘fpc’ ‘flexclust’ ‘plyr’
    Adding so many packages to the search path is excessive and importing
    selectively is preferable.
Flavors: r-devel-linux-x86_64-debian-clang, r-devel-linux-x86_64-debian-gcc, r-devel-linux-x86_64-fedora-clang, r-devel-linux-x86_64-fedora-gcc, r-devel-osx-x86_64-clang, r-devel-windows-ix86+x86_64, r-patched-linux-x86_64, r-patched-solaris-sparc, r-patched-solaris-x86, r-release-linux-ix86, r-release-linux-x86_64, r-release-osx-x86_64-mavericks, r-release-osx-x86_64-snowleopard, r-release-windows-ix86+x86_64

Version: 1.0.2
Check: installed package size
Result: NOTE
     installed size is 34.4Mb
     sub-directories of 1Mb or more:
     data 34.3Mb
Flavors: r-devel-linux-x86_64-debian-clang, r-devel-linux-x86_64-debian-gcc, r-devel-linux-x86_64-fedora-clang, r-devel-linux-x86_64-fedora-gcc, r-devel-osx-x86_64-clang, r-devel-windows-ix86+x86_64, r-patched-linux-x86_64, r-patched-solaris-sparc, r-patched-solaris-x86, r-release-linux-ix86, r-release-linux-x86_64, r-release-osx-x86_64-mavericks, r-release-osx-x86_64-snowleopard, r-release-windows-ix86+x86_64, r-oldrel-windows-ix86+x86_64