CRAN Package Check Results for Package CONORData

Last updated on 2014-10-01 09:52:19.

Flavor Version Tinstall Tcheck Ttotal Status Flags
r-release-linux-ix86 1.0.2 8.35 47.73 56.08 NOTE

Check Details

Version: 1.0.2
Check: package dependencies
Result: NOTE
    Depends: includes the non-default packages:
     ‘CLSOCP’ ‘tseries’ ‘outliers’ ‘nortest’ ‘quadprog’ ‘zoo’
     ‘preprocessCore’ ‘fields’ ‘fpc’ ‘flexclust’ ‘plyr’
    Adding so many packages to the search path is excessive and importing
    selectively is preferable.
Flavor: r-release-linux-ix86

Version: 1.0.2
Check: installed package size
Result: NOTE
     installed size is 34.5Mb
     sub-directories of 1Mb or more:
     data 34.4Mb
Flavor: r-release-linux-ix86