CRAN Package Check Results for Package CONORData

Last updated on 2014-08-29 23:48:44.

Flavor Version Tinstall Tcheck Ttotal Status Flags
r-devel-linux-x86_64-debian-clang 1.0.2 5.48 31.75 37.23 NOTE
r-devel-linux-x86_64-debian-gcc 1.0.2 4.97 31.56 36.53 NOTE
r-devel-linux-x86_64-fedora-clang 1.0.2 81.18 NOTE
r-devel-linux-x86_64-fedora-gcc 1.0.2 80.06 NOTE
r-devel-osx-x86_64-clang 1.0.2 66.39 NOTE
r-devel-windows-ix86+x86_64 1.0.2 17.00 48.00 65.00 NOTE
r-patched-linux-x86_64 1.0.2 5.30 32.30 37.60 NOTE
r-patched-solaris-sparc 1.0.2 468.60 NOTE
r-patched-solaris-x86 1.0.2 108.10 NOTE
r-release-linux-ix86 1.0.2 7.09 40.79 47.88 NOTE
r-release-linux-x86_64 1.0.2 5.38 32.76 38.14 NOTE
r-release-osx-x86_64-mavericks 1.0.2 NOTE
r-release-osx-x86_64-snowleopard 1.0.2 NOTE
r-release-windows-ix86+x86_64 1.0.2 18.00 53.00 71.00 NOTE
r-oldrel-windows-ix86+x86_64 1.0.2 16.00 51.00 67.00 NOTE

Check Details

Version: 1.0.2
Check: package dependencies
Result: NOTE
    Depends: includes the non-default packages:
     ‘CLSOCP’ ‘tseries’ ‘outliers’ ‘nortest’ ‘quadprog’ ‘zoo’
     ‘preprocessCore’ ‘fields’ ‘fpc’ ‘flexclust’ ‘plyr’
    Adding so many packages to the search path is excessive and importing
    selectively is preferable.
Flavors: r-devel-linux-x86_64-debian-clang, r-devel-linux-x86_64-debian-gcc, r-devel-linux-x86_64-fedora-clang, r-devel-linux-x86_64-fedora-gcc, r-devel-osx-x86_64-clang, r-devel-windows-ix86+x86_64, r-patched-linux-x86_64, r-patched-solaris-sparc, r-patched-solaris-x86, r-release-linux-ix86, r-release-linux-x86_64, r-release-osx-x86_64-mavericks, r-release-osx-x86_64-snowleopard, r-release-windows-ix86+x86_64

Version: 1.0.2
Check: installed package size
Result: NOTE
     installed size is 34.4Mb
     sub-directories of 1Mb or more:
     data 34.3Mb
Flavors: r-devel-linux-x86_64-debian-clang, r-devel-linux-x86_64-debian-gcc, r-devel-linux-x86_64-fedora-clang, r-devel-linux-x86_64-fedora-gcc, r-devel-osx-x86_64-clang, r-devel-windows-ix86+x86_64, r-patched-linux-x86_64, r-patched-solaris-sparc, r-patched-solaris-x86, r-release-linux-ix86, r-release-linux-x86_64, r-release-osx-x86_64-mavericks, r-release-osx-x86_64-snowleopard, r-release-windows-ix86+x86_64, r-oldrel-windows-ix86+x86_64