CRAN Package Check Results for Package CORE

Last updated on 2022-01-21 12:56:06 CET.

Flavor Version Tinstall Tcheck Ttotal Status Flags
r-devel-linux-x86_64-debian-clang 3.0 3.61 39.03 42.64 NOTE
r-devel-linux-x86_64-debian-gcc 3.0 2.71 30.45 33.16 NOTE
r-devel-linux-x86_64-fedora-clang 3.0 56.42 NOTE
r-devel-linux-x86_64-fedora-gcc 3.0 42.47 NOTE
r-devel-windows-x86_64-new-UL 3.0 23.00 56.00 79.00 NOTE
r-devel-windows-x86_64-new-TK 3.0 NOTE
r-patched-linux-x86_64 3.0 3.93 37.87 41.80 NOTE
r-release-linux-x86_64 3.0 3.97 37.69 41.66 NOTE
r-release-macos-arm64 3.0 NOTE
r-release-macos-x86_64 3.0 NOTE
r-release-windows-ix86+x86_64 3.0 8.00 46.00 54.00 NOTE
r-oldrel-macos-x86_64 3.0 NOTE
r-oldrel-windows-ix86+x86_64 3.0 6.00 45.00 51.00 NOTE

Check Details

Version: 3.0
Check: R code for possible problems
Result: NOTE
    advanceRNG: no visible global function definition for 'runif'
    randomEventMoves: no visible global function definition for 'runif'
    randomRescaledEventMoves: no visible global function definition for
     'runif'
    Undefined global functions or variables:
     runif
    Consider adding
     importFrom("stats", "runif")
    to your NAMESPACE file.
Flavors: r-devel-linux-x86_64-debian-clang, r-devel-linux-x86_64-debian-gcc, r-devel-linux-x86_64-fedora-clang, r-devel-linux-x86_64-fedora-gcc, r-devel-windows-x86_64-new-UL, r-devel-windows-x86_64-new-TK, r-patched-linux-x86_64, r-release-linux-x86_64, r-release-macos-arm64, r-release-macos-x86_64, r-release-windows-ix86+x86_64, r-oldrel-macos-x86_64, r-oldrel-windows-ix86+x86_64