CRAN Package Check Results for Package CORElearn

Last updated on 2015-08-04 03:47:58.

Flavor Version Tinstall Tcheck Ttotal Status Flags
r-devel-linux-x86_64-debian-clang 0.9.46 19.72 22.48 42.21 NOTE
r-devel-linux-x86_64-debian-gcc 0.9.46 25.16 22.00 47.16 NOTE
r-devel-linux-x86_64-fedora-clang 0.9.46 82.84 NOTE
r-devel-linux-x86_64-fedora-gcc 0.9.46 84.73 NOTE
r-devel-osx-x86_64-clang 0.9.46 67.06 OK
r-devel-windows-ix86+x86_64 0.9.46 164.00 56.00 220.00 NOTE
r-patched-linux-x86_64 0.9.46 24.74 22.42 47.15 OK
r-patched-solaris-sparc 0.9.46 486.70 OK
r-patched-solaris-x86 0.9.46 117.70 OK
r-release-linux-x86_64 0.9.46 24.50 23.86 48.37 OK
r-release-osx-x86_64-mavericks 0.9.46 OK
r-release-windows-ix86+x86_64 0.9.46 151.00 58.00 209.00 OK
r-oldrel-windows-ix86+x86_64 0.9.46 163.00 83.00 246.00 OK

Check Details

Version: 0.9.46
Check: R code for possible problems
Result: NOTE
    attrNormBarObject: no visible global function definition for ‘gray’
    attrNormBarObject: no visible global function definition for ‘plot’
    attrNormBarObject: no visible global function definition for ‘title’
    attrNormBarObject: no visible global function definition for ‘axis’
    attrNormBarObject: no visible global function definition for ‘rect’
    avNormBarObject: no visible global function definition for ‘gray’
    avNormBarObject: no visible global function definition for ‘plot’
    avNormBarObject: no visible global function definition for ‘title’
    avNormBarObject: no visible global function definition for ‘axis’
    avNormBarObject: no visible global function definition for ‘mtext’
    avNormBarObject: no visible global function definition for ‘rect’
    avNormBarObject: no visible global function definition for ‘par’
    avSlopeObject: no visible global function definition for ‘gray’
    avSlopeObject: no visible global function definition for ‘par’
    avSlopeObject: no visible global function definition for ‘plot’
    avSlopeObject: no visible global function definition for ‘title’
    avSlopeObject: no visible global function definition for ‘text’
    avSlopeObject: no visible global function definition for ‘lines’
    avSlopeObject: no visible global function definition for ‘axis’
    avSlopeObject: no visible global function definition for ‘polygon’
    avSlopeObject: no visible global function definition for ‘arrows’
    boxwhiskers: no visible global function definition for ‘rect’
    boxwhiskers: no visible global function definition for ‘segments’
    oeInst: no visible global function definition for ‘gray’
    oeInst: no visible global function definition for ‘plot’
    oeInst: no visible global function definition for ‘par’
    oeInst: no visible global function definition for ‘mtext’
    oeInst: no visible global function definition for ‘lines’
    oeInst: no visible global function definition for ‘title’
    oeInst: no visible global function definition for ‘axis’
    oeInst: no visible global function definition for ‘rect’
    plot.CoreModel: no visible global function definition for ‘plot’
    plot.CoreModel: no visible global function definition for ‘text’
    plotInstEval: no visible global function definition for ‘read.table’
    plotOrdEval: no visible global function definition for ‘read.table’
    plotOrdEval: no visible global function definition for ‘plot’
    plotRFMulti: no visible global function definition for ‘plot’
    plotRFMulti: no visible global function definition for ‘axis’
    plotRFMulti: no visible global function definition for ‘points’
    plotRFMulti: no visible global function definition for ‘lines’
    plotRFMulti: no visible global function definition for ‘legend’
    plotRFNorm: no visible global function definition for ‘plot’
    plotRFNorm: no visible global function definition for ‘axis’
    plotRFNorm: no visible global function definition for ‘points’
    plotRFNorm: no visible global function definition for ‘lines’
    plotRFNorm: no visible global function definition for ‘legend’
    plotRFStats: no visible global function definition for ‘plot’
    plotRFStats: no visible global function definition for ‘axis’
    plotRFStats: no visible global function definition for ‘points’
    plotRFStats: no visible global function definition for ‘lines’
    plotRFStats: no visible global function definition for ‘legend’
    preparePlot: no visible global function definition for ‘pdf’
    preparePlot: no visible global function definition for ‘postscript’
    preparePlot: no visible global function definition for ‘jpeg’
    preparePlot: no visible global function definition for ‘tiff’
    preparePlot: no visible global function definition for ‘bmp’
    preparePlot: no visible global function definition for ‘png’
    preparePlot: no visible global function definition for ‘bitmap’
    preparePlot: no visible global function definition for ‘dev.cur’
    preparePlot: no visible global function definition for ‘dev.new’
    Undefined global functions or variables:
     arrows axis bitmap bmp dev.cur dev.new gray jpeg legend lines mtext
     par pdf plot png points polygon postscript read.table rect segments
     text tiff title
    Consider adding
     importFrom("grDevices", "bitmap", "bmp", "dev.cur", "dev.new", "gray",
     "jpeg", "pdf", "png", "postscript", "tiff")
     importFrom("graphics", "arrows", "axis", "legend", "lines", "mtext",
     "par", "plot", "points", "polygon", "rect", "segments",
     "text", "title")
     importFrom("utils", "read.table")
    to your NAMESPACE.
Flavors: r-devel-linux-x86_64-debian-clang, r-devel-linux-x86_64-debian-gcc, r-devel-linux-x86_64-fedora-clang, r-devel-linux-x86_64-fedora-gcc, r-devel-windows-ix86+x86_64