CRAN Package Check Results for Package CORElearn

Last updated on 2015-07-03 23:47:28.

Flavor Version Tinstall Tcheck Ttotal Status Flags
r-devel-linux-x86_64-debian-clang 0.9.46 19.46 22.31 41.77 NOTE
r-devel-linux-x86_64-debian-gcc 0.9.46 25.20 23.13 48.33 NOTE
r-devel-linux-x86_64-fedora-clang 0.9.46 82.20 NOTE
r-devel-linux-x86_64-fedora-gcc 0.9.46 86.03 NOTE
r-devel-osx-x86_64-clang 0.9.46 70.10 OK
r-devel-windows-ix86+x86_64 0.9.46 170.00 54.00 224.00 NOTE
r-patched-linux-x86_64 0.9.46 24.31 22.42 46.73 OK
r-patched-solaris-sparc 0.9.46 466.10 OK
r-patched-solaris-x86 0.9.46 118.40 OK
r-release-linux-x86_64 0.9.46 24.42 22.70 47.12 OK
r-release-osx-x86_64-mavericks 0.9.46 OK
r-release-windows-ix86+x86_64 0.9.46 139.00 52.00 191.00 OK
r-oldrel-windows-ix86+x86_64 0.9.46 107.00 64.00 171.00 OK

Check Details

Version: 0.9.46
Check: R code for possible problems
Result: NOTE
    attrNormBarObject: no visible global function definition for ‘gray’
    attrNormBarObject: no visible global function definition for ‘plot’
    attrNormBarObject: no visible global function definition for ‘title’
    attrNormBarObject: no visible global function definition for ‘axis’
    attrNormBarObject: no visible global function definition for ‘rect’
    avNormBarObject: no visible global function definition for ‘gray’
    avNormBarObject: no visible global function definition for ‘plot’
    avNormBarObject: no visible global function definition for ‘title’
    avNormBarObject: no visible global function definition for ‘axis’
    avNormBarObject: no visible global function definition for ‘mtext’
    avNormBarObject: no visible global function definition for ‘rect’
    avNormBarObject: no visible global function definition for ‘par’
    avSlopeObject: no visible global function definition for ‘gray’
    avSlopeObject: no visible global function definition for ‘par’
    avSlopeObject: no visible global function definition for ‘plot’
    avSlopeObject: no visible global function definition for ‘title’
    avSlopeObject: no visible global function definition for ‘text’
    avSlopeObject: no visible global function definition for ‘lines’
    avSlopeObject: no visible global function definition for ‘axis’
    avSlopeObject: no visible global function definition for ‘polygon’
    avSlopeObject: no visible global function definition for ‘arrows’
    boxwhiskers: no visible global function definition for ‘rect’
    boxwhiskers: no visible global function definition for ‘segments’
    oeInst: no visible global function definition for ‘gray’
    oeInst: no visible global function definition for ‘plot’
    oeInst: no visible global function definition for ‘par’
    oeInst: no visible global function definition for ‘mtext’
    oeInst: no visible global function definition for ‘lines’
    oeInst: no visible global function definition for ‘title’
    oeInst: no visible global function definition for ‘axis’
    oeInst: no visible global function definition for ‘rect’
    plot.CoreModel: no visible global function definition for ‘plot’
    plot.CoreModel: no visible global function definition for ‘text’
    plotInstEval: no visible global function definition for ‘read.table’
    plotOrdEval: no visible global function definition for ‘read.table’
    plotOrdEval: no visible global function definition for ‘plot’
    plotRFMulti: no visible global function definition for ‘plot’
    plotRFMulti: no visible global function definition for ‘axis’
    plotRFMulti: no visible global function definition for ‘points’
    plotRFMulti: no visible global function definition for ‘lines’
    plotRFMulti: no visible global function definition for ‘legend’
    plotRFNorm: no visible global function definition for ‘plot’
    plotRFNorm: no visible global function definition for ‘axis’
    plotRFNorm: no visible global function definition for ‘points’
    plotRFNorm: no visible global function definition for ‘lines’
    plotRFNorm: no visible global function definition for ‘legend’
    plotRFStats: no visible global function definition for ‘plot’
    plotRFStats: no visible global function definition for ‘axis’
    plotRFStats: no visible global function definition for ‘points’
    plotRFStats: no visible global function definition for ‘lines’
    plotRFStats: no visible global function definition for ‘legend’
    preparePlot: no visible global function definition for ‘pdf’
    preparePlot: no visible global function definition for ‘postscript’
    preparePlot: no visible global function definition for ‘jpeg’
    preparePlot: no visible global function definition for ‘tiff’
    preparePlot: no visible global function definition for ‘bmp’
    preparePlot: no visible global function definition for ‘png’
    preparePlot: no visible global function definition for ‘bitmap’
    preparePlot: no visible global function definition for ‘dev.cur’
    preparePlot: no visible global function definition for ‘dev.new’
    Undefined global functions or variables:
     arrows axis bitmap bmp dev.cur dev.new gray jpeg legend lines mtext
     par pdf plot png points polygon postscript read.table rect segments
     text tiff title
Flavors: r-devel-linux-x86_64-debian-clang, r-devel-linux-x86_64-debian-gcc, r-devel-linux-x86_64-fedora-clang, r-devel-linux-x86_64-fedora-gcc, r-devel-windows-ix86+x86_64