CRAN Package Check Results for Package CORElearn

Last updated on 2016-12-03 03:47:09.

Flavor Version Tinstall Tcheck Ttotal Status Flags
r-devel-linux-x86_64-debian-clang 1.48.0 30.23 28.23 58.46 OK
r-devel-linux-x86_64-debian-gcc 1.48.0 27.43 2544.50 2571.93 FAIL
r-devel-linux-x86_64-fedora-clang 1.48.0 106.54 OK
r-devel-linux-x86_64-fedora-gcc 1.48.0 98.57 OK
r-devel-macos-x86_64-clang 1.48.0 80.60 OK
r-devel-windows-ix86+x86_64 1.48.0 82.00 59.00 141.00 OK
r-patched-linux-x86_64 1.48.0 24.55 24.03 48.58 OK
r-patched-solaris-sparc 1.48.0 450.20 OK
r-patched-solaris-x86 1.48.0 114.50 OK
r-release-linux-x86_64 1.48.0 24.72 24.11 48.83 OK
r-release-osx-x86_64-mavericks 1.48.0 OK
r-release-windows-ix86+x86_64 1.48.0 189.00 75.00 264.00 OK
r-oldrel-windows-ix86+x86_64 1.48.0 207.00 84.00 291.00 OK

Memtest notes: valgrind

Check Details

Version: 1.48.0
Check: package dependencies
Result: FAIL
    
Flavor: r-devel-linux-x86_64-debian-gcc