CRAN Package Check Results for Package CORElearn

Last updated on 2017-02-24 10:47:25.

Flavor Version Tinstall Tcheck Ttotal Status Flags
r-devel-linux-x86_64-debian-clang 1.48.0 29.94 27.96 57.90 NOTE
r-devel-linux-x86_64-debian-gcc 1.48.0 27.86 26.71 54.57 NOTE
r-devel-linux-x86_64-fedora-clang 1.48.0 104.41 NOTE --no-stop-on-test-error
r-devel-linux-x86_64-fedora-gcc 1.48.0 110.67 NOTE --no-stop-on-test-error
r-devel-macos-x86_64-clang 1.48.0 80.17 NOTE --no-stop-on-test-error
r-devel-windows-ix86+x86_64 1.48.0 216.00 91.00 307.00 OK
r-patched-linux-x86_64 1.48.0 24.49 23.61 48.10 OK
r-patched-solaris-sparc 1.48.0 480.00 OK
r-patched-solaris-x86 1.48.0 117.50 OK
r-release-linux-x86_64 1.48.0 24.76 38.63 63.40 OK
r-release-osx-x86_64-mavericks 1.48.0 OK
r-release-windows-ix86+x86_64 1.48.0 214.00 84.00 298.00 OK
r-oldrel-windows-ix86+x86_64 1.48.0 195.00 83.00 278.00 OK

Memtest notes: valgrind

Check Details

Version: 1.48.0
Check: compiled code
Result: NOTE
    File ‘CORElearn/libs/CORElearn.so’:
     Found no calls to: ‘R_registerRoutines’, ‘R_useDynamicSymbols’
    
    It is good practice to register native routines and to disable symbol
    search.
    
    See ‘Writing portable packages’ in the ‘Writing R Extensions’ manual.
Flavors: r-devel-linux-x86_64-debian-clang, r-devel-linux-x86_64-debian-gcc

Version: 1.48.0
Flags: --no-stop-on-test-error
Check: compiled code
Result: NOTE
    File ‘CORElearn/libs/CORElearn.so’:
     Found no calls to: ‘R_registerRoutines’, ‘R_useDynamicSymbols’
    
    It is good practice to register native routines and to disable symbol
    search.
    
    See ‘Writing portable packages’ in the ‘Writing R Extensions’ manual.
Flavors: r-devel-linux-x86_64-fedora-clang, r-devel-linux-x86_64-fedora-gcc, r-devel-macos-x86_64-clang