CRAN Package Check Results for Package CORElearn

Last updated on 2014-07-24 11:53:20.

Flavor Version Tinstall Tcheck Ttotal Status Flags
r-devel-linux-x86_64-debian-clang 0.9.43 15.66 23.22 38.88 OK
r-devel-linux-x86_64-debian-gcc 0.9.43 23.76 23.11 46.88 OK
r-devel-linux-x86_64-fedora-clang 0.9.43 76.64 OK
r-devel-linux-x86_64-fedora-gcc 0.9.43 86.61 OK
r-devel-osx-x86_64-clang 0.9.43 67.64 OK
r-devel-windows-ix86+x86_64 0.9.43 106.00 50.00 156.00 OK
r-patched-linux-x86_64 0.9.43 24.08 22.79 46.88 OK
r-patched-solaris-sparc 0.9.43 393.50 OK
r-patched-solaris-x86 0.9.43 130.20 ERROR
r-release-linux-ix86 0.9.43 32.62 31.73 64.35 OK
r-release-linux-x86_64 0.9.43 23.77 23.05 46.82 OK
r-release-osx-x86_64-mavericks 0.9.43 OK
r-release-osx-x86_64-snowleopard 0.9.43 OK
r-release-windows-ix86+x86_64 0.9.43 111.00 50.00 161.00 OK
r-oldrel-windows-ix86+x86_64 0.9.43 109.00 51.00 160.00 OK

Memtest notes: UBSAN valgrind

Check Details

Version: 0.9.43
Check: examples
Result: ERROR
    Running examples in ‘CORElearn-Ex.R’ failed
    The error most likely occurred in:
    
    > ### Name: testCore
    > ### Title: Verification of the CORElearn installation
    > ### Aliases: testCore testCoreClass testCoreAttrEval testCoreReg
    > ### testCoreOrdEval testCoreNA testCoreRPORT testCoreRand allTests
    > ### Keywords: classif
    >
    > ### ** Examples
    >
    > allTests() # run all tests and generate an error, if any of the tests fails
    testCoreClass() : OK
    Comparison FAILED for testCoreAttrEval/estReliefF/stored
    stored
     [1] 0.074131090 0.085205400 0.050185750 0.026567790 0.065219700
     [6] 0.030826570 -0.008773201 0.100277400 0.082634870 -0.004818440
    difference
     a1 a2 a3 a4 a5 a6 a7 x1
    2.271002 1.679700 2.541132 1.474514 1.449294 2.834697 2.525920 9.554145
     x2 x3
    8.444995 8.808747
    estReliefF0
     a1 a2 a3 a4 a5 a6 a7 x1
    2.345133 1.764905 2.591318 1.501082 1.514514 2.865524 2.517147 9.654422
     x2 x3
    8.527630 8.803928
    comparison FAILED
    testCoreAttrEval() : FAIL
    testCoreReg() : OK
    testCoreOrdEval() : OK
    testCoreNA() : OK
    testCoreRPORT() : OK
    testCoreRand() : OK
    Error in outputResult("allTests", result, "", continue = FALSE) :
     Test FAILED: allTests
    Calls: allTests -> outputResult
    Execution halted
Flavor: r-patched-solaris-x86