CRAN Package Check Results for Package CORElearn

Last updated on 2019-12-14 18:46:27 CET.

Flavor Version Tinstall Tcheck Ttotal Status Flags
r-devel-linux-x86_64-debian-clang 1.53.1 59.46 45.76 105.22 WARN
r-devel-linux-x86_64-debian-gcc 1.53.1 37.00 34.96 71.96 WARN
r-devel-linux-x86_64-fedora-clang 1.53.1 138.39 NOTE
r-devel-linux-x86_64-fedora-gcc 1.53.1 120.00 WARN
r-devel-windows-ix86+x86_64 1.53.1 131.00 84.00 215.00 OK
r-devel-windows-ix86+x86_64-gcc8 1.53.1 125.00 115.00 240.00 OK
r-patched-linux-x86_64 1.53.1 43.32 41.63 84.95 OK
r-patched-solaris-x86 1.53.1 178.70 OK
r-release-linux-x86_64 1.53.1 41.26 42.74 84.00 OK
r-release-windows-ix86+x86_64 1.53.1 167.00 82.00 249.00 OK
r-release-osx-x86_64 1.53.1 OK
r-oldrel-windows-ix86+x86_64 1.53.1 104.00 85.00 189.00 OK
r-oldrel-osx-x86_64 1.53.1 OK

Check Details

Version: 1.53.1
Check: whether package can be installed
Result: WARN
    Found the following significant warnings:
     dataStore.cpp:271:8: warning: ignoring return value of function declared with 'warn_unused_result' attribute [-Wunused-result]
     dataStore.cpp:292:12: warning: ignoring return value of function declared with 'warn_unused_result' attribute [-Wunused-result]
     dataStore.cpp:298:10: warning: ignoring return value of function declared with 'warn_unused_result' attribute [-Wunused-result]
     dataStore.cpp:353:16: warning: ignoring return value of function declared with 'warn_unused_result' attribute [-Wunused-result]
     dataStore.cpp:363:14: warning: ignoring return value of function declared with 'warn_unused_result' attribute [-Wunused-result]
     dataStore.cpp:372:16: warning: ignoring return value of function declared with 'warn_unused_result' attribute [-Wunused-result]
     dataStore.cpp:451:6: warning: ignoring return value of function declared with 'warn_unused_result' attribute [-Wunused-result]
     dataStore.cpp:470:9: warning: ignoring return value of function declared with 'warn_unused_result' attribute [-Wunused-result]
     dataStore.cpp:818:5: warning: ignoring return value of function declared with 'warn_unused_result' attribute [-Wunused-result]
     dataStore.cpp:911:9: warning: ignoring return value of function declared with 'warn_unused_result' attribute [-Wunused-result]
     rndforest.cpp:1326:2: warning: ignoring return value of function declared with 'warn_unused_result' attribute [-Wunused-result]
     rndforest.cpp:1333:5: warning: ignoring return value of function declared with 'warn_unused_result' attribute [-Wunused-result]
     rndforest.cpp:1337:5: warning: ignoring return value of function declared with 'warn_unused_result' attribute [-Wunused-result]
     rndforest.cpp:1338:5: warning: ignoring return value of function declared with 'warn_unused_result' attribute [-Wunused-result]
     rndforest.cpp:1356:9: warning: ignoring return value of function declared with 'warn_unused_result' attribute [-Wunused-result]
     rndforest.cpp:1358:2: warning: ignoring return value of function declared with 'warn_unused_result' attribute [-Wunused-result]
     rndforest.cpp:1372:4: warning: ignoring return value of function declared with 'warn_unused_result' attribute [-Wunused-result]
     rndforest.cpp:1378:4: warning: ignoring return value of function declared with 'warn_unused_result' attribute [-Wunused-result]
     rndforest.cpp:1389:4: warning: ignoring return value of function declared with 'warn_unused_result' attribute [-Wunused-result]
     rndforest.cpp:1398:6: warning: ignoring return value of function declared with 'warn_unused_result' attribute [-Wunused-result]
     rndforest.cpp:1402:6: warning: ignoring return value of function declared with 'warn_unused_result' attribute [-Wunused-result]
     rndforest.cpp:1411:4: warning: ignoring return value of function declared with 'warn_unused_result' attribute [-Wunused-result]
     rndforest.cpp:1417:5: warning: ignoring return value of function declared with 'warn_unused_result' attribute [-Wunused-result]
     rndforest.cpp:1423:5: warning: ignoring return value of function declared with 'warn_unused_result' attribute [-Wunused-result]
     rndforest.cpp:1428:5: warning: ignoring return value of function declared with 'warn_unused_result' attribute [-Wunused-result]
     rndforest.cpp:1444:6: warning: ignoring return value of function declared with 'warn_unused_result' attribute [-Wunused-result]
     rndforest.cpp:1446:6: warning: ignoring return value of function declared with 'warn_unused_result' attribute [-Wunused-result]
     rndforest.cpp:1448:6: warning: ignoring return value of function declared with 'warn_unused_result' attribute [-Wunused-result]
     rndforest.cpp:1453:5: warning: ignoring return value of function declared with 'warn_unused_result' attribute [-Wunused-result]
     rndforest.cpp:1470:5: warning: ignoring return value of function declared with 'warn_unused_result' attribute [-Wunused-result]
     rndforest.cpp:1472:5: warning: ignoring return value of function declared with 'warn_unused_result' attribute [-Wunused-result]
     rndforest.cpp:1474:6: warning: ignoring return value of function declared with 'warn_unused_result' attribute [-Wunused-result]
     utils.cpp:464:7: warning: ignoring return value of function declared with 'warn_unused_result' attribute [-Wunused-result]
Flavor: r-devel-linux-x86_64-debian-clang

Version: 1.53.1
Check: for non-standard things in the check directory
Result: NOTE
    Found the following files/directories:
     'myGraph001.ps' 'parameters.par' 'profiles.oe' 'profiles.oer'
     'tempRF.txt' 'tempRF.txt.Rda'
Flavors: r-devel-linux-x86_64-debian-clang, r-devel-linux-x86_64-debian-gcc, r-devel-linux-x86_64-fedora-clang, r-devel-linux-x86_64-fedora-gcc

Version: 1.53.1
Check: whether package can be installed
Result: WARN
    Found the following significant warnings:
     dataStore.cpp:271:13: warning: ignoring return value of ‘char* fgets(char*, int, FILE*)’, declared with attribute warn_unused_result [-Wunused-result]
     dataStore.cpp:292:17: warning: ignoring return value of ‘char* fgets(char*, int, FILE*)’, declared with attribute warn_unused_result [-Wunused-result]
     dataStore.cpp:298:15: warning: ignoring return value of ‘char* fgets(char*, int, FILE*)’, declared with attribute warn_unused_result [-Wunused-result]
     dataStore.cpp:353:21: warning: ignoring return value of ‘char* fgets(char*, int, FILE*)’, declared with attribute warn_unused_result [-Wunused-result]
     dataStore.cpp:363:19: warning: ignoring return value of ‘char* fgets(char*, int, FILE*)’, declared with attribute warn_unused_result [-Wunused-result]
     dataStore.cpp:372:21: warning: ignoring return value of ‘char* fgets(char*, int, FILE*)’, declared with attribute warn_unused_result [-Wunused-result]
     dataStore.cpp:451:11: warning: ignoring return value of ‘char* fgets(char*, int, FILE*)’, declared with attribute warn_unused_result [-Wunused-result]
     dataStore.cpp:470:14: warning: ignoring return value of ‘char* fgets(char*, int, FILE*)’, declared with attribute warn_unused_result [-Wunused-result]
     dataStore.cpp:818:11: warning: ignoring return value of ‘int fscanf(FILE*, const char*, ...)’, declared with attribute warn_unused_result [-Wunused-result]
     dataStore.cpp:911:14: warning: ignoring return value of ‘char* fgets(char*, int, FILE*)’, declared with attribute warn_unused_result [-Wunused-result]
     rndforest.cpp:1326:8: warning: ignoring return value of ‘int fscanf(FILE*, const char*, ...)’, declared with attribute warn_unused_result [-Wunused-result]
     rndforest.cpp:1333:11: warning: ignoring return value of ‘int fscanf(FILE*, const char*, ...)’, declared with attribute warn_unused_result [-Wunused-result]
     rndforest.cpp:1337:11: warning: ignoring return value of ‘int fscanf(FILE*, const char*, ...)’, declared with attribute warn_unused_result [-Wunused-result]
     rndforest.cpp:1338:11: warning: ignoring return value of ‘int fscanf(FILE*, const char*, ...)’, declared with attribute warn_unused_result [-Wunused-result]
     rndforest.cpp:1356:15: warning: ignoring return value of ‘int fscanf(FILE*, const char*, ...)’, declared with attribute warn_unused_result [-Wunused-result]
     rndforest.cpp:1358:8: warning: ignoring return value of ‘int fscanf(FILE*, const char*, ...)’, declared with attribute warn_unused_result [-Wunused-result]
     rndforest.cpp:1372:10: warning: ignoring return value of ‘int fscanf(FILE*, const char*, ...)’, declared with attribute warn_unused_result [-Wunused-result]
     rndforest.cpp:1378:10: warning: ignoring return value of ‘int fscanf(FILE*, const char*, ...)’, declared with attribute warn_unused_result [-Wunused-result]
     rndforest.cpp:1389:10: warning: ignoring return value of ‘int fscanf(FILE*, const char*, ...)’, declared with attribute warn_unused_result [-Wunused-result]
     rndforest.cpp:1398:12: warning: ignoring return value of ‘int fscanf(FILE*, const char*, ...)’, declared with attribute warn_unused_result [-Wunused-result]
     rndforest.cpp:1402:12: warning: ignoring return value of ‘int fscanf(FILE*, const char*, ...)’, declared with attribute warn_unused_result [-Wunused-result]
     rndforest.cpp:1411:10: warning: ignoring return value of ‘int fscanf(FILE*, const char*, ...)’, declared with attribute warn_unused_result [-Wunused-result]
     rndforest.cpp:1417:11: warning: ignoring return value of ‘int fscanf(FILE*, const char*, ...)’, declared with attribute warn_unused_result [-Wunused-result]
     rndforest.cpp:1423:11: warning: ignoring return value of ‘int fscanf(FILE*, const char*, ...)’, declared with attribute warn_unused_result [-Wunused-result]
     rndforest.cpp:1428:11: warning: ignoring return value of ‘int fscanf(FILE*, const char*, ...)’, declared with attribute warn_unused_result [-Wunused-result]
     rndforest.cpp:1444:12: warning: ignoring return value of ‘int fscanf(FILE*, const char*, ...)’, declared with attribute warn_unused_result [-Wunused-result]
     rndforest.cpp:1446:12: warning: ignoring return value of ‘int fscanf(FILE*, const char*, ...)’, declared with attribute warn_unused_result [-Wunused-result]
     rndforest.cpp:1448:12: warning: ignoring return value of ‘int fscanf(FILE*, const char*, ...)’, declared with attribute warn_unused_result [-Wunused-result]
     rndforest.cpp:1453:11: warning: ignoring return value of ‘int fscanf(FILE*, const char*, ...)’, declared with attribute warn_unused_result [-Wunused-result]
     rndforest.cpp:1470:11: warning: ignoring return value of ‘int fscanf(FILE*, const char*, ...)’, declared with attribute warn_unused_result [-Wunused-result]
     rndforest.cpp:1472:11: warning: ignoring return value of ‘int fscanf(FILE*, const char*, ...)’, declared with attribute warn_unused_result [-Wunused-result]
     rndforest.cpp:1474:12: warning: ignoring return value of ‘int fscanf(FILE*, const char*, ...)’, declared with attribute warn_unused_result [-Wunused-result]
     utils.cpp:464:12: warning: ignoring return value of ‘char* fgets(char*, int, FILE*)’, declared with attribute warn_unused_result [-Wunused-result]
Flavors: r-devel-linux-x86_64-debian-gcc, r-devel-linux-x86_64-fedora-gcc

Version: 1.53.1
Check: installed package size
Result: NOTE
     installed size is 5.1Mb
     sub-directories of 1Mb or more:
     libs 4.6Mb
Flavor: r-devel-linux-x86_64-fedora-clang