CRAN Package Check Results for Package CORElearn

Last updated on 2014-04-24 11:48:43.

Flavor Version Tinstall Tcheck Ttotal Status Flags
r-devel-linux-x86_64-debian-clang 0.9.42 15.97 132.04 148.01 NOTE
r-devel-linux-x86_64-debian-gcc 0.9.42 22.94 27.45 50.40 NOTE
r-devel-linux-x86_64-fedora-clang 0.9.42 83.60 NOTE
r-devel-linux-x86_64-fedora-gcc 0.9.42 95.77 NOTE
r-devel-osx-x86_64-clang 0.9.42 72.09 NOTE
r-devel-osx-x86_64-gcc 0.9.42 NOTE
r-devel-windows-ix86+x86_64 0.9.42 97.00 50.00 147.00 NOTE
r-patched-linux-x86_64 0.9.42 23.04 27.88 50.92 NOTE
r-patched-solaris-sparc 0.9.42 431.70 NOTE
r-patched-solaris-x86 0.9.42 181.00 ERROR
r-release-linux-ix86 0.9.42 38.00 49.00 87.00 NOTE
r-release-linux-x86_64 0.9.42 22.95 28.07 51.02 NOTE
r-release-osx-x86_64-mavericks 0.9.42 WARN
r-release-windows-ix86+x86_64 0.9.42 95.00 54.00 149.00 NOTE
r-oldrel-windows-ix86+x86_64 0.9.42 95.00 54.00 149.00 NOTE

Memtest notes: UBSAN valgrind

Check Details

Version: 0.9.42
Check: dependencies in R code
Result: NOTE
    Packages in Depends field not imported from:
     ‘cluster’ ‘rpart’
     These packages need to be imported from (in the NAMESPACE file)
     for when this namespace is loaded but not attached.
    See the information on DESCRIPTION files in the chapter ‘Creating R
    packages’ of the ‘Writing R Extensions’ manual.
Flavors: r-devel-linux-x86_64-debian-clang, r-devel-linux-x86_64-debian-gcc, r-devel-linux-x86_64-fedora-clang, r-devel-linux-x86_64-fedora-gcc, r-devel-osx-x86_64-clang, r-devel-osx-x86_64-gcc, r-devel-windows-ix86+x86_64, r-patched-linux-x86_64, r-patched-solaris-sparc, r-patched-solaris-x86, r-release-linux-ix86, r-release-linux-x86_64, r-release-osx-x86_64-mavericks, r-release-windows-ix86+x86_64, r-oldrel-windows-ix86+x86_64

Version: 0.9.42
Check: R code for possible problems
Result: NOTE
    Found an obsolete/platform-specific call in the following function:
     ‘preparePlot’
    Found the platform-specific device:
     ‘win.metafile’
    dev.new() is the preferred way to open a new device, in the unlikely
    event one is needed.
Flavors: r-devel-linux-x86_64-debian-clang, r-devel-linux-x86_64-debian-gcc, r-devel-linux-x86_64-fedora-clang, r-devel-linux-x86_64-fedora-gcc, r-devel-osx-x86_64-clang, r-patched-linux-x86_64, r-patched-solaris-sparc, r-patched-solaris-x86, r-release-linux-ix86, r-release-linux-x86_64

Version: 0.9.42
Check: examples
Result: ERROR
    Running examples in ‘CORElearn-Ex.R’ failed
    The error most likely occurred in:
    
    > ### Name: testCore
    > ### Title: Verification of the CORElearn installation
    > ### Aliases: testCore testCoreClass testCoreAttrEval testCoreReg
    > ### testCoreOrdEval testCoreNA testCoreRPORT testCoreRand allTests
    > ### Keywords: classif
    >
    > ### ** Examples
    >
    > allTests() # run all tests and generate an error, if any of the tests fails
    testCoreClass() : OK
    Comparison FAILED for testCoreAttrEval/estReliefF/stored
    stored
     [1] 0.050083407 0.078033329 0.042187049 0.034625011 0.064074820 0.057376281
     [7] 0.007454174 0.136318607 0.109862236 0.001486706
    difference
     a1 a2 a3 a4 a5 a6 a7 x1
    0.9234190 0.6367801 1.1143060 0.5243875 0.5067363 1.1875505 1.0285246 6.8354747
     x2 x3
    5.1633356 5.5949786
    estReliefF0
     a1 a2 a3 a4 a5 a6 a7 x1
    0.9735024 0.7148134 1.1564931 0.5590125 0.5708111 1.2449267 1.0359788 6.9717933
     x2 x3
    5.2731978 5.5964653
    comparison FAILED
    testCoreAttrEval() : FAIL
    testCoreReg() : OK
    testCoreOrdEval() : OK
    testCoreNA() : OK
    testCoreRPORT() : OK
    testCoreRand() : OK
    Error in outputResult("allTests", result, "", continue = FALSE) :
     Test FAILED: allTests
    Calls: allTests -> outputResult
    Execution halted
Flavor: r-patched-solaris-x86

Version: 0.9.42
Check: PDF version of manual
Result: WARNING
    LaTeX errors when creating PDF version.
    This typically indicates Rd problems.
    LaTeX errors found:
    ! LaTeX Error: File `upquote.sty' not found.
    
    Type X to quit or <RETURN> to proceed,
    or enter new name. (Default extension: sty)
    
    a3d42a2/Rd2.tex:8: ==> Fatal error occurred, no output PDF file produced!
Flavor: r-release-osx-x86_64-mavericks