CRAN Package Check Results for Package CORElearn

Last updated on 2017-03-28 17:48:52.

Flavor Version Tinstall Tcheck Ttotal Status Flags
r-devel-linux-x86_64-debian-clang 1.50.1 32.51 28.03 60.54 OK
r-devel-linux-x86_64-debian-gcc 1.48.0 27.42 26.81 54.23 NOTE
r-devel-linux-x86_64-fedora-clang 1.50.2 96.64 OK --no-stop-on-test-error
r-devel-linux-x86_64-fedora-gcc 1.50.2 77.59 OK --no-stop-on-test-error
r-devel-macos-x86_64-clang 1.50.1 22.68 ERROR --no-stop-on-test-error
r-devel-windows-ix86+x86_64 1.50.1 155.00 152.00 307.00 OK
r-patched-linux-x86_64 1.50.1 24.64 26.67 51.32 OK
r-patched-solaris-sparc 1.50.2 82.00 ERROR
r-patched-solaris-x86 1.50.2 23.10 ERROR
r-release-linux-x86_64 1.50.1 24.39 25.09 49.48 OK
r-release-osx-x86_64-mavericks 1.50.1 ERROR
r-release-windows-ix86+x86_64 1.50.1 127.00 83.00 210.00 OK
r-oldrel-windows-ix86+x86_64 1.50.1 99.00 70.00 169.00 OK

Check Details

Version: 1.48.0
Check: compiled code
Result: NOTE
    File ‘CORElearn/libs/CORElearn.so’:
     Found no calls to: ‘R_registerRoutines’, ‘R_useDynamicSymbols’
    
    It is good practice to register native routines and to disable symbol
    search.
    
    See ‘Writing portable packages’ in the ‘Writing R Extensions’ manual.
Flavor: r-devel-linux-x86_64-debian-gcc

Version: 1.50.1
Flags: --no-stop-on-test-error
Check: whether package can be installed
Result: ERROR
    Installation failed.
Flavor: r-devel-macos-x86_64-clang

Version: 1.50.2
Check: package dependencies
Result: NOTE
    Package suggested but not available for checking: ‘ExplainPrediction’
Flavors: r-patched-solaris-sparc, r-patched-solaris-x86

Version: 1.50.2
Check: whether package can be installed
Result: ERROR
    Installation failed.
Flavors: r-patched-solaris-sparc, r-patched-solaris-x86

Version: 1.50.1
Check: whether package can be installed
Result: ERROR
    Installation failed.
Flavor: r-release-osx-x86_64-mavericks