CRAN Package Check Results for Package CORElearn

Last updated on 2017-06-28 23:55:06.

Flavor Version Tinstall Tcheck Ttotal Status Flags
r-devel-linux-x86_64-debian-clang 1.50.3 32.25 27.10 59.36 OK
r-devel-linux-x86_64-debian-gcc 1.50.3 43.99 26.72 70.71 OK
r-devel-linux-x86_64-fedora-clang 1.50.3 111.11 OK
r-devel-linux-x86_64-fedora-gcc 1.50.3 98.66 OK
r-devel-windows-ix86+x86_64 1.50.3 116.00 102.00 218.00 OK
r-patched-linux-x86_64 1.50.3 30.98 26.97 57.94 OK
r-patched-solaris-sparc 1.50.3 485.90 NOTE
r-patched-solaris-x86 1.50.3 154.50 OK
r-release-linux-x86_64 1.50.3 27.71 26.98 54.68 OK
r-release-windows-ix86+x86_64 1.50.3 157.00 95.00 252.00 OK
r-release-osx-x86_64 1.50.3 OK
r-oldrel-windows-ix86+x86_64 1.50.3 149.00 85.00 234.00 OK
r-oldrel-osx-x86_64 1.50.3 OK

Check Details

Version: 1.50.3
Check: package dependencies
Result: NOTE
    Package suggested but not available for checking: ‘ExplainPrediction’
Flavor: r-patched-solaris-sparc