CRAN Package Check Results for Package CORElearn

Last updated on 2017-05-22 18:51:35.

Flavor Version Tinstall Tcheck Ttotal Status Flags
r-devel-linux-x86_64-debian-clang 1.50.3 32.21 27.90 60.11 OK
r-devel-linux-x86_64-debian-gcc 1.50.3 27.53 26.89 54.42 OK
r-devel-linux-x86_64-fedora-clang 1.50.3 113.72 OK --no-stop-on-test-error
r-devel-linux-x86_64-fedora-gcc 1.50.3 98.62 OK --no-stop-on-test-error
r-devel-windows-ix86+x86_64 1.50.3 178.00 88.00 266.00 OK
r-patched-linux-x86_64 1.50.3 24.78 27.34 52.12 OK
r-patched-solaris-sparc 1.50.3 485.90 NOTE
r-patched-solaris-x86 1.50.3 153.90 OK
r-release-linux-x86_64 1.50.3 24.62 26.60 51.22 OK
r-release-windows-ix86+x86_64 1.50.3 114.00 96.00 210.00 OK
r-release-osx-x86_64 1.50.3 OK
r-oldrel-windows-ix86+x86_64 1.50.3 153.00 80.00 233.00 OK
r-oldrel-osx-x86_64 1.50.3 OK

Check Details

Version: 1.50.3
Check: package dependencies
Result: NOTE
    Package suggested but not available for checking: ‘ExplainPrediction’
Flavor: r-patched-solaris-sparc