CRAN Package Check Results for Package CORElearn

Last updated on 2020-07-04 13:53:11 CEST.

Flavor Version Tinstall Tcheck Ttotal Status Flags
r-devel-linux-x86_64-debian-clang 1.54.2 63.54 48.04 111.58 OK
r-devel-linux-x86_64-debian-gcc 1.54.2 43.22 36.87 80.09 OK
r-devel-linux-x86_64-fedora-clang 1.54.2 154.13 NOTE
r-devel-linux-x86_64-fedora-gcc 1.54.2 125.13 NOTE
r-devel-windows-ix86+x86_64 1.54.2 155.00 106.00 261.00 OK
r-patched-linux-x86_64 1.54.2 48.31 48.22 96.53 OK
r-patched-solaris-x86 1.54.2 170.00 NOTE
r-release-linux-x86_64 1.54.2 43.60 48.19 91.79 OK
r-release-osx-x86_64 1.54.2 NOTE
r-release-windows-ix86+x86_64 1.54.2 126.00 83.00 209.00 OK
r-oldrel-osx-x86_64 1.54.2 NOTE
r-oldrel-windows-ix86+x86_64 1.54.2 126.00 130.00 256.00 OK

Check Details

Version: 1.54.2
Check: installed package size
Result: NOTE
     installed size is 5.3Mb
     sub-directories of 1Mb or more:
     libs 4.8Mb
Flavor: r-devel-linux-x86_64-fedora-clang

Version: 1.54.2
Check: dependencies in R code
Result: NOTE
    Namespace in Imports field not imported from: ‘rpart’
     All declared Imports should be used.
Flavors: r-devel-linux-x86_64-fedora-clang, r-devel-linux-x86_64-fedora-gcc, r-patched-solaris-x86, r-release-osx-x86_64, r-oldrel-osx-x86_64