CRAN Package Check Results for Package CORM

Last updated on 2017-07-24 10:46:38.

Flavor Version Tinstall Tcheck Ttotal Status Flags
r-devel-linux-x86_64-debian-clang 1.0.2 1.04 32.30 33.34 NOTE
r-devel-linux-x86_64-debian-gcc 1.0.2 1.05 31.72 32.78 NOTE
r-devel-linux-x86_64-fedora-clang 1.0.2 57.25 NOTE
r-devel-linux-x86_64-fedora-gcc 1.0.2 57.75 NOTE
r-devel-windows-ix86+x86_64 1.0.2 6.00 61.00 67.00 NOTE
r-patched-linux-x86_64 1.0.2 1.00 31.70 32.70 NOTE
r-patched-solaris-x86 1.0.2 66.80 NOTE
r-release-linux-x86_64 1.0.2 1.02 32.11 33.13 NOTE
r-release-windows-ix86+x86_64 1.0.2 4.00 63.00 67.00 NOTE
r-release-osx-x86_64 1.0.2 NOTE
r-oldrel-windows-ix86+x86_64 1.0.2 3.00 49.00 52.00 NOTE
r-oldrel-osx-x86_64 1.0.2 NOTE

Check Details

Version: 1.0.2
Check: R code for possible problems
Result: NOTE
    compute.llh: no visible global function definition for ‘dnorm’
    compute.u.hat.simple: no visible global function definition for ‘dnorm’
    fit.CLM.1u.simple.start: no visible global function definition for
     ‘kmeans’
    fit.CLMM.simple.start: no visible global function definition for
     ‘kmeans’
    fit.CLMM.simple.start.NA: no visible global function definition for
     ‘kmeans’
    Undefined global functions or variables:
     dnorm kmeans
    Consider adding
     importFrom("stats", "dnorm", "kmeans")
    to your NAMESPACE file.
Flavors: r-devel-linux-x86_64-debian-clang, r-devel-linux-x86_64-debian-gcc, r-devel-linux-x86_64-fedora-clang, r-devel-linux-x86_64-fedora-gcc, r-devel-windows-ix86+x86_64, r-patched-linux-x86_64, r-patched-solaris-x86, r-release-linux-x86_64, r-release-windows-ix86+x86_64, r-release-osx-x86_64, r-oldrel-windows-ix86+x86_64, r-oldrel-osx-x86_64