CRAN Package Check Results for Package CORM

Last updated on 2015-05-22 23:47:54.

Flavor Version Tinstall Tcheck Ttotal Status Flags
r-devel-linux-x86_64-debian-clang 1.0.2 1.18 25.29 26.47 OK
r-devel-linux-x86_64-debian-gcc 1.0.2 1.45 24.24 25.70 OK
r-devel-linux-x86_64-fedora-clang 1.0.2 51.47 OK
r-devel-linux-x86_64-fedora-gcc 1.0.2 48.76 OK
r-devel-osx-x86_64-clang 1.0.2 47.03 OK
r-devel-windows-ix86+x86_64 1.0.2 6.00 38.00 44.00 OK
r-patched-linux-x86_64 1.0.2 1.02 23.86 24.88 OK
r-patched-solaris-sparc 1.0.2 347.20 OK
r-patched-solaris-x86 1.0.2 65.30 OK
r-release-linux-x86_64 1.0.2 1.02 24.98 26.00 OK
r-release-osx-x86_64-mavericks 1.0.2 OK
r-release-osx-x86_64-snowleopard 1.0.2 ERROR
r-release-windows-ix86+x86_64 1.0.2 4.00 37.00 41.00 OK
r-oldrel-windows-ix86+x86_64 1.0.2 5.00 50.00 55.00 OK

Check Details

Version: 1.0.2
Check: package dependencies
Result: ERROR
    Package required but not available: ‘limma’
    
    See section ‘The DESCRIPTION file’ in the ‘Writing R Extensions’
    manual.
Flavor: r-release-osx-x86_64-snowleopard