CRAN Package Check Results for Package CORM

Last updated on 2016-08-30 00:47:23.

Flavor Version Tinstall Tcheck Ttotal Status Flags
r-devel-linux-x86_64-debian-clang 1.0.2 0.98 25.32 26.30 NOTE
r-devel-linux-x86_64-debian-gcc 1.0.2 1.15 24.54 25.70 NOTE
r-devel-linux-x86_64-fedora-clang 1.0.2 49.08 NOTE
r-devel-linux-x86_64-fedora-gcc 1.0.2 45.87 NOTE
r-devel-osx-x86_64-clang 1.0.2 38.48 NOTE
r-devel-windows-ix86+x86_64 1.0.2 7.00 49.00 56.00 NOTE
r-patched-linux-x86_64 1.0.2 0.96 24.60 25.56 NOTE
r-patched-solaris-sparc 1.0.2 315.30 NOTE
r-patched-solaris-x86 1.0.2 58.00 NOTE
r-release-linux-x86_64 1.0.2 1.03 24.47 25.50 NOTE
r-release-osx-x86_64-mavericks 1.0.2 NOTE
r-release-windows-ix86+x86_64 1.0.2 4.00 49.00 53.00 NOTE
r-oldrel-windows-ix86+x86_64 1.0.2 6.00 63.00 69.00 OK

Check Details

Version: 1.0.2
Check: R code for possible problems
Result: NOTE
    compute.llh: no visible global function definition for ‘dnorm’
    compute.u.hat.simple: no visible global function definition for ‘dnorm’
    fit.CLM.1u.simple.start: no visible global function definition for
     ‘kmeans’
    fit.CLMM.simple.start: no visible global function definition for
     ‘kmeans’
    fit.CLMM.simple.start.NA: no visible global function definition for
     ‘kmeans’
    Undefined global functions or variables:
     dnorm kmeans
    Consider adding
     importFrom("stats", "dnorm", "kmeans")
    to your NAMESPACE file.
Flavors: r-devel-linux-x86_64-debian-clang, r-devel-linux-x86_64-debian-gcc, r-devel-linux-x86_64-fedora-clang, r-devel-linux-x86_64-fedora-gcc, r-devel-osx-x86_64-clang, r-devel-windows-ix86+x86_64, r-patched-linux-x86_64, r-patched-solaris-sparc, r-patched-solaris-x86, r-release-linux-x86_64, r-release-osx-x86_64-mavericks, r-release-windows-ix86+x86_64