CRAN Package Check Results for Package CORM

Last updated on 2016-06-30 15:47:49.

Flavor Version Tinstall Tcheck Ttotal Status Flags
r-devel-linux-x86_64-debian-gcc 1.0.2 1.12 26.69 27.81 NOTE
r-devel-linux-x86_64-fedora-clang 1.0.2 46.36 NOTE
r-devel-linux-x86_64-fedora-gcc 1.0.2 43.96 NOTE
r-devel-osx-x86_64-clang 1.0.2 38.52 NOTE
r-devel-windows-ix86+x86_64 1.0.2 3.00 70.00 73.00 NOTE
r-patched-linux-x86_64 1.0.2 1.18 27.78 28.95 NOTE
r-patched-solaris-sparc 1.0.2 315.30 NOTE
r-patched-solaris-x86 1.0.2 59.50 NOTE
r-release-linux-x86_64 1.0.2 1.05 26.22 27.28 NOTE
r-release-osx-x86_64-mavericks 1.0.2 NOTE
r-release-windows-ix86+x86_64 1.0.2 4.00 59.00 63.00 NOTE
r-oldrel-windows-ix86+x86_64 1.0.2 5.00 59.00 64.00 OK

Check Details

Version: 1.0.2
Check: R code for possible problems
Result: NOTE
    compute.llh: no visible global function definition for ‘dnorm’
    compute.u.hat.simple: no visible global function definition for ‘dnorm’
    fit.CLM.1u.simple.start: no visible global function definition for
     ‘kmeans’
    fit.CLMM.simple.start: no visible global function definition for
     ‘kmeans’
    fit.CLMM.simple.start.NA: no visible global function definition for
     ‘kmeans’
    Undefined global functions or variables:
     dnorm kmeans
    Consider adding
     importFrom("stats", "dnorm", "kmeans")
    to your NAMESPACE file.
Flavors: r-devel-linux-x86_64-debian-gcc, r-devel-linux-x86_64-fedora-clang, r-devel-linux-x86_64-fedora-gcc, r-devel-osx-x86_64-clang, r-devel-windows-ix86+x86_64, r-patched-linux-x86_64, r-patched-solaris-sparc, r-patched-solaris-x86, r-release-linux-x86_64, r-release-osx-x86_64-mavericks, r-release-windows-ix86+x86_64