CRAN Package Check Results for Package CORM

Last updated on 2016-07-29 15:47:20.

Flavor Version Tinstall Tcheck Ttotal Status Flags
r-devel-linux-x86_64-debian-clang 1.0.2 1.01 25.40 26.41 NOTE
r-devel-linux-x86_64-debian-gcc 1.0.2 1.10 27.67 28.77 NOTE
r-devel-linux-x86_64-fedora-clang 1.0.2 55.18 NOTE
r-devel-linux-x86_64-fedora-gcc 1.0.2 43.31 NOTE
r-devel-osx-x86_64-clang 1.0.2 38.27 NOTE
r-devel-windows-ix86+x86_64 1.0.2 5.00 48.00 53.00 NOTE
r-patched-linux-x86_64 1.0.2 1.08 29.40 30.49 NOTE
r-patched-solaris-sparc 1.0.2 315.30 NOTE
r-patched-solaris-x86 1.0.2 58.00 NOTE
r-release-linux-x86_64 1.0.2 1.07 29.24 30.31 NOTE
r-release-osx-x86_64-mavericks 1.0.2 NOTE
r-release-windows-ix86+x86_64 1.0.2 5.00 66.00 71.00 NOTE
r-oldrel-windows-ix86+x86_64 1.0.2 5.00 65.00 70.00 OK

Check Details

Version: 1.0.2
Check: R code for possible problems
Result: NOTE
    compute.llh: no visible global function definition for ‘dnorm’
    compute.u.hat.simple: no visible global function definition for ‘dnorm’
    fit.CLM.1u.simple.start: no visible global function definition for
     ‘kmeans’
    fit.CLMM.simple.start: no visible global function definition for
     ‘kmeans’
    fit.CLMM.simple.start.NA: no visible global function definition for
     ‘kmeans’
    Undefined global functions or variables:
     dnorm kmeans
    Consider adding
     importFrom("stats", "dnorm", "kmeans")
    to your NAMESPACE file.
Flavors: r-devel-linux-x86_64-debian-clang, r-devel-linux-x86_64-debian-gcc, r-devel-linux-x86_64-fedora-clang, r-devel-linux-x86_64-fedora-gcc, r-devel-osx-x86_64-clang, r-devel-windows-ix86+x86_64, r-patched-linux-x86_64, r-patched-solaris-sparc, r-patched-solaris-x86, r-release-linux-x86_64, r-release-osx-x86_64-mavericks, r-release-windows-ix86+x86_64