CRAN Package Check Results for Package CORM

Last updated on 2016-02-11 06:50:37.

Flavor Version Tinstall Tcheck Ttotal Status Flags
r-devel-linux-x86_64-debian-gcc 1.0.2 0.95 22.62 23.57 NOTE
r-devel-linux-x86_64-fedora-clang 1.0.2 46.89 NOTE
r-devel-linux-x86_64-fedora-gcc 1.0.2 43.39 NOTE
r-devel-osx-x86_64-clang 1.0.2 50.85 NOTE
r-devel-windows-ix86+x86_64 1.0.2 5.00 56.00 61.00 NOTE
r-patched-linux-x86_64 1.0.2 1.16 24.59 25.75 OK
r-patched-solaris-sparc 1.0.2 320.80 OK
r-patched-solaris-x86 1.0.2 59.30 OK
r-release-linux-x86_64 1.0.2 1.08 24.50 25.58 OK
r-release-osx-x86_64-mavericks 1.0.2 OK
r-release-windows-ix86+x86_64 1.0.2 5.00 41.00 46.00 OK
r-oldrel-windows-ix86+x86_64 1.0.2 8.00 72.00 80.00 OK

Check Details

Version: 1.0.2
Check: R code for possible problems
Result: NOTE
    compute.llh: no visible global function definition for ‘dnorm’
    compute.u.hat.simple: no visible global function definition for ‘dnorm’
    fit.CLM.1u.simple.start: no visible global function definition for
     ‘kmeans’
    fit.CLMM.simple.start: no visible global function definition for
     ‘kmeans’
    fit.CLMM.simple.start.NA: no visible global function definition for
     ‘kmeans’
    Undefined global functions or variables:
     dnorm kmeans
    Consider adding
     importFrom("stats", "dnorm", "kmeans")
    to your NAMESPACE file.
Flavors: r-devel-linux-x86_64-debian-gcc, r-devel-linux-x86_64-fedora-clang, r-devel-linux-x86_64-fedora-gcc, r-devel-osx-x86_64-clang, r-devel-windows-ix86+x86_64