CRAN Package Check Results for Package CORM

Last updated on 2017-11-24 09:47:34 CET.

Flavor Version Tinstall Tcheck Ttotal Status Flags
r-devel-linux-x86_64-debian-clang 1.0.2 0.95 44.67 45.62 NOTE
r-devel-linux-x86_64-debian-gcc 1.0.2 1.15 54.97 56.12 NOTE
r-devel-linux-x86_64-fedora-clang 1.0.2 45.30 NOTE
r-devel-linux-x86_64-fedora-gcc 1.0.2 44.60 NOTE
r-devel-windows-ix86+x86_64 1.0.2 4.00 66.00 70.00 NOTE
r-patched-linux-x86_64 1.0.2 1.48 65.09 66.57 NOTE
r-patched-solaris-x86 1.0.2 66.80 NOTE
r-release-linux-x86_64 1.0.2 1.28 68.38 69.67 NOTE
r-release-windows-ix86+x86_64 1.0.2 3.00 45.00 48.00 NOTE
r-release-osx-x86_64 1.0.2 NOTE
r-oldrel-windows-ix86+x86_64 1.0.2 4.00 52.00 56.00 NOTE
r-oldrel-osx-x86_64 1.0.2 NOTE

Check Details

Version: 1.0.2
Check: R code for possible problems
Result: NOTE
    compute.llh: no visible global function definition for ‘dnorm’
    compute.u.hat.simple: no visible global function definition for ‘dnorm’
    fit.CLM.1u.simple.start: no visible global function definition for
     ‘kmeans’
    fit.CLMM.simple.start: no visible global function definition for
     ‘kmeans’
    fit.CLMM.simple.start.NA: no visible global function definition for
     ‘kmeans’
    Undefined global functions or variables:
     dnorm kmeans
    Consider adding
     importFrom("stats", "dnorm", "kmeans")
    to your NAMESPACE file.
Flavors: r-devel-linux-x86_64-debian-clang, r-devel-linux-x86_64-debian-gcc, r-devel-linux-x86_64-fedora-clang, r-devel-linux-x86_64-fedora-gcc, r-devel-windows-ix86+x86_64, r-patched-linux-x86_64, r-patched-solaris-x86, r-release-linux-x86_64, r-release-windows-ix86+x86_64, r-release-osx-x86_64, r-oldrel-windows-ix86+x86_64, r-oldrel-osx-x86_64