CRAN Package Check Results for Package CORM

Last updated on 2018-02-22 17:49:11 CET.

Flavor Version Tinstall Tcheck Ttotal Status Flags
r-devel-linux-x86_64-debian-clang 1.0.2 3.97 35.97 39.94 NOTE
r-devel-linux-x86_64-debian-gcc 1.0.2 2.39 31.04 33.43 NOTE
r-devel-windows-ix86+x86_64 1.0.2 9.00 50.00 59.00 NOTE
r-patched-linux-x86_64 1.0.2 1.31 41.04 42.35 NOTE
r-patched-solaris-x86 1.0.2 64.90 NOTE
r-release-linux-x86_64 1.0.2 1.47 40.47 41.94 NOTE
r-release-windows-ix86+x86_64 1.0.2 6.00 62.00 68.00 NOTE
r-release-osx-x86_64 1.0.2 NOTE
r-oldrel-windows-ix86+x86_64 1.0.2 4.00 64.00 68.00 NOTE
r-oldrel-osx-x86_64 1.0.2 NOTE

Check Details

Version: 1.0.2
Check: R code for possible problems
Result: NOTE
    compute.llh: no visible global function definition for ‘dnorm’
    compute.u.hat.simple: no visible global function definition for ‘dnorm’
    fit.CLM.1u.simple.start: no visible global function definition for
     ‘kmeans’
    fit.CLMM.simple.start: no visible global function definition for
     ‘kmeans’
    fit.CLMM.simple.start.NA: no visible global function definition for
     ‘kmeans’
    Undefined global functions or variables:
     dnorm kmeans
    Consider adding
     importFrom("stats", "dnorm", "kmeans")
    to your NAMESPACE file.
Flavors: r-devel-linux-x86_64-debian-clang, r-devel-linux-x86_64-debian-gcc, r-devel-windows-ix86+x86_64, r-patched-linux-x86_64, r-patched-solaris-x86, r-release-linux-x86_64, r-release-windows-ix86+x86_64, r-release-osx-x86_64, r-oldrel-windows-ix86+x86_64, r-oldrel-osx-x86_64