CRAN Package Check Results for Package CORM

Last updated on 2017-05-27 14:46:56.

Flavor Version Tinstall Tcheck Ttotal Status Flags
r-devel-linux-x86_64-debian-clang 1.0.2 1.17 28.20 29.37 NOTE
r-devel-linux-x86_64-debian-gcc 1.0.2 1.05 26.87 27.92 NOTE
r-devel-linux-x86_64-fedora-clang 1.0.2 52.85 NOTE
r-devel-linux-x86_64-fedora-gcc 1.0.2 49.43 NOTE
r-devel-windows-ix86+x86_64 1.0.2 6.00 53.00 59.00 NOTE
r-patched-linux-x86_64 1.0.2 1.08 27.58 28.66 NOTE
r-patched-solaris-sparc 1.0.2 320.60 NOTE
r-patched-solaris-x86 1.0.2 65.40 NOTE
r-release-linux-x86_64 1.0.2 1.09 26.56 27.65 NOTE
r-release-windows-ix86+x86_64 1.0.2 4.00 50.00 54.00 NOTE
r-release-osx-x86_64 1.0.2 NOTE
r-oldrel-windows-ix86+x86_64 1.0.2 6.00 50.00 56.00 NOTE
r-oldrel-osx-x86_64 1.0.2 NOTE

Check Details

Version: 1.0.2
Check: R code for possible problems
Result: NOTE
    compute.llh: no visible global function definition for ‘dnorm’
    compute.u.hat.simple: no visible global function definition for ‘dnorm’
    fit.CLM.1u.simple.start: no visible global function definition for
     ‘kmeans’
    fit.CLMM.simple.start: no visible global function definition for
     ‘kmeans’
    fit.CLMM.simple.start.NA: no visible global function definition for
     ‘kmeans’
    Undefined global functions or variables:
     dnorm kmeans
    Consider adding
     importFrom("stats", "dnorm", "kmeans")
    to your NAMESPACE file.
Flavors: r-devel-linux-x86_64-debian-clang, r-devel-linux-x86_64-debian-gcc, r-devel-linux-x86_64-fedora-clang, r-devel-linux-x86_64-fedora-gcc, r-devel-windows-ix86+x86_64, r-patched-linux-x86_64, r-patched-solaris-sparc, r-patched-solaris-x86, r-release-linux-x86_64, r-release-windows-ix86+x86_64, r-release-osx-x86_64, r-oldrel-windows-ix86+x86_64, r-oldrel-osx-x86_64