CRAN Package Check Results for Package CORM

Last updated on 2017-02-26 19:53:37.

Flavor Version Tinstall Tcheck Ttotal Status Flags
r-devel-linux-x86_64-debian-clang 1.0.2 0.97 25.91 26.88 NOTE
r-devel-linux-x86_64-debian-gcc 1.0.2 1.12 25.64 26.76 NOTE
r-devel-linux-x86_64-fedora-clang 1.0.2 49.37 NOTE --no-stop-on-test-error
r-devel-linux-x86_64-fedora-gcc 1.0.2 59.47 NOTE --no-stop-on-test-error
r-devel-macos-x86_64-clang 1.0.2 40.29 NOTE --no-stop-on-test-error
r-devel-windows-ix86+x86_64 1.0.2 5.00 67.00 72.00 NOTE
r-patched-linux-x86_64 1.0.2 0.95 23.91 24.86 NOTE
r-patched-solaris-sparc 1.0.2 318.10 NOTE
r-patched-solaris-x86 1.0.2 60.10 NOTE
r-release-linux-x86_64 1.0.2 1.10 23.76 24.86 NOTE
r-release-osx-x86_64-mavericks 1.0.2 NOTE
r-release-windows-ix86+x86_64 1.0.2 5.00 68.00 73.00 NOTE
r-oldrel-windows-ix86+x86_64 1.0.2 8.00 92.00 100.00 OK

Check Details

Version: 1.0.2
Check: R code for possible problems
Result: NOTE
    compute.llh: no visible global function definition for ‘dnorm’
    compute.u.hat.simple: no visible global function definition for ‘dnorm’
    fit.CLM.1u.simple.start: no visible global function definition for
     ‘kmeans’
    fit.CLMM.simple.start: no visible global function definition for
     ‘kmeans’
    fit.CLMM.simple.start.NA: no visible global function definition for
     ‘kmeans’
    Undefined global functions or variables:
     dnorm kmeans
    Consider adding
     importFrom("stats", "dnorm", "kmeans")
    to your NAMESPACE file.
Flavors: r-devel-linux-x86_64-debian-clang, r-devel-linux-x86_64-debian-gcc, r-devel-windows-ix86+x86_64, r-patched-linux-x86_64, r-patched-solaris-sparc, r-patched-solaris-x86, r-release-linux-x86_64, r-release-osx-x86_64-mavericks, r-release-windows-ix86+x86_64

Version: 1.0.2
Flags: --no-stop-on-test-error
Check: R code for possible problems
Result: NOTE
    compute.llh: no visible global function definition for ‘dnorm’
    compute.u.hat.simple: no visible global function definition for ‘dnorm’
    fit.CLM.1u.simple.start: no visible global function definition for
     ‘kmeans’
    fit.CLMM.simple.start: no visible global function definition for
     ‘kmeans’
    fit.CLMM.simple.start.NA: no visible global function definition for
     ‘kmeans’
    Undefined global functions or variables:
     dnorm kmeans
    Consider adding
     importFrom("stats", "dnorm", "kmeans")
    to your NAMESPACE file.
Flavors: r-devel-linux-x86_64-fedora-clang, r-devel-linux-x86_64-fedora-gcc, r-devel-macos-x86_64-clang