CRAN Package Check Results for Package CORM

Last updated on 2016-05-06 06:46:57.

Flavor Version Tinstall Tcheck Ttotal Status Flags
r-devel-linux-x86_64-debian-gcc 1.0.2 1.08 23.57 24.65 NOTE
r-devel-linux-x86_64-fedora-clang 1.0.2 46.85 NOTE
r-devel-linux-x86_64-fedora-gcc 1.0.2 42.94 NOTE
r-devel-osx-x86_64-clang 1.0.2 53.44 NOTE
r-devel-windows-ix86+x86_64 1.0.2 4.00 41.00 45.00 NOTE
r-patched-linux-x86_64 1.0.2 0.95 23.52 24.47 NOTE
r-patched-solaris-sparc 1.0.2 312.30 NOTE
r-patched-solaris-x86 1.0.2 59.30 NOTE
r-release-linux-x86_64 1.0.2 0.95 23.31 24.26 NOTE
r-release-osx-x86_64-mavericks 1.0.2 OK
r-release-windows-ix86+x86_64 1.0.2 4.00 41.00 45.00 NOTE
r-oldrel-windows-ix86+x86_64 1.0.2 6.00 65.00 71.00 OK

Check Details

Version: 1.0.2
Check: R code for possible problems
Result: NOTE
    compute.llh: no visible global function definition for ‘dnorm’
    compute.u.hat.simple: no visible global function definition for ‘dnorm’
    fit.CLM.1u.simple.start: no visible global function definition for
     ‘kmeans’
    fit.CLMM.simple.start: no visible global function definition for
     ‘kmeans’
    fit.CLMM.simple.start.NA: no visible global function definition for
     ‘kmeans’
    Undefined global functions or variables:
     dnorm kmeans
    Consider adding
     importFrom("stats", "dnorm", "kmeans")
    to your NAMESPACE file.
Flavors: r-devel-linux-x86_64-debian-gcc, r-devel-linux-x86_64-fedora-clang, r-devel-linux-x86_64-fedora-gcc, r-devel-osx-x86_64-clang, r-devel-windows-ix86+x86_64, r-patched-linux-x86_64, r-patched-solaris-sparc, r-patched-solaris-x86, r-release-linux-x86_64, r-release-windows-ix86+x86_64