CRAN Package Check Results for Package CORM

Last updated on 2017-04-24 20:47:07.

Flavor Version Tinstall Tcheck Ttotal Status Flags
r-devel-linux-x86_64-debian-clang 1.0.2 1.03 26.00 27.03 NOTE
r-devel-linux-x86_64-debian-gcc 1.0.2 1.04 25.38 26.43 NOTE
r-devel-linux-x86_64-fedora-clang 1.0.2 51.52 NOTE --no-stop-on-test-error
r-devel-linux-x86_64-fedora-gcc 1.0.2 48.03 NOTE --no-stop-on-test-error
r-devel-windows-ix86+x86_64 1.0.2 NOTE
r-patched-linux-x86_64 1.0.2 1.12 25.07 26.19 NOTE
r-patched-solaris-sparc 1.0.2 320.60 NOTE
r-patched-solaris-x86 1.0.2 63.30 NOTE
r-release-linux-x86_64 1.0.2 1.10 25.37 26.47 NOTE
r-release-windows-ix86+x86_64 1.0.2 3.00 45.00 48.00 NOTE
r-release-osx-x86_64 1.0.2 NOTE
r-oldrel-windows-ix86+x86_64 1.0.2 3.00 51.00 54.00 NOTE
r-oldrel-osx-x86_64 1.0.2 NOTE

Check Details

Version: 1.0.2
Check: R code for possible problems
Result: NOTE
    compute.llh: no visible global function definition for ‘dnorm’
    compute.u.hat.simple: no visible global function definition for ‘dnorm’
    fit.CLM.1u.simple.start: no visible global function definition for
     ‘kmeans’
    fit.CLMM.simple.start: no visible global function definition for
     ‘kmeans’
    fit.CLMM.simple.start.NA: no visible global function definition for
     ‘kmeans’
    Undefined global functions or variables:
     dnorm kmeans
    Consider adding
     importFrom("stats", "dnorm", "kmeans")
    to your NAMESPACE file.
Flavors: r-devel-linux-x86_64-debian-clang, r-devel-linux-x86_64-debian-gcc, r-devel-windows-ix86+x86_64, r-patched-linux-x86_64, r-patched-solaris-sparc, r-patched-solaris-x86, r-release-linux-x86_64, r-release-windows-ix86+x86_64, r-release-osx-x86_64, r-oldrel-windows-ix86+x86_64, r-oldrel-osx-x86_64

Version: 1.0.2
Flags: --no-stop-on-test-error
Check: R code for possible problems
Result: NOTE
    compute.llh: no visible global function definition for ‘dnorm’
    compute.u.hat.simple: no visible global function definition for ‘dnorm’
    fit.CLM.1u.simple.start: no visible global function definition for
     ‘kmeans’
    fit.CLMM.simple.start: no visible global function definition for
     ‘kmeans’
    fit.CLMM.simple.start.NA: no visible global function definition for
     ‘kmeans’
    Undefined global functions or variables:
     dnorm kmeans
    Consider adding
     importFrom("stats", "dnorm", "kmeans")
    to your NAMESPACE file.
Flavors: r-devel-linux-x86_64-fedora-clang, r-devel-linux-x86_64-fedora-gcc