CRAN Package Check Results for Package CORM

Last updated on 2015-07-30 07:47:01.

Flavor Version Tinstall Tcheck Ttotal Status Flags
r-devel-linux-x86_64-debian-clang 1.0.2 1.24 24.06 25.30 NOTE
r-devel-linux-x86_64-debian-gcc 1.0.2 1.06 23.56 24.63 NOTE
r-devel-linux-x86_64-fedora-clang 1.0.2 50.61 NOTE
r-devel-linux-x86_64-fedora-gcc 1.0.2 47.51 NOTE
r-devel-osx-x86_64-clang 1.0.2 45.33 OK
r-devel-windows-ix86+x86_64 1.0.2 6.00 43.00 49.00 NOTE
r-patched-linux-x86_64 1.0.2 1.03 24.82 25.85 OK
r-patched-solaris-sparc 1.0.2 343.30 OK
r-patched-solaris-x86 1.0.2 66.60 OK
r-release-linux-x86_64 1.0.2 1.05 23.87 24.92 OK
r-release-osx-x86_64-mavericks 1.0.2 OK
r-release-windows-ix86+x86_64 1.0.2 5.00 41.00 46.00 OK
r-oldrel-windows-ix86+x86_64 1.0.2 8.00 67.00 75.00 OK

Check Details

Version: 1.0.2
Check: R code for possible problems
Result: NOTE
    compute.llh: no visible global function definition for ‘dnorm’
    compute.u.hat.simple: no visible global function definition for ‘dnorm’
    fit.CLM.1u.simple.start: no visible global function definition for
     ‘kmeans’
    fit.CLMM.simple.start: no visible global function definition for
     ‘kmeans’
    fit.CLMM.simple.start.NA: no visible global function definition for
     ‘kmeans’
    Undefined global functions or variables:
     dnorm kmeans
    Consider adding
     importFrom("stats", "dnorm", "kmeans")
    to your NAMESPACE.
Flavors: r-devel-linux-x86_64-debian-clang, r-devel-linux-x86_64-debian-gcc, r-devel-linux-x86_64-fedora-clang, r-devel-linux-x86_64-fedora-gcc, r-devel-windows-ix86+x86_64