CRAN Package Check Results for Package CORM

Last updated on 2016-12-10 12:53:34.

Flavor Version Tinstall Tcheck Ttotal Status Flags
r-devel-linux-x86_64-debian-clang 1.0.2 1.18 27.64 28.81 NOTE
r-devel-linux-x86_64-debian-gcc 1.0.2 1.08 26.07 27.16 NOTE
r-devel-linux-x86_64-fedora-clang 1.0.2 51.52 NOTE --no-stop-on-test-error
r-devel-linux-x86_64-fedora-gcc 1.0.2 48.22 NOTE --no-stop-on-test-error
r-devel-macos-x86_64-clang 1.0.2 39.93 NOTE --no-stop-on-test-error
r-devel-windows-ix86+x86_64 1.0.2 3.00 232.00 235.00 NOTE
r-patched-linux-x86_64 1.0.2 1.14 24.17 25.31 NOTE
r-patched-solaris-sparc 1.0.2 315.30 NOTE
r-patched-solaris-x86 1.0.2 59.10 NOTE
r-release-linux-x86_64 1.0.2 1.08 24.24 25.32 NOTE
r-release-osx-x86_64-mavericks 1.0.2 NOTE
r-release-windows-ix86+x86_64 1.0.2 5.00 46.00 51.00 NOTE
r-oldrel-windows-ix86+x86_64 1.0.2 6.00 48.00 54.00 OK

Check Details

Version: 1.0.2
Check: R code for possible problems
Result: NOTE
    compute.llh: no visible global function definition for ‘dnorm’
    compute.u.hat.simple: no visible global function definition for ‘dnorm’
    fit.CLM.1u.simple.start: no visible global function definition for
     ‘kmeans’
    fit.CLMM.simple.start: no visible global function definition for
     ‘kmeans’
    fit.CLMM.simple.start.NA: no visible global function definition for
     ‘kmeans’
    Undefined global functions or variables:
     dnorm kmeans
    Consider adding
     importFrom("stats", "dnorm", "kmeans")
    to your NAMESPACE file.
Flavors: r-devel-linux-x86_64-debian-clang, r-devel-linux-x86_64-debian-gcc, r-devel-windows-ix86+x86_64, r-patched-linux-x86_64, r-patched-solaris-sparc, r-patched-solaris-x86, r-release-linux-x86_64, r-release-osx-x86_64-mavericks, r-release-windows-ix86+x86_64

Version: 1.0.2
Flags: --no-stop-on-test-error
Check: R code for possible problems
Result: NOTE
    compute.llh: no visible global function definition for ‘dnorm’
    compute.u.hat.simple: no visible global function definition for ‘dnorm’
    fit.CLM.1u.simple.start: no visible global function definition for
     ‘kmeans’
    fit.CLMM.simple.start: no visible global function definition for
     ‘kmeans’
    fit.CLMM.simple.start.NA: no visible global function definition for
     ‘kmeans’
    Undefined global functions or variables:
     dnorm kmeans
    Consider adding
     importFrom("stats", "dnorm", "kmeans")
    to your NAMESPACE file.
Flavors: r-devel-linux-x86_64-fedora-clang, r-devel-linux-x86_64-fedora-gcc, r-devel-macos-x86_64-clang