CRAN Package Check Results for Package CORM

Last updated on 2015-09-04 19:47:19.

Flavor Version Tinstall Tcheck Ttotal Status Flags
r-devel-linux-x86_64-debian-clang 1.0.2 0.92 23.44 24.36 NOTE
r-devel-linux-x86_64-debian-gcc 1.0.2 0.91 24.28 25.18 NOTE
r-devel-linux-x86_64-fedora-clang 1.0.2 47.68 NOTE
r-devel-linux-x86_64-fedora-gcc 1.0.2 45.28 NOTE
r-devel-osx-x86_64-clang 1.0.2 42.53 OK
r-devel-windows-ix86+x86_64 1.0.2 3.00 39.00 42.00 NOTE
r-patched-linux-x86_64 1.0.2 1.05 24.72 25.76 OK
r-patched-solaris-sparc 1.0.2 343.30 OK
r-patched-solaris-x86 1.0.2 66.80 OK
r-release-linux-x86_64 1.0.2 1.04 24.41 25.45 OK
r-release-osx-x86_64-mavericks 1.0.2 OK
r-release-windows-ix86+x86_64 1.0.2 5.00 62.00 67.00 OK
r-oldrel-windows-ix86+x86_64 1.0.2 7.00 76.00 83.00 OK

Check Details

Version: 1.0.2
Check: R code for possible problems
Result: NOTE
    compute.llh: no visible global function definition for ‘dnorm’
    compute.u.hat.simple: no visible global function definition for ‘dnorm’
    fit.CLM.1u.simple.start: no visible global function definition for
     ‘kmeans’
    fit.CLMM.simple.start: no visible global function definition for
     ‘kmeans’
    fit.CLMM.simple.start.NA: no visible global function definition for
     ‘kmeans’
    Undefined global functions or variables:
     dnorm kmeans
    Consider adding
     importFrom("stats", "dnorm", "kmeans")
    to your NAMESPACE.
Flavors: r-devel-linux-x86_64-debian-clang, r-devel-linux-x86_64-debian-gcc, r-devel-linux-x86_64-fedora-clang, r-devel-linux-x86_64-fedora-gcc, r-devel-windows-ix86+x86_64