CRAN Package Check Results for Package CORM

Last updated on 2017-01-21 21:49:26.

Flavor Version Tinstall Tcheck Ttotal Status Flags
r-devel-linux-x86_64-debian-clang 1.0.2 1.01 26.76 27.78 NOTE
r-devel-linux-x86_64-debian-gcc 1.0.2 1.20 25.59 26.78 NOTE
r-devel-linux-x86_64-fedora-clang 1.0.2 50.61 NOTE --no-stop-on-test-error
r-devel-linux-x86_64-fedora-gcc 1.0.2 53.28 NOTE --no-stop-on-test-error
r-devel-macos-x86_64-clang 1.0.2 39.13 NOTE --no-stop-on-test-error
r-devel-windows-ix86+x86_64 1.0.2 6.00 62.00 68.00 NOTE
r-patched-linux-x86_64 1.0.2 0.95 24.22 25.17 NOTE
r-patched-solaris-sparc 1.0.2 318.10 NOTE
r-patched-solaris-x86 1.0.2 59.60 NOTE
r-release-linux-x86_64 1.0.2 0.96 25.04 26.00 NOTE
r-release-osx-x86_64-mavericks 1.0.2 NOTE
r-release-windows-ix86+x86_64 1.0.2 9.00 51.00 60.00 NOTE
r-oldrel-windows-ix86+x86_64 1.0.2 10.00 93.00 103.00 OK

Check Details

Version: 1.0.2
Check: R code for possible problems
Result: NOTE
    compute.llh: no visible global function definition for ‘dnorm’
    compute.u.hat.simple: no visible global function definition for ‘dnorm’
    fit.CLM.1u.simple.start: no visible global function definition for
     ‘kmeans’
    fit.CLMM.simple.start: no visible global function definition for
     ‘kmeans’
    fit.CLMM.simple.start.NA: no visible global function definition for
     ‘kmeans’
    Undefined global functions or variables:
     dnorm kmeans
    Consider adding
     importFrom("stats", "dnorm", "kmeans")
    to your NAMESPACE file.
Flavors: r-devel-linux-x86_64-debian-clang, r-devel-linux-x86_64-debian-gcc, r-devel-windows-ix86+x86_64, r-patched-linux-x86_64, r-patched-solaris-sparc, r-patched-solaris-x86, r-release-linux-x86_64, r-release-osx-x86_64-mavericks, r-release-windows-ix86+x86_64

Version: 1.0.2
Flags: --no-stop-on-test-error
Check: R code for possible problems
Result: NOTE
    compute.llh: no visible global function definition for ‘dnorm’
    compute.u.hat.simple: no visible global function definition for ‘dnorm’
    fit.CLM.1u.simple.start: no visible global function definition for
     ‘kmeans’
    fit.CLMM.simple.start: no visible global function definition for
     ‘kmeans’
    fit.CLMM.simple.start.NA: no visible global function definition for
     ‘kmeans’
    Undefined global functions or variables:
     dnorm kmeans
    Consider adding
     importFrom("stats", "dnorm", "kmeans")
    to your NAMESPACE file.
Flavors: r-devel-linux-x86_64-fedora-clang, r-devel-linux-x86_64-fedora-gcc, r-devel-macos-x86_64-clang