CRAN Package Check Results for Package CORM

Last updated on 2016-09-26 17:48:09.

Flavor Version Tinstall Tcheck Ttotal Status Flags
r-devel-linux-x86_64-debian-clang 1.0.2 0.85 24.66 25.52 NOTE
r-devel-linux-x86_64-debian-gcc 1.0.2 0.98 23.50 24.48 NOTE
r-devel-linux-x86_64-fedora-clang 1.0.2 48.18 NOTE
r-devel-linux-x86_64-fedora-gcc 1.0.2 43.47 NOTE
r-devel-macos-x86_64-clang 1.0.2 36.68 NOTE
r-devel-windows-ix86+x86_64 1.0.2 8.00 70.00 78.00 NOTE
r-patched-linux-x86_64 1.0.2 0.98 24.43 25.42 NOTE
r-patched-solaris-sparc 1.0.2 315.30 NOTE
r-patched-solaris-x86 1.0.2 58.70 NOTE
r-release-linux-x86_64 1.0.2 1.02 24.10 25.13 NOTE
r-release-osx-x86_64-mavericks 1.0.2 NOTE
r-release-windows-ix86+x86_64 1.0.2 10.00 65.00 75.00 NOTE
r-oldrel-windows-ix86+x86_64 1.0.2 8.00 64.00 72.00 OK

Check Details

Version: 1.0.2
Check: R code for possible problems
Result: NOTE
    compute.llh: no visible global function definition for ‘dnorm’
    compute.u.hat.simple: no visible global function definition for ‘dnorm’
    fit.CLM.1u.simple.start: no visible global function definition for
     ‘kmeans’
    fit.CLMM.simple.start: no visible global function definition for
     ‘kmeans’
    fit.CLMM.simple.start.NA: no visible global function definition for
     ‘kmeans’
    Undefined global functions or variables:
     dnorm kmeans
    Consider adding
     importFrom("stats", "dnorm", "kmeans")
    to your NAMESPACE file.
Flavors: r-devel-linux-x86_64-debian-clang, r-devel-linux-x86_64-debian-gcc, r-devel-linux-x86_64-fedora-clang, r-devel-linux-x86_64-fedora-gcc, r-devel-macos-x86_64-clang, r-devel-windows-ix86+x86_64, r-patched-linux-x86_64, r-patched-solaris-sparc, r-patched-solaris-x86, r-release-linux-x86_64, r-release-osx-x86_64-mavericks, r-release-windows-ix86+x86_64