CRAN Package Check Results for Package COSINE

Last updated on 2017-10-17 16:46:49.

Flavor Version Tinstall Tcheck Ttotal Status Flags
r-devel-linux-x86_64-debian-clang 2.1 0.92 20.59 21.51 NOTE
r-devel-linux-x86_64-debian-gcc 2.1 1.14 21.57 22.71 NOTE
r-devel-linux-x86_64-fedora-clang 2.1 36.40 NOTE
r-devel-linux-x86_64-fedora-gcc 2.1 35.99 NOTE
r-devel-windows-ix86+x86_64 2.1 8.00 38.00 46.00 NOTE
r-patched-linux-x86_64 2.1 0.89 19.96 20.85 NOTE
r-patched-solaris-x86 2.1 52.80 NOTE
r-release-linux-x86_64 2.1 0.98 19.85 20.83 NOTE
r-release-windows-ix86+x86_64 2.1 10.00 40.00 50.00 NOTE
r-release-osx-x86_64 2.1 NOTE
r-oldrel-windows-ix86+x86_64 2.1 11.00 49.00 60.00 NOTE
r-oldrel-osx-x86_64 2.1 NOTE

Check Details

Version: 2.1
Check: DESCRIPTION meta-information
Result: NOTE
    Malformed Description field: should contain one or more complete sentences.
Flavors: r-devel-linux-x86_64-debian-clang, r-devel-linux-x86_64-debian-gcc, r-devel-linux-x86_64-fedora-clang, r-devel-linux-x86_64-fedora-gcc, r-devel-windows-ix86+x86_64, r-patched-linux-x86_64, r-patched-solaris-x86, r-release-linux-x86_64, r-release-windows-ix86+x86_64, r-release-osx-x86_64, r-oldrel-windows-ix86+x86_64, r-oldrel-osx-x86_64

Version: 2.1
Check: R code for possible problems
Result: NOTE
    GA_search : subset_score: no visible global function definition for
     ‘combn’
    choose_lambda : subset_score: no visible global function definition for
     ‘combn’
    cond.fyx: no visible global function definition for ‘var’
    cond.fyx: no visible global function definition for ‘cor’
    diff_gen_PPI: no visible global function definition for ‘cov’
    diff_gen_PPI: no visible global function definition for ‘sd’
    f.test: no visible binding for global variable ‘var’
    get_quantiles : node_edge: no visible global function definition for
     ‘combn’
    score_scaling: no visible global function definition for ‘hist’
    score_scaling: no visible global function definition for ‘sd’
    Undefined global functions or variables:
     combn cor cov hist sd var
    Consider adding
     importFrom("graphics", "hist")
     importFrom("stats", "cor", "cov", "sd", "var")
     importFrom("utils", "combn")
    to your NAMESPACE file.
Flavors: r-devel-linux-x86_64-debian-clang, r-devel-linux-x86_64-debian-gcc, r-devel-linux-x86_64-fedora-clang, r-devel-linux-x86_64-fedora-gcc, r-devel-windows-ix86+x86_64, r-patched-linux-x86_64, r-patched-solaris-x86, r-release-linux-x86_64, r-release-windows-ix86+x86_64, r-release-osx-x86_64, r-oldrel-windows-ix86+x86_64, r-oldrel-osx-x86_64