CRAN Package Check Results for Package COSINE

Last updated on 2018-07-23 06:46:32 CEST.

Flavor Version Tinstall Tcheck Ttotal Status Flags
r-devel-linux-x86_64-debian-clang 2.1 2.11 26.69 28.80 NOTE
r-devel-linux-x86_64-debian-gcc 2.1 1.61 23.27 24.88 NOTE
r-devel-linux-x86_64-fedora-clang 2.1 36.83 NOTE
r-devel-linux-x86_64-fedora-gcc 2.1 34.99 NOTE
r-devel-windows-ix86+x86_64 2.1 11.00 57.00 68.00 NOTE
r-patched-linux-x86_64 2.1 NOTE
r-patched-solaris-x86 2.1 61.70 NOTE
r-release-linux-x86_64 2.1 2.12 28.66 30.78 NOTE
r-release-windows-ix86+x86_64 2.1 9.00 56.00 65.00 NOTE
r-release-osx-x86_64 2.1 NOTE
r-oldrel-windows-ix86+x86_64 2.1 9.00 68.00 77.00 NOTE
r-oldrel-osx-x86_64 2.1 NOTE

Check Details

Version: 2.1
Check: DESCRIPTION meta-information
Result: NOTE
    Malformed Description field: should contain one or more complete sentences.
Flavors: r-devel-linux-x86_64-debian-clang, r-devel-linux-x86_64-debian-gcc, r-devel-linux-x86_64-fedora-clang, r-devel-linux-x86_64-fedora-gcc, r-devel-windows-ix86+x86_64, r-patched-linux-x86_64, r-patched-solaris-x86, r-release-linux-x86_64, r-release-windows-ix86+x86_64, r-release-osx-x86_64, r-oldrel-windows-ix86+x86_64, r-oldrel-osx-x86_64

Version: 2.1
Check: R code for possible problems
Result: NOTE
    GA_search : subset_score: no visible global function definition for
     ‘combn’
    choose_lambda : subset_score: no visible global function definition for
     ‘combn’
    cond.fyx: no visible global function definition for ‘var’
    cond.fyx: no visible global function definition for ‘cor’
    diff_gen_PPI: no visible global function definition for ‘cov’
    diff_gen_PPI: no visible global function definition for ‘sd’
    f.test: no visible binding for global variable ‘var’
    get_quantiles : node_edge: no visible global function definition for
     ‘combn’
    score_scaling: no visible global function definition for ‘hist’
    score_scaling: no visible global function definition for ‘sd’
    Undefined global functions or variables:
     combn cor cov hist sd var
    Consider adding
     importFrom("graphics", "hist")
     importFrom("stats", "cor", "cov", "sd", "var")
     importFrom("utils", "combn")
    to your NAMESPACE file.
Flavors: r-devel-linux-x86_64-debian-clang, r-devel-linux-x86_64-debian-gcc, r-devel-linux-x86_64-fedora-clang, r-devel-linux-x86_64-fedora-gcc, r-devel-windows-ix86+x86_64, r-patched-linux-x86_64, r-patched-solaris-x86, r-release-linux-x86_64, r-release-windows-ix86+x86_64, r-release-osx-x86_64, r-oldrel-windows-ix86+x86_64, r-oldrel-osx-x86_64