CRAN Package Check Results for Package CPBayes

Last updated on 2020-09-27 22:46:41 CEST.

Flavor Version Tinstall Tcheck Ttotal Status Flags
r-devel-linux-x86_64-debian-clang 1.0.0 3.42 143.74 147.16 NOTE
r-devel-linux-x86_64-debian-gcc 1.0.0 3.19 106.24 109.43 NOTE
r-devel-linux-x86_64-fedora-clang 1.0.0 167.35 NOTE
r-devel-linux-x86_64-fedora-gcc 1.0.0 187.48 NOTE
r-devel-windows-ix86+x86_64 1.0.0 8.00 161.00 169.00 OK
r-patched-linux-x86_64 1.0.0 3.05 137.38 140.43 NOTE
r-patched-solaris-x86 1.0.0 199.60 NOTE
r-release-linux-x86_64 1.0.0 3.58 136.84 140.42 NOTE
r-release-macos-x86_64 1.0.0 OK
r-release-windows-ix86+x86_64 1.0.0 7.00 172.00 179.00 OK
r-oldrel-macos-x86_64 1.0.0 OK
r-oldrel-windows-ix86+x86_64 1.0.0 14.00 161.00 175.00 OK

Check Details

Version: 1.0.0
Check: for non-standard things in the check directory
Result: NOTE
    Found the following files/directories:
     'rs1234.pdf'
Flavors: r-devel-linux-x86_64-debian-clang, r-devel-linux-x86_64-debian-gcc, r-devel-linux-x86_64-fedora-clang, r-devel-linux-x86_64-fedora-gcc, r-patched-linux-x86_64, r-patched-solaris-x86, r-release-linux-x86_64