CRAN Package Check Results for Package CPE

Last updated on 2014-09-18 18:46:43.

Flavor Version Tinstall Tcheck Ttotal Status Flags
r-devel-linux-x86_64-debian-clang 1.4.4 1.82 21.26 23.08 NOTE
r-devel-linux-x86_64-debian-gcc 1.4.4 1.61 21.22 22.84 NOTE
r-devel-linux-x86_64-fedora-clang 1.4.4 43.04 NOTE
r-devel-linux-x86_64-fedora-gcc 1.4.4 41.40 NOTE
r-devel-osx-x86_64-clang 1.4.4 40.47 NOTE
r-devel-windows-ix86+x86_64 1.4.4 9.00 45.00 54.00 NOTE
r-patched-linux-x86_64 1.4.4 1.79 22.57 24.36 NOTE
r-patched-solaris-sparc 1.4.4 268.90 NOTE
r-patched-solaris-x86 1.4.4 64.40 NOTE
r-release-linux-ix86 1.4.4 2.35 32.98 35.33 NOTE
r-release-linux-x86_64 1.4.4 1.84 23.43 25.27 NOTE
r-release-osx-x86_64-mavericks 1.4.4 NOTE
r-release-osx-x86_64-snowleopard 1.4.4 ERROR
r-release-windows-ix86+x86_64 1.4.4 11.00 50.00 61.00 NOTE
r-oldrel-windows-ix86+x86_64 1.4.4 11.00 52.00 63.00 NOTE

Check Details

Version: 1.4.4
Check: dependencies in R code
Result: NOTE
    Packages in Depends field not imported from:
     ‘rms’ ‘survival’
     These packages need to be imported from (in the NAMESPACE file)
     for when this namespace is loaded but not attached.
    See the information on DESCRIPTION files in the chapter ‘Creating R
    packages’ of the ‘Writing R Extensions’ manual.
Flavors: r-devel-linux-x86_64-debian-clang, r-devel-linux-x86_64-debian-gcc, r-devel-linux-x86_64-fedora-clang, r-devel-linux-x86_64-fedora-gcc, r-devel-osx-x86_64-clang, r-devel-windows-ix86+x86_64, r-patched-linux-x86_64, r-patched-solaris-sparc, r-patched-solaris-x86, r-release-linux-ix86, r-release-linux-x86_64, r-release-osx-x86_64-mavericks, r-release-windows-ix86+x86_64, r-oldrel-windows-ix86+x86_64

Version: 1.4.4
Check: whether package can be installed
Result: ERROR
    Installation failed.
Flavor: r-release-osx-x86_64-snowleopard