CRAN Package Check Results for Package CPE

Last updated on 2015-05-25 23:47:20.

Flavor Version Tinstall Tcheck Ttotal Status Flags
r-devel-linux-x86_64-debian-clang 1.4.4 2.47 22.29 24.76 NOTE
r-devel-linux-x86_64-debian-gcc 1.4.4 2.55 21.47 24.02 NOTE
r-devel-linux-x86_64-fedora-clang 1.4.4 48.52 NOTE
r-devel-linux-x86_64-fedora-gcc 1.4.4 45.30 NOTE
r-devel-osx-x86_64-clang 1.4.4 46.38 NOTE
r-devel-windows-ix86+x86_64 1.4.4 15.00 49.00 64.00 NOTE
r-patched-linux-x86_64 1.4.4 2.37 20.99 23.36 NOTE
r-patched-solaris-sparc 1.4.4 326.00 NOTE
r-patched-solaris-x86 1.4.4 68.90 NOTE
r-release-linux-x86_64 1.4.4 2.26 20.90 23.15 NOTE
r-release-osx-x86_64-mavericks 1.4.4 NOTE
r-release-osx-x86_64-snowleopard 1.4.4 ERROR
r-release-windows-ix86+x86_64 1.4.4 13.00 50.00 63.00 NOTE
r-oldrel-windows-ix86+x86_64 1.4.4 22.00 92.00 114.00 NOTE

Check Details

Version: 1.4.4
Check: DESCRIPTION meta-information
Result: NOTE
    Malformed Description field: should contain one or more complete sentences.
Flavors: r-devel-linux-x86_64-debian-clang, r-devel-linux-x86_64-debian-gcc, r-devel-linux-x86_64-fedora-clang, r-devel-linux-x86_64-fedora-gcc, r-devel-osx-x86_64-clang, r-devel-windows-ix86+x86_64, r-patched-linux-x86_64, r-patched-solaris-sparc, r-patched-solaris-x86, r-release-linux-x86_64, r-release-osx-x86_64-mavericks, r-release-windows-ix86+x86_64

Version: 1.4.4
Check: dependencies in R code
Result: NOTE
    Packages in Depends field not imported from:
     ‘rms’ ‘survival’
     These packages need to be imported from (in the NAMESPACE file)
     for when this namespace is loaded but not attached.
Flavors: r-devel-linux-x86_64-debian-clang, r-devel-linux-x86_64-debian-gcc, r-devel-linux-x86_64-fedora-clang, r-devel-linux-x86_64-fedora-gcc, r-devel-osx-x86_64-clang, r-devel-windows-ix86+x86_64, r-patched-linux-x86_64, r-patched-solaris-sparc, r-patched-solaris-x86, r-release-linux-x86_64, r-release-osx-x86_64-mavericks, r-release-windows-ix86+x86_64, r-oldrel-windows-ix86+x86_64

Version: 1.4.4
Check: package dependencies
Result: ERROR
    Package required but not available: ‘rms’
    
    See section ‘The DESCRIPTION file’ in the ‘Writing R Extensions’
    manual.
Flavor: r-release-osx-x86_64-snowleopard