CRAN Package Check Results for Package CPE

Last updated on 2015-01-28 12:47:56.

Flavor Version Tinstall Tcheck Ttotal Status Flags
r-devel-linux-x86_64-debian-clang 1.4.4 1.99 18.58 20.57 NOTE
r-devel-linux-x86_64-debian-gcc 1.4.4 1.74 18.35 20.09 NOTE
r-devel-linux-x86_64-fedora-clang 1.4.4 59.57 NOTE
r-devel-linux-x86_64-fedora-gcc 1.4.4 61.83 NOTE
r-devel-osx-x86_64-clang 1.4.4 55.39 NOTE
r-devel-windows-ix86+x86_64 1.4.4 9.00 44.00 53.00 NOTE
r-patched-linux-x86_64 1.4.4 2.18 26.39 28.57 NOTE
r-patched-solaris-sparc 1.4.4 345.60 NOTE
r-patched-solaris-x86 1.4.4 75.20 NOTE
r-release-linux-ix86 1.4.4 2.63 35.37 38.00 NOTE
r-release-linux-x86_64 1.4.4 2.58 26.32 28.90 NOTE
r-release-osx-x86_64-mavericks 1.4.4 NOTE
r-release-osx-x86_64-snowleopard 1.4.4 ERROR
r-release-windows-ix86+x86_64 1.4.4 13.00 65.00 78.00 NOTE
r-oldrel-windows-ix86+x86_64 1.4.4 13.00 70.00 83.00 NOTE

Check Details

Version: 1.4.4
Check: dependencies in R code
Result: NOTE
    Packages in Depends field not imported from:
     ‘rms’ ‘survival’
     These packages need to be imported from (in the NAMESPACE file)
     for when this namespace is loaded but not attached.
Flavors: r-devel-linux-x86_64-debian-clang, r-devel-linux-x86_64-debian-gcc, r-devel-linux-x86_64-fedora-clang, r-devel-linux-x86_64-fedora-gcc, r-devel-osx-x86_64-clang, r-devel-windows-ix86+x86_64

Version: 1.4.4
Check: dependencies in R code
Result: NOTE
    Packages in Depends field not imported from:
     ‘rms’ ‘survival’
     These packages need to be imported from (in the NAMESPACE file)
     for when this namespace is loaded but not attached.
    See the information on DESCRIPTION files in the chapter ‘Creating R
    packages’ of the ‘Writing R Extensions’ manual.
Flavors: r-patched-linux-x86_64, r-patched-solaris-sparc, r-patched-solaris-x86, r-release-linux-ix86, r-release-linux-x86_64, r-release-osx-x86_64-mavericks, r-release-windows-ix86+x86_64, r-oldrel-windows-ix86+x86_64

Version: 1.4.4
Check: whether package can be installed
Result: ERROR
    Installation failed.
Flavor: r-release-osx-x86_64-snowleopard