CRAN Package Check Results for Package CPE

Last updated on 2014-10-23 05:46:38.

Flavor Version Tinstall Tcheck Ttotal Status Flags
r-devel-linux-x86_64-debian-clang 1.4.4 2.17 26.07 28.24 NOTE
r-devel-linux-x86_64-debian-gcc 1.4.4 2.07 26.37 28.44 NOTE
r-devel-linux-x86_64-fedora-clang 1.4.4 57.48 NOTE
r-devel-linux-x86_64-fedora-gcc 1.4.4 53.16 NOTE
r-devel-osx-x86_64-clang 1.4.4 53.02 NOTE
r-devel-windows-ix86+x86_64 1.4.4 12.00 60.00 72.00 NOTE
r-patched-linux-x86_64 1.4.4 2.24 25.42 27.65 NOTE
r-patched-solaris-sparc 1.4.4 268.90 NOTE
r-patched-solaris-x86 1.4.4 73.70 NOTE
r-release-linux-ix86 1.4.4 2.77 39.59 42.36 NOTE
r-release-linux-x86_64 1.4.4 2.62 26.93 29.56 NOTE
r-release-osx-x86_64-mavericks 1.4.4 NOTE
r-release-osx-x86_64-snowleopard 1.4.4 ERROR
r-release-windows-ix86+x86_64 1.4.4 13.00 64.00 77.00 NOTE
r-oldrel-windows-ix86+x86_64 1.4.4 12.00 65.00 77.00 NOTE

Check Details

Version: 1.4.4
Check: dependencies in R code
Result: NOTE
    Packages in Depends field not imported from:
     ‘rms’ ‘survival’
     These packages need to be imported from (in the NAMESPACE file)
     for when this namespace is loaded but not attached.
    See the information on DESCRIPTION files in the chapter ‘Creating R
    packages’ of the ‘Writing R Extensions’ manual.
Flavors: r-devel-linux-x86_64-debian-clang, r-devel-linux-x86_64-debian-gcc, r-devel-linux-x86_64-fedora-clang, r-devel-linux-x86_64-fedora-gcc, r-devel-osx-x86_64-clang, r-devel-windows-ix86+x86_64, r-patched-linux-x86_64, r-patched-solaris-sparc, r-patched-solaris-x86, r-release-linux-ix86, r-release-linux-x86_64, r-release-osx-x86_64-mavericks, r-release-windows-ix86+x86_64, r-oldrel-windows-ix86+x86_64

Version: 1.4.4
Check: whether package can be installed
Result: ERROR
    Installation failed.
Flavor: r-release-osx-x86_64-snowleopard