CRAN Package Check Results for Package CPE

Last updated on 2014-11-01 11:48:59.

Flavor Version Tinstall Tcheck Ttotal Status Flags
r-devel-linux-x86_64-debian-clang 1.4.4 2.15 25.31 27.46 NOTE
r-devel-linux-x86_64-debian-gcc 1.4.4 2.36 25.25 27.61 NOTE
r-devel-linux-x86_64-fedora-clang 1.4.4 58.58 NOTE
r-devel-linux-x86_64-fedora-gcc 1.4.4 52.55 NOTE
r-devel-osx-x86_64-clang 1.4.4 52.43 NOTE
r-devel-windows-ix86+x86_64 1.4.4 11.00 59.00 70.00 NOTE
r-patched-linux-x86_64 1.4.4 2.14 25.64 27.77 NOTE
r-patched-solaris-sparc 1.4.4 268.90 NOTE
r-patched-solaris-x86 1.4.4 74.00 NOTE
r-release-linux-ix86 1.4.4 2.77 39.59 42.36 NOTE
r-release-linux-x86_64 1.4.4 2.62 26.93 29.56 NOTE
r-release-osx-x86_64-mavericks 1.4.4 NOTE
r-release-osx-x86_64-snowleopard 1.4.4 ERROR
r-release-windows-ix86+x86_64 1.4.4 13.00 63.00 76.00 NOTE
r-oldrel-windows-ix86+x86_64 1.4.4 14.00 66.00 80.00 NOTE

Check Details

Version: 1.4.4
Check: dependencies in R code
Result: NOTE
    Packages in Depends field not imported from:
     ‘rms’ ‘survival’
     These packages need to be imported from (in the NAMESPACE file)
     for when this namespace is loaded but not attached.
    See the information on DESCRIPTION files in the chapter ‘Creating R
    packages’ of the ‘Writing R Extensions’ manual.
Flavors: r-devel-linux-x86_64-debian-clang, r-devel-linux-x86_64-debian-gcc, r-devel-linux-x86_64-fedora-clang, r-devel-linux-x86_64-fedora-gcc, r-devel-osx-x86_64-clang, r-devel-windows-ix86+x86_64, r-patched-linux-x86_64, r-patched-solaris-sparc, r-patched-solaris-x86, r-release-linux-ix86, r-release-linux-x86_64, r-release-osx-x86_64-mavericks, r-release-windows-ix86+x86_64, r-oldrel-windows-ix86+x86_64

Version: 1.4.4
Check: whether package can be installed
Result: ERROR
    Installation failed.
Flavor: r-release-osx-x86_64-snowleopard