CRAN Package Check Results for Package CPE

Last updated on 2015-03-02 19:52:11.

Flavor Version Tinstall Tcheck Ttotal Status Flags
r-devel-linux-x86_64-debian-clang 1.4.4 2.39 20.88 23.27 NOTE
r-devel-linux-x86_64-debian-gcc 1.4.4 2.19 20.14 22.33 NOTE
r-devel-linux-x86_64-fedora-clang 1.4.4 48.02 NOTE
r-devel-linux-x86_64-fedora-gcc 1.4.4 45.25 NOTE
r-devel-osx-x86_64-clang 1.4.4 45.75 NOTE
r-devel-windows-ix86+x86_64 1.4.4 20.00 65.00 85.00 NOTE
r-patched-linux-x86_64 1.4.4 5.68 35.55 41.24 NOTE
r-patched-solaris-sparc 1.4.4 345.60 NOTE
r-patched-solaris-x86 1.4.4 106.40 NOTE
r-release-linux-ix86 1.4.4 3.66 49.14 52.80 NOTE
r-release-linux-x86_64 1.4.4 5.48 35.56 41.04 NOTE
r-release-osx-x86_64-mavericks 1.4.4 NOTE
r-release-osx-x86_64-snowleopard 1.4.4 ERROR
r-release-windows-ix86+x86_64 1.4.4 23.00 125.00 148.00 NOTE
r-oldrel-windows-ix86+x86_64 1.4.4 19.00 93.00 112.00 NOTE

Check Details

Version: 1.4.4
Check: DESCRIPTION meta-information
Result: NOTE
    Malformed Description field: should contain one or more complete sentences.
Flavors: r-devel-linux-x86_64-debian-clang, r-devel-linux-x86_64-debian-gcc, r-devel-linux-x86_64-fedora-clang, r-devel-linux-x86_64-fedora-gcc, r-devel-osx-x86_64-clang, r-devel-windows-ix86+x86_64

Version: 1.4.4
Check: dependencies in R code
Result: NOTE
    Packages in Depends field not imported from:
     ‘rms’ ‘survival’
     These packages need to be imported from (in the NAMESPACE file)
     for when this namespace is loaded but not attached.
Flavors: r-devel-linux-x86_64-debian-clang, r-devel-linux-x86_64-debian-gcc, r-devel-linux-x86_64-fedora-clang, r-devel-linux-x86_64-fedora-gcc, r-devel-osx-x86_64-clang, r-devel-windows-ix86+x86_64, r-patched-linux-x86_64, r-patched-solaris-x86

Version: 1.4.4
Check: dependencies in R code
Result: NOTE
    Packages in Depends field not imported from:
     ‘rms’ ‘survival’
     These packages need to be imported from (in the NAMESPACE file)
     for when this namespace is loaded but not attached.
    See the information on DESCRIPTION files in the chapter ‘Creating R
    packages’ of the ‘Writing R Extensions’ manual.
Flavors: r-patched-solaris-sparc, r-release-linux-ix86, r-release-linux-x86_64, r-release-osx-x86_64-mavericks, r-release-windows-ix86+x86_64, r-oldrel-windows-ix86+x86_64

Version: 1.4.4
Check: whether package can be installed
Result: ERROR
    Installation failed.
Flavor: r-release-osx-x86_64-snowleopard