CRAN Package Check Results for Package CPE

Last updated on 2017-01-21 05:50:15.

Flavor Version Tinstall Tcheck Ttotal Status Flags
r-devel-linux-x86_64-debian-clang 1.4.4 4.48 38.97 43.45 NOTE
r-devel-linux-x86_64-debian-gcc 1.4.4 4.31 39.20 43.51 NOTE
r-devel-linux-x86_64-fedora-clang 1.4.4 96.47 NOTE --no-stop-on-test-error
r-devel-linux-x86_64-fedora-gcc 1.4.4 103.34 NOTE --no-stop-on-test-error
r-devel-macos-x86_64-clang 1.4.4 70.24 NOTE --no-stop-on-test-error
r-devel-windows-ix86+x86_64 1.4.4 25.00 88.00 113.00 NOTE
r-patched-linux-x86_64 1.4.4 4.16 36.23 40.39 NOTE
r-patched-solaris-sparc 1.4.4 508.50 NOTE
r-patched-solaris-x86 1.4.4 118.70 NOTE
r-release-linux-x86_64 1.4.4 4.21 36.81 41.03 NOTE
r-release-osx-x86_64-mavericks 1.4.4 NOTE
r-release-windows-ix86+x86_64 1.4.4 20.00 116.00 136.00 NOTE
r-oldrel-windows-ix86+x86_64 1.4.4 29.00 121.00 150.00 NOTE

Check Details

Version: 1.4.4
Check: DESCRIPTION meta-information
Result: NOTE
    Malformed Description field: should contain one or more complete sentences.
Flavors: r-devel-linux-x86_64-debian-clang, r-devel-linux-x86_64-debian-gcc, r-devel-windows-ix86+x86_64, r-patched-linux-x86_64, r-patched-solaris-sparc, r-patched-solaris-x86, r-release-linux-x86_64, r-release-osx-x86_64-mavericks, r-release-windows-ix86+x86_64, r-oldrel-windows-ix86+x86_64

Version: 1.4.4
Check: dependencies in R code
Result: NOTE
    Packages in Depends field not imported from:
     ‘rms’ ‘survival’
     These packages need to be imported from (in the NAMESPACE file)
     for when this namespace is loaded but not attached.
Flavors: r-devel-linux-x86_64-debian-clang, r-devel-linux-x86_64-debian-gcc, r-devel-windows-ix86+x86_64, r-patched-linux-x86_64, r-patched-solaris-sparc, r-patched-solaris-x86, r-release-linux-x86_64, r-release-osx-x86_64-mavericks, r-release-windows-ix86+x86_64, r-oldrel-windows-ix86+x86_64

Version: 1.4.4
Check: R code for possible problems
Result: NOTE
    phcpe: no visible global function definition for ‘model.matrix’
    phcpe: no visible global function definition for ‘sd’
    phcpe2: no visible global function definition for ‘sd’
    Undefined global functions or variables:
     model.matrix sd
    Consider adding
     importFrom("stats", "model.matrix", "sd")
    to your NAMESPACE file.
Flavors: r-devel-linux-x86_64-debian-clang, r-devel-linux-x86_64-debian-gcc, r-devel-windows-ix86+x86_64, r-patched-linux-x86_64, r-patched-solaris-sparc, r-patched-solaris-x86, r-release-linux-x86_64, r-release-osx-x86_64-mavericks, r-release-windows-ix86+x86_64

Version: 1.4.4
Flags: --no-stop-on-test-error
Check: DESCRIPTION meta-information
Result: NOTE
    Malformed Description field: should contain one or more complete sentences.
Flavors: r-devel-linux-x86_64-fedora-clang, r-devel-linux-x86_64-fedora-gcc, r-devel-macos-x86_64-clang

Version: 1.4.4
Flags: --no-stop-on-test-error
Check: dependencies in R code
Result: NOTE
    Packages in Depends field not imported from:
     ‘rms’ ‘survival’
     These packages need to be imported from (in the NAMESPACE file)
     for when this namespace is loaded but not attached.
Flavors: r-devel-linux-x86_64-fedora-clang, r-devel-linux-x86_64-fedora-gcc, r-devel-macos-x86_64-clang

Version: 1.4.4
Flags: --no-stop-on-test-error
Check: R code for possible problems
Result: NOTE
    phcpe: no visible global function definition for ‘model.matrix’
    phcpe: no visible global function definition for ‘sd’
    phcpe2: no visible global function definition for ‘sd’
    Undefined global functions or variables:
     model.matrix sd
    Consider adding
     importFrom("stats", "model.matrix", "sd")
    to your NAMESPACE file.
Flavors: r-devel-linux-x86_64-fedora-clang, r-devel-linux-x86_64-fedora-gcc, r-devel-macos-x86_64-clang