CRAN Package Check Results for Package CPE

Last updated on 2016-09-29 23:47:27.

Flavor Version Tinstall Tcheck Ttotal Status Flags
r-devel-linux-x86_64-debian-clang 1.4.4 4.16 35.11 39.27 NOTE
r-devel-linux-x86_64-debian-gcc 1.4.4 3.86 35.01 38.87 NOTE
r-devel-linux-x86_64-fedora-clang 1.4.4 109.22 NOTE
r-devel-linux-x86_64-fedora-gcc 1.4.4 76.35 NOTE
r-devel-macos-x86_64-clang 1.4.4 59.24 NOTE
r-devel-windows-ix86+x86_64 1.4.4 29.00 109.00 138.00 NOTE
r-patched-linux-x86_64 1.4.4 3.78 35.37 39.16 NOTE
r-patched-solaris-sparc 1.4.4 480.40 NOTE
r-patched-solaris-x86 1.4.4 103.50 NOTE
r-release-linux-x86_64 1.4.4 3.88 35.00 38.87 NOTE
r-release-osx-x86_64-mavericks 1.4.4 NOTE
r-release-windows-ix86+x86_64 1.4.4 13.00 73.00 86.00 NOTE
r-oldrel-windows-ix86+x86_64 1.4.4 25.00 110.00 135.00 NOTE

Check Details

Version: 1.4.4
Check: DESCRIPTION meta-information
Result: NOTE
    Malformed Description field: should contain one or more complete sentences.
Flavors: r-devel-linux-x86_64-debian-clang, r-devel-linux-x86_64-debian-gcc, r-devel-linux-x86_64-fedora-clang, r-devel-linux-x86_64-fedora-gcc, r-devel-macos-x86_64-clang, r-devel-windows-ix86+x86_64, r-patched-linux-x86_64, r-patched-solaris-sparc, r-patched-solaris-x86, r-release-linux-x86_64, r-release-osx-x86_64-mavericks, r-release-windows-ix86+x86_64, r-oldrel-windows-ix86+x86_64

Version: 1.4.4
Check: dependencies in R code
Result: NOTE
    Packages in Depends field not imported from:
     ‘rms’ ‘survival’
     These packages need to be imported from (in the NAMESPACE file)
     for when this namespace is loaded but not attached.
Flavors: r-devel-linux-x86_64-debian-clang, r-devel-linux-x86_64-debian-gcc, r-devel-linux-x86_64-fedora-clang, r-devel-linux-x86_64-fedora-gcc, r-devel-macos-x86_64-clang, r-devel-windows-ix86+x86_64, r-patched-linux-x86_64, r-patched-solaris-sparc, r-patched-solaris-x86, r-release-linux-x86_64, r-release-osx-x86_64-mavericks, r-release-windows-ix86+x86_64, r-oldrel-windows-ix86+x86_64

Version: 1.4.4
Check: R code for possible problems
Result: NOTE
    phcpe: no visible global function definition for ‘model.matrix’
    phcpe: no visible global function definition for ‘sd’
    phcpe2: no visible global function definition for ‘sd’
    Undefined global functions or variables:
     model.matrix sd
    Consider adding
     importFrom("stats", "model.matrix", "sd")
    to your NAMESPACE file.
Flavors: r-devel-linux-x86_64-debian-clang, r-devel-linux-x86_64-debian-gcc, r-devel-linux-x86_64-fedora-clang, r-devel-linux-x86_64-fedora-gcc, r-devel-macos-x86_64-clang, r-devel-windows-ix86+x86_64, r-patched-linux-x86_64, r-patched-solaris-sparc, r-patched-solaris-x86, r-release-linux-x86_64, r-release-osx-x86_64-mavericks, r-release-windows-ix86+x86_64