CRAN Package Check Results for Package CPE

Last updated on 2015-04-27 23:47:21.

Flavor Version Tinstall Tcheck Ttotal Status Flags
r-devel-linux-x86_64-debian-clang 1.4.4 2.51 20.89 23.40 NOTE
r-devel-linux-x86_64-debian-gcc 1.4.4 2.20 21.46 23.66 NOTE
r-devel-linux-x86_64-fedora-clang 1.4.4 48.71 NOTE
r-devel-linux-x86_64-fedora-gcc 1.4.4 46.58 NOTE
r-devel-osx-x86_64-clang 1.4.4 45.13 NOTE
r-devel-windows-ix86+x86_64 1.4.4 13.00 55.00 68.00 NOTE
r-patched-linux-x86_64 1.4.4 2.33 20.58 22.90 NOTE
r-patched-solaris-sparc 1.4.4 316.60 NOTE
r-patched-solaris-x86 1.4.4 67.00 NOTE
r-release-linux-x86_64 1.4.4 2.32 20.75 23.07 NOTE
r-release-osx-x86_64-mavericks 1.4.4 ERROR
r-release-osx-x86_64-snowleopard 1.4.4 ERROR
r-release-windows-ix86+x86_64 1.4.4 21.00 70.00 91.00 NOTE
r-oldrel-windows-ix86+x86_64 1.4.4 20.00 92.00 112.00 NOTE

Check Details

Version: 1.4.4
Check: DESCRIPTION meta-information
Result: NOTE
    Malformed Description field: should contain one or more complete sentences.
Flavors: r-devel-linux-x86_64-debian-clang, r-devel-linux-x86_64-debian-gcc, r-devel-linux-x86_64-fedora-clang, r-devel-linux-x86_64-fedora-gcc, r-devel-osx-x86_64-clang, r-devel-windows-ix86+x86_64, r-patched-solaris-sparc, r-patched-solaris-x86, r-release-linux-x86_64, r-release-windows-ix86+x86_64

Version: 1.4.4
Check: dependencies in R code
Result: NOTE
    Packages in Depends field not imported from:
     ‘rms’ ‘survival’
     These packages need to be imported from (in the NAMESPACE file)
     for when this namespace is loaded but not attached.
Flavors: r-devel-linux-x86_64-debian-clang, r-devel-linux-x86_64-debian-gcc, r-devel-linux-x86_64-fedora-clang, r-devel-linux-x86_64-fedora-gcc, r-devel-osx-x86_64-clang, r-devel-windows-ix86+x86_64, r-patched-solaris-sparc, r-patched-solaris-x86, r-release-linux-x86_64, r-release-windows-ix86+x86_64, r-oldrel-windows-ix86+x86_64

Version: 1.4.4
Check: package dependencies
Result: ERROR
    Package required but not available: ‘rms’
    
    See section ‘The DESCRIPTION file’ in the ‘Writing R Extensions’
    manual.
Flavors: r-release-osx-x86_64-mavericks, r-release-osx-x86_64-snowleopard