CRAN Package Check Results for Package CPE

Last updated on 2018-02-22 04:48:22 CET.

Flavor Version Tinstall Tcheck Ttotal Status Flags
r-devel-linux-x86_64-debian-clang 1.4.4 6.71 53.05 59.76 NOTE
r-devel-linux-x86_64-debian-gcc 1.4.4 5.78 49.76 55.54 NOTE
r-devel-linux-x86_64-fedora-clang 1.4.4 84.72 NOTE
r-devel-linux-x86_64-fedora-gcc 1.4.4 81.65 NOTE
r-devel-windows-ix86+x86_64 1.4.4 34.00 97.00 131.00 NOTE
r-patched-linux-x86_64 1.4.4 6.10 63.77 69.87 NOTE
r-patched-solaris-x86 1.4.4 134.30 NOTE
r-release-linux-x86_64 1.4.4 6.31 64.30 70.61 NOTE
r-release-windows-ix86+x86_64 1.4.4 23.00 123.00 146.00 NOTE
r-release-osx-x86_64 1.4.4 NOTE
r-oldrel-windows-ix86+x86_64 1.4.4 15.00 97.00 112.00 NOTE
r-oldrel-osx-x86_64 1.4.4 NOTE

Check Details

Version: 1.4.4
Check: DESCRIPTION meta-information
Result: NOTE
    Malformed Description field: should contain one or more complete sentences.
Flavors: r-devel-linux-x86_64-debian-clang, r-devel-linux-x86_64-debian-gcc, r-devel-linux-x86_64-fedora-clang, r-devel-linux-x86_64-fedora-gcc, r-devel-windows-ix86+x86_64, r-patched-linux-x86_64, r-patched-solaris-x86, r-release-linux-x86_64, r-release-windows-ix86+x86_64, r-release-osx-x86_64, r-oldrel-windows-ix86+x86_64, r-oldrel-osx-x86_64

Version: 1.4.4
Check: dependencies in R code
Result: NOTE
    Packages in Depends field not imported from:
     ‘rms’ ‘survival’
     These packages need to be imported from (in the NAMESPACE file)
     for when this namespace is loaded but not attached.
Flavors: r-devel-linux-x86_64-debian-clang, r-devel-linux-x86_64-debian-gcc, r-devel-linux-x86_64-fedora-clang, r-devel-linux-x86_64-fedora-gcc, r-devel-windows-ix86+x86_64, r-patched-linux-x86_64, r-patched-solaris-x86, r-release-linux-x86_64, r-release-windows-ix86+x86_64, r-release-osx-x86_64, r-oldrel-windows-ix86+x86_64, r-oldrel-osx-x86_64

Version: 1.4.4
Check: R code for possible problems
Result: NOTE
    phcpe: no visible global function definition for ‘model.matrix’
    phcpe: no visible global function definition for ‘sd’
    phcpe2: no visible global function definition for ‘sd’
    Undefined global functions or variables:
     model.matrix sd
    Consider adding
     importFrom("stats", "model.matrix", "sd")
    to your NAMESPACE file.
Flavors: r-devel-linux-x86_64-debian-clang, r-devel-linux-x86_64-debian-gcc, r-devel-linux-x86_64-fedora-clang, r-devel-linux-x86_64-fedora-gcc, r-devel-windows-ix86+x86_64, r-patched-linux-x86_64, r-patched-solaris-x86, r-release-linux-x86_64, r-release-windows-ix86+x86_64, r-release-osx-x86_64, r-oldrel-windows-ix86+x86_64, r-oldrel-osx-x86_64

Version: 1.4.4
Check: compiled code
Result: NOTE
    File ‘CPE/libs/CPE.so’:
     Found no calls to: ‘R_registerRoutines’, ‘R_useDynamicSymbols’
    
    It is good practice to register native routines and to disable symbol
    search.
    
    See ‘Writing portable packages’ in the ‘Writing R Extensions’ manual.
Flavors: r-devel-linux-x86_64-debian-clang, r-devel-linux-x86_64-debian-gcc, r-devel-linux-x86_64-fedora-clang, r-devel-linux-x86_64-fedora-gcc, r-patched-linux-x86_64, r-release-linux-x86_64