CRAN Package Check Results for Package CPE

Last updated on 2017-02-26 17:51:12.

Flavor Version Tinstall Tcheck Ttotal Status Flags
r-devel-linux-x86_64-debian-clang 1.4.4 4.90 39.38 44.28 NOTE
r-devel-linux-x86_64-debian-gcc 1.4.4 4.56 39.28 43.85 NOTE
r-devel-linux-x86_64-fedora-clang 1.4.4 96.77 NOTE --no-stop-on-test-error
r-devel-linux-x86_64-fedora-gcc 1.4.4 114.37 NOTE --no-stop-on-test-error
r-devel-macos-x86_64-clang 1.4.4 72.58 NOTE --no-stop-on-test-error
r-devel-windows-ix86+x86_64 1.4.4 27.00 244.00 271.00 NOTE
r-patched-linux-x86_64 1.4.4 4.38 35.65 40.03 NOTE
r-patched-solaris-sparc 1.4.4 508.50 NOTE
r-patched-solaris-x86 1.4.4 109.10 NOTE
r-release-linux-x86_64 1.4.4 4.18 36.01 40.19 NOTE
r-release-osx-x86_64-mavericks 1.4.4 NOTE
r-release-windows-ix86+x86_64 1.4.4 26.00 91.00 117.00 NOTE
r-oldrel-windows-ix86+x86_64 1.4.4 28.00 127.00 155.00 NOTE

Check Details

Version: 1.4.4
Check: DESCRIPTION meta-information
Result: NOTE
    Malformed Description field: should contain one or more complete sentences.
Flavors: r-devel-linux-x86_64-debian-clang, r-devel-linux-x86_64-debian-gcc, r-devel-windows-ix86+x86_64, r-patched-linux-x86_64, r-patched-solaris-sparc, r-patched-solaris-x86, r-release-linux-x86_64, r-release-osx-x86_64-mavericks, r-release-windows-ix86+x86_64, r-oldrel-windows-ix86+x86_64

Version: 1.4.4
Check: dependencies in R code
Result: NOTE
    Packages in Depends field not imported from:
     ‘rms’ ‘survival’
     These packages need to be imported from (in the NAMESPACE file)
     for when this namespace is loaded but not attached.
Flavors: r-devel-linux-x86_64-debian-clang, r-devel-linux-x86_64-debian-gcc, r-devel-windows-ix86+x86_64, r-patched-linux-x86_64, r-patched-solaris-sparc, r-patched-solaris-x86, r-release-linux-x86_64, r-release-osx-x86_64-mavericks, r-release-windows-ix86+x86_64, r-oldrel-windows-ix86+x86_64

Version: 1.4.4
Check: R code for possible problems
Result: NOTE
    phcpe: no visible global function definition for ‘model.matrix’
    phcpe: no visible global function definition for ‘sd’
    phcpe2: no visible global function definition for ‘sd’
    Undefined global functions or variables:
     model.matrix sd
    Consider adding
     importFrom("stats", "model.matrix", "sd")
    to your NAMESPACE file.
Flavors: r-devel-linux-x86_64-debian-clang, r-devel-linux-x86_64-debian-gcc, r-devel-windows-ix86+x86_64, r-patched-linux-x86_64, r-patched-solaris-sparc, r-patched-solaris-x86, r-release-linux-x86_64, r-release-osx-x86_64-mavericks, r-release-windows-ix86+x86_64

Version: 1.4.4
Check: compiled code
Result: NOTE
    File ‘CPE/libs/CPE.so’:
     Found no calls to: ‘R_registerRoutines’, ‘R_useDynamicSymbols’
    
    It is good practice to register native routines and to disable symbol
    search.
    
    See ‘Writing portable packages’ in the ‘Writing R Extensions’ manual.
Flavors: r-devel-linux-x86_64-debian-clang, r-devel-linux-x86_64-debian-gcc

Version: 1.4.4
Flags: --no-stop-on-test-error
Check: DESCRIPTION meta-information
Result: NOTE
    Malformed Description field: should contain one or more complete sentences.
Flavors: r-devel-linux-x86_64-fedora-clang, r-devel-linux-x86_64-fedora-gcc, r-devel-macos-x86_64-clang

Version: 1.4.4
Flags: --no-stop-on-test-error
Check: dependencies in R code
Result: NOTE
    Packages in Depends field not imported from:
     ‘rms’ ‘survival’
     These packages need to be imported from (in the NAMESPACE file)
     for when this namespace is loaded but not attached.
Flavors: r-devel-linux-x86_64-fedora-clang, r-devel-linux-x86_64-fedora-gcc, r-devel-macos-x86_64-clang

Version: 1.4.4
Flags: --no-stop-on-test-error
Check: R code for possible problems
Result: NOTE
    phcpe: no visible global function definition for ‘model.matrix’
    phcpe: no visible global function definition for ‘sd’
    phcpe2: no visible global function definition for ‘sd’
    Undefined global functions or variables:
     model.matrix sd
    Consider adding
     importFrom("stats", "model.matrix", "sd")
    to your NAMESPACE file.
Flavors: r-devel-linux-x86_64-fedora-clang, r-devel-linux-x86_64-fedora-gcc, r-devel-macos-x86_64-clang

Version: 1.4.4
Flags: --no-stop-on-test-error
Check: compiled code
Result: NOTE
    File ‘CPE/libs/CPE.so’:
     Found no calls to: ‘R_registerRoutines’, ‘R_useDynamicSymbols’
    
    It is good practice to register native routines and to disable symbol
    search.
    
    See ‘Writing portable packages’ in the ‘Writing R Extensions’ manual.
Flavors: r-devel-linux-x86_64-fedora-clang, r-devel-linux-x86_64-fedora-gcc, r-devel-macos-x86_64-clang