CRAN Package Check Results for Package CPE

Last updated on 2014-07-29 20:49:02.

Flavor Version Tinstall Tcheck Ttotal Status Flags
r-devel-linux-x86_64-debian-clang 1.4.4 1.70 20.40 22.11 NOTE
r-devel-linux-x86_64-debian-gcc 1.4.4 1.83 19.83 21.66 NOTE
r-devel-linux-x86_64-fedora-clang 1.4.4 44.79 NOTE
r-devel-linux-x86_64-fedora-gcc 1.4.4 43.07 NOTE
r-devel-osx-x86_64-clang 1.4.4 42.33 NOTE
r-devel-windows-ix86+x86_64 1.4.4 8.00 46.00 54.00 NOTE
r-patched-linux-x86_64 1.4.4 1.91 20.29 22.20 NOTE
r-patched-solaris-sparc 1.4.4 270.90 NOTE
r-patched-solaris-x86 1.4.4 61.70 NOTE
r-release-linux-ix86 1.4.4 2.44 30.54 32.98 NOTE
r-release-linux-x86_64 1.4.4 1.93 20.84 22.78 NOTE
r-release-osx-x86_64-mavericks 1.4.4 NOTE
r-release-osx-x86_64-snowleopard 1.4.4 ERROR
r-release-windows-ix86+x86_64 1.4.4 9.00 49.00 58.00 NOTE
r-oldrel-windows-ix86+x86_64 1.4.4 9.00 46.00 55.00 NOTE

Check Details

Version: 1.4.4
Check: dependencies in R code
Result: NOTE
    Packages in Depends field not imported from:
     rms survival
     These packages need to be imported from (in the NAMESPACE file)
     for when this namespace is loaded but not attached.
    See the information on DESCRIPTION files in the chapter Creating R
    packages of the Writing R Extensions manual.
Flavors: r-devel-linux-x86_64-debian-clang, r-devel-linux-x86_64-debian-gcc, r-devel-linux-x86_64-fedora-clang, r-devel-linux-x86_64-fedora-gcc, r-devel-osx-x86_64-clang, r-devel-windows-ix86+x86_64, r-patched-linux-x86_64, r-patched-solaris-sparc, r-patched-solaris-x86, r-release-linux-ix86, r-release-linux-x86_64, r-release-osx-x86_64-mavericks, r-release-windows-ix86+x86_64, r-oldrel-windows-ix86+x86_64

Version: 1.4.4
Check: whether package can be installed
Result: ERROR
    Installation failed.
    See /Volumes/XT3/Builds/R-dev-web/QA/Simon/packages/snowleopard-x86_64/results/3.1/CPE.Rcheck/00install.out for details.
Flavor: r-release-osx-x86_64-snowleopard