CRAN Package Check Results for Package CPE

Last updated on 2014-04-24 03:47:42.

Flavor Version Tinstall Tcheck Ttotal Status Flags
r-devel-linux-x86_64-debian-clang 1.4.4 1.97 106.82 108.79 NOTE
r-devel-linux-x86_64-debian-gcc 1.4.4 2.00 21.35 23.35 NOTE
r-devel-linux-x86_64-fedora-clang 1.4.4 46.01 NOTE
r-devel-linux-x86_64-fedora-gcc 1.4.4 45.51 NOTE
r-devel-osx-x86_64-clang 1.4.4 47.73 NOTE
r-devel-osx-x86_64-gcc 1.4.4 ERROR
r-devel-windows-ix86+x86_64 1.4.4 9.00 44.00 53.00 NOTE
r-patched-linux-x86_64 1.4.4 1.89 21.56 23.45 NOTE
r-patched-solaris-sparc 1.4.4 270.90 NOTE
r-patched-solaris-x86 1.4.4 64.60 NOTE
r-release-linux-ix86 1.4.4 4.00 42.00 46.00 NOTE
r-release-linux-x86_64 1.4.4 1.94 21.74 23.68 NOTE
r-release-osx-x86_64-mavericks 1.4.4 WARN
r-release-osx-x86_64-snowleopard 1.4.4 ERROR
r-release-windows-ix86+x86_64 1.4.4 9.00 45.00 54.00 NOTE
r-oldrel-windows-ix86+x86_64 1.4.4 8.00 47.00 55.00 NOTE

Check Details

Version: 1.4.4
Check: dependencies in R code
Result: NOTE
    Packages in Depends field not imported from:
     ‘rms’ ‘survival’
     These packages need to be imported from (in the NAMESPACE file)
     for when this namespace is loaded but not attached.
    See the information on DESCRIPTION files in the chapter ‘Creating R
    packages’ of the ‘Writing R Extensions’ manual.
Flavors: r-devel-linux-x86_64-debian-clang, r-devel-linux-x86_64-debian-gcc, r-devel-linux-x86_64-fedora-clang, r-devel-linux-x86_64-fedora-gcc, r-devel-osx-x86_64-clang, r-devel-windows-ix86+x86_64, r-patched-linux-x86_64, r-patched-solaris-sparc, r-patched-solaris-x86, r-release-linux-ix86, r-release-linux-x86_64, r-release-osx-x86_64-mavericks, r-release-windows-ix86+x86_64, r-oldrel-windows-ix86+x86_64

Version: 1.4.4
Check: package dependencies
Result: ERROR
    Package required but not available: ‘rms’
    
    See the information on DESCRIPTION files in the chapter ‘Creating R
    packages’ of the ‘Writing R Extensions’ manual.
Flavor: r-devel-osx-x86_64-gcc

Version: 1.4.4
Check: PDF version of manual
Result: WARNING
    LaTeX errors when creating PDF version.
    This typically indicates Rd problems.
    LaTeX errors found:
    ! LaTeX Error: File `upquote.sty' not found.
    
    Type X to quit or <RETURN> to proceed,
    or enter new name. (Default extension: sty)
    
    e50344f/Rd2.tex:8: ==> Fatal error occurred, no output PDF file produced!
Flavor: r-release-osx-x86_64-mavericks

Version: 1.4.4
Check: whether package can be installed
Result: ERROR
    Installation failed.
    See ‘/Volumes/XT3/Builds/R-dev-web/QA/Simon/packages/snowleopard-x86_64/results/3.1/CPE.Rcheck/00install.out’ for details.
Flavor: r-release-osx-x86_64-snowleopard