CRAN Package Check Results for Package CPHshape

Last updated on 2015-05-24 03:47:57.

Flavor Version Tinstall Tcheck Ttotal Status Flags
r-devel-linux-x86_64-debian-clang 1.0.1 0.66 12.42 13.08 NOTE
r-devel-linux-x86_64-debian-gcc 1.0.1 0.71 11.10 11.80 NOTE
r-devel-linux-x86_64-fedora-clang 1.0.1 22.63 NOTE
r-devel-linux-x86_64-fedora-gcc 1.0.1 21.03 NOTE
r-devel-osx-x86_64-clang 1.0.1 25.88 NOTE
r-devel-windows-ix86+x86_64 1.0.1 3.00 18.00 21.00 OK
r-patched-linux-x86_64 1.0.1 0.54 11.68 12.22 NOTE
r-patched-solaris-sparc 1.0.1 162.30 NOTE
r-patched-solaris-x86 1.0.1 31.00 NOTE
r-release-linux-x86_64 1.0.1 0.58 11.28 11.86 NOTE
r-release-osx-x86_64-mavericks 1.0.1 OK
r-release-osx-x86_64-snowleopard 1.0.1 OK
r-release-windows-ix86+x86_64 1.0.1 2.00 15.00 17.00 OK
r-oldrel-windows-ix86+x86_64 1.0.1 4.00 27.00 31.00 OK

Check Details

Version: 1.0.1
Check: S3 generic/method consistency
Result: NOTE
    Found the following apparent S3 methods exported but not registered:
     plot.CPHshape
    See section ‘Registering S3 methods’ in the ‘Writing R Extensions’
    manual.
Flavors: r-devel-linux-x86_64-debian-clang, r-devel-linux-x86_64-debian-gcc, r-devel-linux-x86_64-fedora-clang, r-devel-linux-x86_64-fedora-gcc, r-devel-osx-x86_64-clang, r-patched-linux-x86_64, r-patched-solaris-sparc, r-patched-solaris-x86, r-release-linux-x86_64