CRAN Package Check Results for Package CPHshape

Last updated on 2015-01-31 08:49:38.

Flavor Version Tinstall Tcheck Ttotal Status Flags
r-devel-linux-x86_64-debian-clang 1.0.1 0.56 11.52 12.08 NOTE
r-devel-linux-x86_64-debian-gcc 1.0.1 0.56 11.04 11.60 NOTE
r-devel-linux-x86_64-fedora-clang 1.0.1 25.23 NOTE
r-devel-linux-x86_64-fedora-gcc 1.0.1 23.63 NOTE
r-devel-osx-x86_64-clang 1.0.1 28.15 NOTE
r-devel-windows-ix86+x86_64 1.0.1 3.00 19.00 22.00 OK
r-patched-linux-x86_64 1.0.1 0.62 12.45 13.07 OK
r-patched-solaris-sparc 1.0.1 171.20 OK
r-patched-solaris-x86 1.0.1 34.80 OK
r-release-linux-ix86 1.0.1 0.86 17.23 18.09 OK
r-release-linux-x86_64 1.0.1 0.75 12.20 12.94 OK
r-release-osx-x86_64-mavericks 1.0.1 OK
r-release-osx-x86_64-snowleopard 1.0.1 OK
r-release-windows-ix86+x86_64 1.0.1 2.00 20.00 22.00 OK
r-oldrel-windows-ix86+x86_64 1.0.1 2.00 20.00 22.00 OK

Check Details

Version: 1.0.1
Check: S3 generic/method consistency
Result: NOTE
    Found the following apparent S3 methods exported but not registered:
     plot.CPHshape
    See section ‘Registering S3 methods’ in the ‘Writing R Extensions’
    manual.
Flavors: r-devel-linux-x86_64-debian-clang, r-devel-linux-x86_64-debian-gcc, r-devel-linux-x86_64-fedora-clang, r-devel-linux-x86_64-fedora-gcc, r-devel-osx-x86_64-clang