CRAN Package Check Results for Package CPHshape

Last updated on 2015-07-04 19:47:32.

Flavor Version Tinstall Tcheck Ttotal Status Flags
r-devel-linux-x86_64-debian-clang 1.0.1 0.53 11.31 11.84 NOTE
r-devel-linux-x86_64-debian-gcc 1.0.1 0.55 11.06 11.62 NOTE
r-devel-linux-x86_64-fedora-clang 1.0.1 21.35 NOTE
r-devel-linux-x86_64-fedora-gcc 1.0.1 20.75 NOTE
r-devel-osx-x86_64-clang 1.0.1 21.57 NOTE
r-devel-windows-ix86+x86_64 1.0.1 3.00 19.00 22.00 OK
r-patched-linux-x86_64 1.0.1 0.54 10.94 11.48 NOTE
r-patched-solaris-sparc 1.0.1 162.30 NOTE
r-patched-solaris-x86 1.0.1 31.20 NOTE
r-release-linux-x86_64 1.0.1 0.55 10.99 11.54 NOTE
r-release-osx-x86_64-mavericks 1.0.1 OK
r-release-windows-ix86+x86_64 1.0.1 2.00 18.00 20.00 OK
r-oldrel-windows-ix86+x86_64 1.0.1 4.00 27.00 31.00 OK

Check Details

Version: 1.0.1
Check: S3 generic/method consistency
Result: NOTE
    Found the following apparent S3 methods exported but not registered:
     plot.CPHshape
    See section ‘Registering S3 methods’ in the ‘Writing R Extensions’
    manual.
Flavors: r-devel-linux-x86_64-debian-clang, r-devel-linux-x86_64-debian-gcc, r-devel-linux-x86_64-fedora-clang, r-devel-linux-x86_64-fedora-gcc, r-devel-osx-x86_64-clang, r-patched-linux-x86_64, r-patched-solaris-sparc, r-patched-solaris-x86, r-release-linux-x86_64

Version: 1.0.1
Check: R code for possible problems
Result: NOTE
    find.antimodeMLE: no visible global function definition for ‘par’
    find.decreasingMLE: no visible global function definition for ‘chull’
    find.decreasingMLE: no visible global function definition for ‘points’
    find.increasingMLE: no visible global function definition for ‘chull’
    find.increasingMLE: no visible global function definition for ‘points’
    find.modeMLE: no visible global function definition for ‘par’
    plot.CPHshape: no visible global function definition for ‘plot’
    plot.CPHshape: no visible global function definition for ‘segments’
    plot.CPHshape: no visible global function definition for ‘abline’
    plot.CPHshape: no visible global function definition for ‘grey’
    plot.CPHshape: no visible global function definition for ‘points’
    Undefined global functions or variables:
     abline chull grey par plot points segments
Flavors: r-devel-linux-x86_64-debian-clang, r-devel-linux-x86_64-debian-gcc, r-devel-linux-x86_64-fedora-clang, r-devel-linux-x86_64-fedora-gcc