CRAN Package Check Results for Package CPHshape

Last updated on 2016-08-27 04:50:49.

Flavor Version Tinstall Tcheck Ttotal Status Flags
r-devel-linux-x86_64-debian-clang 1.0.1 0.60 11.83 12.42 NOTE
r-devel-linux-x86_64-debian-gcc 1.0.1 0.77 17.80 18.57 NOTE
r-devel-linux-x86_64-fedora-clang 1.0.1 21.71 NOTE
r-devel-linux-x86_64-fedora-gcc 1.0.1 20.66 NOTE
r-devel-osx-x86_64-clang 1.0.1 18.70 NOTE
r-devel-windows-ix86+x86_64 1.0.1 7.00 31.00 38.00 NOTE
r-patched-linux-x86_64 1.0.1 0.57 11.54 12.11 NOTE
r-patched-solaris-sparc 1.0.1 134.90 NOTE
r-patched-solaris-x86 1.0.1 28.30 NOTE
r-release-linux-x86_64 1.0.1 0.58 11.99 12.57 NOTE
r-release-osx-x86_64-mavericks 1.0.1 NOTE
r-release-windows-ix86+x86_64 1.0.1 7.00 28.00 35.00 NOTE
r-oldrel-windows-ix86+x86_64 1.0.1 2.00 17.00 19.00 OK

Check Details

Version: 1.0.1
Check: S3 generic/method consistency
Result: NOTE
    Found the following apparent S3 methods exported but not registered:
     plot.CPHshape
    See section ‘Registering S3 methods’ in the ‘Writing R Extensions’
    manual.
Flavors: r-devel-linux-x86_64-debian-clang, r-devel-linux-x86_64-debian-gcc, r-devel-linux-x86_64-fedora-clang, r-devel-linux-x86_64-fedora-gcc, r-devel-osx-x86_64-clang, r-patched-linux-x86_64, r-patched-solaris-sparc, r-patched-solaris-x86, r-release-linux-x86_64

Version: 1.0.1
Check: R code for possible problems
Result: NOTE
    find.antimodeMLE: no visible global function definition for ‘par’
    find.decreasingMLE: no visible global function definition for ‘chull’
    find.decreasingMLE: no visible global function definition for ‘points’
    find.increasingMLE: no visible global function definition for ‘chull’
    find.increasingMLE: no visible global function definition for ‘points’
    find.modeMLE: no visible global function definition for ‘par’
    plot.CPHshape: no visible global function definition for ‘plot’
    plot.CPHshape: no visible global function definition for ‘segments’
    plot.CPHshape: no visible global function definition for ‘abline’
    plot.CPHshape: no visible global function definition for ‘grey’
    plot.CPHshape: no visible global function definition for ‘points’
    Undefined global functions or variables:
     abline chull grey par plot points segments
    Consider adding
     importFrom("grDevices", "chull", "grey")
     importFrom("graphics", "abline", "par", "plot", "points", "segments")
    to your NAMESPACE file.
Flavors: r-devel-linux-x86_64-debian-clang, r-devel-linux-x86_64-debian-gcc, r-devel-linux-x86_64-fedora-clang, r-devel-linux-x86_64-fedora-gcc, r-devel-osx-x86_64-clang, r-devel-windows-ix86+x86_64, r-patched-linux-x86_64, r-patched-solaris-sparc, r-patched-solaris-x86, r-release-linux-x86_64, r-release-osx-x86_64-mavericks, r-release-windows-ix86+x86_64