CRAN Package Check Results for Package CPHshape

Last updated on 2018-01-16 07:47:24 CET.

Flavor Version Tinstall Tcheck Ttotal Status Flags
r-devel-linux-x86_64-debian-clang 1.0.1 0.58 21.35 21.93 NOTE
r-devel-linux-x86_64-debian-gcc 1.0.1 0.65 17.36 18.01 NOTE
r-devel-linux-x86_64-fedora-clang 1.0.1 25.63 NOTE
r-devel-linux-x86_64-fedora-gcc 1.0.1 24.96 NOTE
r-devel-windows-ix86+x86_64 1.0.1 2.00 29.00 31.00 NOTE
r-patched-linux-x86_64 1.0.1 0.83 20.88 21.71 NOTE
r-patched-solaris-x86 1.0.1 35.30 NOTE
r-release-linux-x86_64 1.0.1 0.75 20.69 21.44 NOTE
r-release-windows-ix86+x86_64 1.0.1 3.00 28.00 31.00 NOTE
r-release-osx-x86_64 1.0.1 NOTE
r-oldrel-windows-ix86+x86_64 1.0.1 2.00 28.00 30.00 NOTE
r-oldrel-osx-x86_64 1.0.1 NOTE

Check Details

Version: 1.0.1
Check: S3 generic/method consistency
Result: NOTE
    Found the following apparent S3 methods exported but not registered:
     plot.CPHshape
    See section ‘Registering S3 methods’ in the ‘Writing R Extensions’
    manual.
Flavors: r-devel-linux-x86_64-debian-clang, r-devel-linux-x86_64-debian-gcc, r-devel-linux-x86_64-fedora-clang, r-devel-linux-x86_64-fedora-gcc, r-patched-linux-x86_64, r-patched-solaris-x86, r-release-linux-x86_64

Version: 1.0.1
Check: R code for possible problems
Result: NOTE
    find.antimodeMLE: no visible global function definition for ‘par’
    find.decreasingMLE: no visible global function definition for ‘chull’
    find.decreasingMLE: no visible global function definition for ‘points’
    find.increasingMLE: no visible global function definition for ‘chull’
    find.increasingMLE: no visible global function definition for ‘points’
    find.modeMLE: no visible global function definition for ‘par’
    plot.CPHshape: no visible global function definition for ‘plot’
    plot.CPHshape: no visible global function definition for ‘segments’
    plot.CPHshape: no visible global function definition for ‘abline’
    plot.CPHshape: no visible global function definition for ‘grey’
    plot.CPHshape: no visible global function definition for ‘points’
    Undefined global functions or variables:
     abline chull grey par plot points segments
    Consider adding
     importFrom("grDevices", "chull", "grey")
     importFrom("graphics", "abline", "par", "plot", "points", "segments")
    to your NAMESPACE file.
Flavors: r-devel-linux-x86_64-debian-clang, r-devel-linux-x86_64-debian-gcc, r-devel-linux-x86_64-fedora-clang, r-devel-linux-x86_64-fedora-gcc, r-devel-windows-ix86+x86_64, r-patched-linux-x86_64, r-patched-solaris-x86, r-release-linux-x86_64, r-release-windows-ix86+x86_64, r-release-osx-x86_64, r-oldrel-windows-ix86+x86_64, r-oldrel-osx-x86_64