CRAN Package Check Results for Package CPHshape

Last updated on 2015-03-29 04:50:16.

Flavor Version Tinstall Tcheck Ttotal Status Flags
r-devel-linux-x86_64-debian-clang 1.0.1 0.55 11.30 11.85 NOTE
r-devel-linux-x86_64-debian-gcc 1.0.1 0.58 11.67 12.26 NOTE
r-devel-linux-x86_64-fedora-clang 1.0.1 24.00 NOTE
r-devel-linux-x86_64-fedora-gcc 1.0.1 21.14 NOTE
r-devel-osx-x86_64-clang 1.0.1 28.84 NOTE
r-prerel-windows-ix86+x86_64 1.0.1 4.00 18.00 22.00 OK
r-prerel-linux-x86_64 1.0.1 0.55 11.84 12.38 NOTE
r-prerel-solaris-sparc 1.0.1 167.50 OK
r-prerel-solaris-x86 1.0.1 29.80 OK
r-release-linux-x86_64 1.0.1 0.62 12.14 12.75 OK
r-release-osx-x86_64-mavericks 1.0.1 OK
r-release-osx-x86_64-snowleopard 1.0.1 OK
r-release-windows-ix86+x86_64 1.0.1 4.00 27.00 31.00 OK
r-oldrel-windows-ix86+x86_64 1.0.1 2.00 20.00 22.00 OK

Check Details

Version: 1.0.1
Check: S3 generic/method consistency
Result: NOTE
    Found the following apparent S3 methods exported but not registered:
     plot.CPHshape
    See section ‘Registering S3 methods’ in the ‘Writing R Extensions’
    manual.
Flavors: r-devel-linux-x86_64-debian-clang, r-devel-linux-x86_64-debian-gcc, r-devel-linux-x86_64-fedora-clang, r-devel-linux-x86_64-fedora-gcc, r-devel-osx-x86_64-clang, r-prerel-linux-x86_64