CRAN Package Check Results for Package CPMCGLM

Last updated on 2014-04-24 23:48:00.

Flavor Version Tinstall Tcheck Ttotal Status Flags
r-devel-linux-x86_64-debian-clang 1.1 1.14 17.72 18.86 OK
r-devel-linux-x86_64-debian-gcc 1.1 1.13 17.68 18.81 OK
r-devel-linux-x86_64-fedora-clang 1.1 37.22 OK
r-devel-linux-x86_64-fedora-gcc 1.1 35.25 OK
r-devel-osx-x86_64-clang 1.1 37.67 OK
r-devel-osx-x86_64-gcc 1.1 OK
r-devel-windows-ix86+x86_64 1.1 4.00 29.00 33.00 OK
r-patched-linux-x86_64 1.1 1.11 17.64 18.76 OK
r-patched-solaris-sparc 1.1 207.90 OK
r-patched-solaris-x86 1.1 49.60 OK
r-release-linux-ix86 1.1 2.00 33.00 35.00 OK
r-release-linux-x86_64 1.1 1.11 17.45 18.56 OK
r-release-osx-x86_64-mavericks 1.1 WARN
r-release-osx-x86_64-snowleopard 1.1 OK
r-release-windows-ix86+x86_64 1.1 3.00 28.00 31.00 OK
r-oldrel-windows-ix86+x86_64 1.1 4.00 27.00 31.00 OK

Check Details

Version: 1.1
Check: PDF version of manual
Result: WARNING
    LaTeX errors when creating PDF version.
    This typically indicates Rd problems.
    LaTeX errors found:
    ! LaTeX Error: File `upquote.sty' not found.
    
    Type X to quit or <RETURN> to proceed,
    or enter new name. (Default extension: sty)
    
    db5918e/Rd2.tex:8: ==> Fatal error occurred, no output PDF file produced!
Flavor: r-release-osx-x86_64-mavericks