CRAN Package Check Results for Package CPMCGLM

Last updated on 2015-08-30 04:48:18.

Flavor Version Tinstall Tcheck Ttotal Status Flags
r-devel-linux-x86_64-debian-clang 1.1 0.74 13.96 14.70 NOTE
r-devel-linux-x86_64-debian-gcc 1.1 0.73 13.73 14.46 NOTE
r-devel-linux-x86_64-fedora-clang 1.1 28.01 NOTE
r-devel-linux-x86_64-fedora-gcc 1.1 26.61 NOTE
r-devel-osx-x86_64-clang 1.1 26.77 OK
r-devel-windows-ix86+x86_64 1.1 4.00 28.00 32.00 NOTE
r-patched-linux-x86_64 1.1 0.80 14.60 15.40 OK
r-patched-solaris-sparc 1.1 199.70 OK
r-patched-solaris-x86 1.1 44.10 OK
r-release-linux-x86_64 1.1 0.80 14.58 15.38 OK
r-release-osx-x86_64-mavericks 1.1 OK
r-release-windows-ix86+x86_64 1.1 4.00 39.00 43.00 OK
r-oldrel-windows-ix86+x86_64 1.1 6.00 33.00 39.00 OK

Check Details

Version: 1.1
Check: R code for possible problems
Result: NOTE
    CPMCGLM: no visible binding for global variable ‘binomial’
    CPMCGLM: no visible binding for global variable ‘gaussian’
    CPMCGLM: no visible binding for global variable ‘poisson’
    CPMCGLM: no visible global function definition for ‘update’
    CPMCGLM: no visible global function definition for ‘model.response’
    CPMCGLM: no visible global function definition for ‘model.frame’
    CPMCGLM: no visible global function definition for ‘is.empty.model’
    CPMCGLM: no visible global function definition for ‘model.matrix’
    CPMCGLM: no visible binding for global variable ‘contrasts’
    CPMCGLM: no visible global function definition for ‘pchisq’
    CPMCGLM: no visible global function definition for ‘glm’
    CPMCGLM: no visible global function definition for ‘pnorm’
    CPMCGLM: no visible global function definition for ‘rnorm’
    CPMCGLM: no visible global function definition for ‘sd’
    CPMCGLM: no visible global function definition for ‘rbinom’
    CPMCGLM: no visible global function definition for ‘rpois’
    test.liquet: no visible global function definition for ‘glm’
    test.liquet: no visible global function definition for ‘var’
    test.score: no visible global function definition for ‘glm’
    test.score: no visible global function definition for ‘var’
    tmultboot: no visible global function definition for ‘glm’
    tmultboot: no visible global function definition for ‘var’
    Undefined global functions or variables:
     binomial contrasts gaussian glm is.empty.model model.frame
     model.matrix model.response pchisq pnorm poisson rbinom rnorm rpois
     sd update var
    Consider adding
     importFrom("stats", "binomial", "contrasts", "gaussian", "glm",
     "is.empty.model", "model.frame", "model.matrix",
     "model.response", "pchisq", "pnorm", "poisson", "rbinom",
     "rnorm", "rpois", "sd", "update", "var")
    to your NAMESPACE.
Flavors: r-devel-linux-x86_64-debian-clang, r-devel-linux-x86_64-debian-gcc, r-devel-linux-x86_64-fedora-clang, r-devel-linux-x86_64-fedora-gcc, r-devel-windows-ix86+x86_64