CRAN Package Check Results for Package CR

Last updated on 2014-12-18 19:50:33.

Flavor Version Tinstall Tcheck Ttotal Status Flags
r-devel-linux-x86_64-debian-clang 1.0 0.61 32.35 32.96 NOTE
r-devel-linux-x86_64-debian-gcc 1.0 0.60 32.32 32.92 NOTE
r-devel-linux-x86_64-fedora-clang 1.0 64.55 NOTE
r-devel-linux-x86_64-fedora-gcc 1.0 62.59 NOTE
r-devel-osx-x86_64-clang 1.0 54.53 NOTE
r-devel-windows-ix86+x86_64 1.0 4.00 59.00 63.00 NOTE
r-patched-linux-x86_64 1.0 0.62 35.12 35.74 NOTE
r-patched-solaris-sparc 1.0 412.80 NOTE
r-patched-solaris-x86 1.0 81.80 NOTE
r-release-linux-ix86 1.0 0.88 42.79 43.67 NOTE
r-release-linux-x86_64 1.0 0.61 33.04 33.65 NOTE
r-release-osx-x86_64-mavericks 1.0 NOTE
r-release-windows-ix86+x86_64 1.0 3.00 50.00 53.00 NOTE
r-oldrel-windows-ix86+x86_64 1.0 2.00 50.00 52.00 NOTE

Check Details

Version: 1.0
Check: dependencies in R code
Result: NOTE
    Package in Depends field not imported from: ‘methods’
     These packages need to be imported from (in the NAMESPACE file)
     for when this namespace is loaded but not attached.
    See the information on DESCRIPTION files in the chapter ‘Creating R
    packages’ of the ‘Writing R Extensions’ manual.
Flavors: r-devel-linux-x86_64-debian-clang, r-devel-linux-x86_64-debian-gcc, r-devel-linux-x86_64-fedora-clang, r-devel-linux-x86_64-fedora-gcc, r-devel-osx-x86_64-clang, r-devel-windows-ix86+x86_64, r-patched-linux-x86_64, r-patched-solaris-sparc, r-patched-solaris-x86, r-release-linux-ix86, r-release-linux-x86_64, r-release-osx-x86_64-mavericks, r-release-windows-ix86+x86_64, r-oldrel-windows-ix86+x86_64