CRAN Package Check Results for Package CR

Last updated on 2016-12-09 07:48:21.

Flavor Version Tinstall Tcheck Ttotal Status Flags
r-devel-linux-x86_64-debian-clang 1.0 0.69 31.95 32.64 NOTE
r-devel-linux-x86_64-debian-gcc 1.0 0.64 29.74 30.39 NOTE
r-devel-linux-x86_64-fedora-clang 1.0 57.32 NOTE --no-stop-on-test-error
r-devel-linux-x86_64-fedora-gcc 1.0 53.34 NOTE --no-stop-on-test-error
r-devel-macos-x86_64-clang 1.0 43.29 NOTE
r-devel-windows-ix86+x86_64 1.0 7.00 73.00 80.00 NOTE
r-patched-linux-x86_64 1.0 0.69 27.82 28.51 NOTE
r-patched-solaris-sparc 1.0 383.70 NOTE
r-patched-solaris-x86 1.0 69.00 NOTE
r-release-linux-x86_64 1.0 0.63 29.24 29.87 NOTE
r-release-osx-x86_64-mavericks 1.0 NOTE
r-release-windows-ix86+x86_64 1.0 2.00 57.00 59.00 NOTE
r-oldrel-windows-ix86+x86_64 1.0 2.00 51.00 53.00 NOTE

Check Details

Version: 1.0
Check: whether the namespace can be loaded with stated dependencies
Result: NOTE
    Warning: no function found corresponding to methods exports from ‘CR’ for: ‘show’
    
    A namespace must be able to be loaded with just the base namespace
    loaded: otherwise if the namespace gets loaded by a saved object, the
    session will be unable to start.
    
    Probably some imports need to be declared in the NAMESPACE file.
Flavors: r-devel-linux-x86_64-debian-clang, r-devel-linux-x86_64-debian-gcc, r-devel-macos-x86_64-clang, r-devel-windows-ix86+x86_64, r-patched-linux-x86_64, r-patched-solaris-sparc, r-patched-solaris-x86, r-release-linux-x86_64, r-release-osx-x86_64-mavericks, r-release-windows-ix86+x86_64

Version: 1.0
Check: dependencies in R code
Result: NOTE
    Package in Depends field not imported from: ‘methods’
     These packages need to be imported from (in the NAMESPACE file)
     for when this namespace is loaded but not attached.
Flavors: r-devel-linux-x86_64-debian-clang, r-devel-linux-x86_64-debian-gcc, r-devel-macos-x86_64-clang, r-devel-windows-ix86+x86_64, r-patched-linux-x86_64, r-patched-solaris-sparc, r-patched-solaris-x86, r-release-linux-x86_64, r-release-osx-x86_64-mavericks, r-release-windows-ix86+x86_64, r-oldrel-windows-ix86+x86_64

Version: 1.0
Check: R code for possible problems
Result: NOTE
    curerate : cr: no visible global function definition for ‘rbinom’
    curerate : cr: no visible global function definition for ‘rexp’
    curerate : cr: no visible global function definition for ‘runif’
    curerate: no visible global function definition for ‘new’
    showcr: no visible global function definition for ‘show’
    Undefined global functions or variables:
     new rbinom rexp runif show
    Consider adding
     importFrom("methods", "new", "show")
     importFrom("stats", "rbinom", "rexp", "runif")
    to your NAMESPACE file (and ensure that your DESCRIPTION Imports field
    contains 'methods').
Flavors: r-devel-linux-x86_64-debian-clang, r-devel-linux-x86_64-debian-gcc, r-devel-macos-x86_64-clang, r-devel-windows-ix86+x86_64, r-patched-linux-x86_64, r-patched-solaris-sparc, r-patched-solaris-x86, r-release-linux-x86_64, r-release-osx-x86_64-mavericks, r-release-windows-ix86+x86_64

Version: 1.0
Flags: --no-stop-on-test-error
Check: whether the namespace can be loaded with stated dependencies
Result: NOTE
    Warning: no function found corresponding to methods exports from ‘CR’ for: ‘show’
    
    A namespace must be able to be loaded with just the base namespace
    loaded: otherwise if the namespace gets loaded by a saved object, the
    session will be unable to start.
    
    Probably some imports need to be declared in the NAMESPACE file.
Flavors: r-devel-linux-x86_64-fedora-clang, r-devel-linux-x86_64-fedora-gcc

Version: 1.0
Flags: --no-stop-on-test-error
Check: dependencies in R code
Result: NOTE
    Package in Depends field not imported from: ‘methods’
     These packages need to be imported from (in the NAMESPACE file)
     for when this namespace is loaded but not attached.
Flavors: r-devel-linux-x86_64-fedora-clang, r-devel-linux-x86_64-fedora-gcc

Version: 1.0
Flags: --no-stop-on-test-error
Check: R code for possible problems
Result: NOTE
    curerate : cr: no visible global function definition for ‘rbinom’
    curerate : cr: no visible global function definition for ‘rexp’
    curerate : cr: no visible global function definition for ‘runif’
    curerate: no visible global function definition for ‘new’
    showcr: no visible global function definition for ‘show’
    Undefined global functions or variables:
     new rbinom rexp runif show
    Consider adding
     importFrom("methods", "new", "show")
     importFrom("stats", "rbinom", "rexp", "runif")
    to your NAMESPACE file (and ensure that your DESCRIPTION Imports field
    contains 'methods').
Flavors: r-devel-linux-x86_64-fedora-clang, r-devel-linux-x86_64-fedora-gcc