CRAN Package Check Results for Package CR

Last updated on 2014-09-18 21:46:42.

Flavor Version Tinstall Tcheck Ttotal Status Flags
r-devel-linux-x86_64-debian-clang 1.0 0.61 32.89 33.50 NOTE
r-devel-linux-x86_64-debian-gcc 1.0 0.59 33.10 33.69 NOTE
r-devel-linux-x86_64-fedora-clang 1.0 64.15 NOTE
r-devel-linux-x86_64-fedora-gcc 1.0 70.50 NOTE
r-devel-osx-x86_64-clang 1.0 53.21 NOTE
r-devel-windows-ix86+x86_64 1.0 2.00 48.00 50.00 NOTE
r-patched-linux-x86_64 1.0 0.64 32.50 33.14 NOTE
r-patched-solaris-sparc 1.0 412.80 NOTE
r-patched-solaris-x86 1.0 79.90 NOTE
r-release-linux-ix86 1.0 0.93 44.64 45.58 NOTE
r-release-linux-x86_64 1.0 0.69 32.59 33.28 NOTE
r-release-osx-x86_64-mavericks 1.0 NOTE
r-release-windows-ix86+x86_64 1.0 3.00 53.00 56.00 NOTE
r-oldrel-windows-ix86+x86_64 1.0 2.00 50.00 52.00 NOTE

Check Details

Version: 1.0
Check: dependencies in R code
Result: NOTE
    Package in Depends field not imported from: ‘methods’
     These packages need to be imported from (in the NAMESPACE file)
     for when this namespace is loaded but not attached.
    See the information on DESCRIPTION files in the chapter ‘Creating R
    packages’ of the ‘Writing R Extensions’ manual.
Flavors: r-devel-linux-x86_64-debian-clang, r-devel-linux-x86_64-debian-gcc, r-devel-linux-x86_64-fedora-clang, r-devel-linux-x86_64-fedora-gcc, r-devel-osx-x86_64-clang, r-devel-windows-ix86+x86_64, r-patched-linux-x86_64, r-patched-solaris-sparc, r-patched-solaris-x86, r-release-linux-ix86, r-release-linux-x86_64, r-release-osx-x86_64-mavericks, r-release-windows-ix86+x86_64, r-oldrel-windows-ix86+x86_64