CRAN Package Check Results for Package CR

Last updated on 2015-08-31 23:49:27.

Flavor Version Tinstall Tcheck Ttotal Status Flags
r-devel-linux-x86_64-debian-clang 1.0 0.54 28.38 28.92 NOTE
r-devel-linux-x86_64-debian-gcc 1.0 0.52 27.71 28.23 NOTE
r-devel-linux-x86_64-fedora-clang 1.0 54.45 NOTE
r-devel-linux-x86_64-fedora-gcc 1.0 51.07 NOTE
r-devel-osx-x86_64-clang 1.0 43.80 NOTE
r-devel-windows-ix86+x86_64 1.0 2.00 50.00 52.00 NOTE
r-patched-linux-x86_64 1.0 0.56 28.00 28.56 NOTE
r-patched-solaris-sparc 1.0 409.80 NOTE
r-patched-solaris-x86 1.0 74.60 NOTE
r-release-linux-x86_64 1.0 0.62 28.05 28.67 NOTE
r-release-osx-x86_64-mavericks 1.0 NOTE
r-release-windows-ix86+x86_64 1.0 2.00 63.00 65.00 NOTE
r-oldrel-windows-ix86+x86_64 1.0 4.00 63.00 67.00 NOTE

Check Details

Version: 1.0
Check: whether the namespace can be loaded with stated dependencies
Result: NOTE
    Warning: no function found corresponding to methods exports from ‘CR’ for: ‘show’
    
    A namespace must be able to be loaded with just the base namespace
    loaded: otherwise if the namespace gets loaded by a saved object, the
    session will be unable to start.
    
    Probably some imports need to be declared in the NAMESPACE file.
Flavors: r-devel-linux-x86_64-debian-clang, r-devel-linux-x86_64-debian-gcc, r-devel-linux-x86_64-fedora-clang, r-devel-linux-x86_64-fedora-gcc, r-devel-osx-x86_64-clang, r-devel-windows-ix86+x86_64

Version: 1.0
Check: dependencies in R code
Result: NOTE
    Package in Depends field not imported from: ‘methods’
     These packages need to be imported from (in the NAMESPACE file)
     for when this namespace is loaded but not attached.
Flavors: r-devel-linux-x86_64-debian-clang, r-devel-linux-x86_64-debian-gcc, r-devel-linux-x86_64-fedora-clang, r-devel-linux-x86_64-fedora-gcc, r-devel-osx-x86_64-clang, r-devel-windows-ix86+x86_64, r-patched-linux-x86_64, r-patched-solaris-sparc, r-patched-solaris-x86, r-release-linux-x86_64, r-release-osx-x86_64-mavericks, r-release-windows-ix86+x86_64, r-oldrel-windows-ix86+x86_64

Version: 1.0
Check: R code for possible problems
Result: NOTE
    curerate : cr: no visible global function definition for ‘rbinom’
    curerate : cr: no visible global function definition for ‘rexp’
    curerate : cr: no visible global function definition for ‘runif’
    curerate: no visible global function definition for ‘new’
    showcr: no visible global function definition for ‘show’
    Undefined global functions or variables:
     new rbinom rexp runif show
    Consider adding
     importFrom("methods", "new", "show")
     importFrom("stats", "rbinom", "rexp", "runif")
    to your NAMESPACE (and ensure that your DESCRIPTION Imports field
    contains 'methods').
Flavors: r-devel-linux-x86_64-debian-clang, r-devel-linux-x86_64-debian-gcc, r-devel-linux-x86_64-fedora-clang, r-devel-linux-x86_64-fedora-gcc, r-devel-windows-ix86+x86_64