CRAN Package Check Results for Package CR

Last updated on 2014-04-19 23:49:51.

Flavor Version Tinstall Tcheck Ttotal Status Flags
r-devel-linux-x86_64-debian-clang 1.0 0.65 33.22 33.87 NOTE
r-devel-linux-x86_64-debian-gcc 1.0 0.69 32.82 33.51 NOTE
r-devel-linux-x86_64-fedora-clang 1.0 65.91 NOTE
r-devel-linux-x86_64-fedora-gcc 1.0 63.78 NOTE
r-devel-macosx-x86_64-clang 1.0 56.59 NOTE
r-devel-macosx-x86_64-gcc 1.0 NOTE
r-devel-windows-ix86+x86_64 1.0 2.00 48.00 50.00 NOTE
r-patched-linux-x86_64 1.0 0.67 33.02 33.69 NOTE
r-patched-solaris-sparc 1.0 403.10 NOTE
r-patched-solaris-x86 1.0 81.50 NOTE
r-release-linux-ix86 NOTE
r-release-linux-x86_64 1.0 0.65 33.17 33.82 NOTE
r-release-windows-ix86+x86_64 1.0 4.00 61.00 65.00 NOTE
r-oldrel-windows-ix86+x86_64 1.0 2.00 50.00 52.00 NOTE

Check Details

Version: 1.0
Check: dependencies in R code
Result: NOTE
    Package in Depends field not imported from: ‘methods’
     These packages need to be imported from (in the NAMESPACE file)
     for when this namespace is loaded but not attached.
    See the information on DESCRIPTION files in the chapter ‘Creating R
    packages’ of the ‘Writing R Extensions’ manual.
Flavors: r-devel-linux-x86_64-debian-clang, r-devel-linux-x86_64-debian-gcc, r-devel-linux-x86_64-fedora-clang, r-devel-linux-x86_64-fedora-gcc, r-devel-macosx-x86_64-clang, r-devel-macosx-x86_64-gcc, r-devel-windows-ix86+x86_64, r-patched-linux-x86_64, r-patched-solaris-sparc, r-patched-solaris-x86, r-release-linux-ix86, r-release-linux-x86_64, r-release-windows-ix86+x86_64, r-oldrel-windows-ix86+x86_64