CRAN Package Check Results for Package CR

Last updated on 2015-05-23 14:46:53.

Flavor Version Tinstall Tcheck Ttotal Status Flags
r-devel-linux-x86_64-debian-clang 1.0 0.58 29.40 29.98 NOTE
r-devel-linux-x86_64-debian-gcc 1.0 0.57 27.88 28.46 NOTE
r-devel-linux-x86_64-fedora-clang 1.0 56.15 NOTE
r-devel-linux-x86_64-fedora-gcc 1.0 53.82 NOTE
r-devel-osx-x86_64-clang 1.0 48.30 NOTE
r-devel-windows-ix86+x86_64 1.0 4.00 43.00 47.00 NOTE
r-patched-linux-x86_64 1.0 0.67 28.48 29.14 NOTE
r-patched-solaris-sparc 1.0 421.30 NOTE
r-patched-solaris-x86 1.0 72.00 NOTE
r-release-linux-x86_64 1.0 0.58 28.14 28.72 NOTE
r-release-osx-x86_64-mavericks 1.0 NOTE
r-release-osx-x86_64-snowleopard 1.0 NOTE
r-release-windows-ix86+x86_64 1.0 2.00 41.00 43.00 NOTE
r-oldrel-windows-ix86+x86_64 1.0 4.00 63.00 67.00 NOTE

Check Details

Version: 1.0
Check: dependencies in R code
Result: NOTE
    Package in Depends field not imported from: ‘methods’
     These packages need to be imported from (in the NAMESPACE file)
     for when this namespace is loaded but not attached.
Flavors: r-devel-linux-x86_64-debian-clang, r-devel-linux-x86_64-debian-gcc, r-devel-linux-x86_64-fedora-clang, r-devel-linux-x86_64-fedora-gcc, r-devel-osx-x86_64-clang, r-devel-windows-ix86+x86_64, r-patched-linux-x86_64, r-patched-solaris-sparc, r-patched-solaris-x86, r-release-linux-x86_64, r-release-osx-x86_64-mavericks, r-release-osx-x86_64-snowleopard, r-release-windows-ix86+x86_64, r-oldrel-windows-ix86+x86_64