CRAN Package Check Results for Package CR

Last updated on 2015-03-02 16:50:02.

Flavor Version Tinstall Tcheck Ttotal Status Flags
r-devel-linux-x86_64-debian-clang 1.0 0.58 28.90 29.48 NOTE
r-devel-linux-x86_64-debian-gcc 1.0 0.56 27.89 28.45 NOTE
r-devel-linux-x86_64-fedora-clang 1.0 55.41 NOTE
r-devel-linux-x86_64-fedora-gcc 1.0 45.31 NOTE
r-devel-osx-x86_64-clang 1.0 48.21 NOTE
r-devel-windows-ix86+x86_64 1.0 4.00 45.00 49.00 NOTE
r-patched-linux-x86_64 1.0 0.61 32.69 33.30 NOTE
r-patched-solaris-sparc 1.0 433.00 NOTE
r-patched-solaris-x86 1.0 81.70 NOTE
r-release-linux-ix86 1.0 0.94 45.29 46.23 NOTE
r-release-linux-x86_64 1.0 0.59 32.44 33.03 NOTE
r-release-osx-x86_64-mavericks 1.0 NOTE
r-release-windows-ix86+x86_64 1.0 3.00 50.00 53.00 NOTE
r-oldrel-windows-ix86+x86_64 1.0 2.00 50.00 52.00 NOTE

Check Details

Version: 1.0
Check: dependencies in R code
Result: NOTE
    Package in Depends field not imported from: ‘methods’
     These packages need to be imported from (in the NAMESPACE file)
     for when this namespace is loaded but not attached.
Flavors: r-devel-linux-x86_64-debian-clang, r-devel-linux-x86_64-debian-gcc, r-devel-linux-x86_64-fedora-clang, r-devel-linux-x86_64-fedora-gcc, r-devel-osx-x86_64-clang, r-devel-windows-ix86+x86_64, r-patched-linux-x86_64, r-patched-solaris-x86

Version: 1.0
Check: dependencies in R code
Result: NOTE
    Package in Depends field not imported from: ‘methods’
     These packages need to be imported from (in the NAMESPACE file)
     for when this namespace is loaded but not attached.
    See the information on DESCRIPTION files in the chapter ‘Creating R
    packages’ of the ‘Writing R Extensions’ manual.
Flavors: r-patched-solaris-sparc, r-release-linux-ix86, r-release-linux-x86_64, r-release-osx-x86_64-mavericks, r-release-windows-ix86+x86_64, r-oldrel-windows-ix86+x86_64