CRAN Package Check Results for Package CR

Last updated on 2015-04-19 23:49:10.

Flavor Version Tinstall Tcheck Ttotal Status Flags
r-devel-linux-x86_64-debian-clang 1.0 0.57 29.00 29.57 NOTE
r-devel-linux-x86_64-debian-gcc 1.0 0.58 29.72 30.30 NOTE
r-devel-linux-x86_64-fedora-clang 1.0 55.45 NOTE
r-devel-linux-x86_64-fedora-gcc 1.0 57.30 NOTE
r-devel-osx-x86_64-clang 1.0 48.05 NOTE
r-devel-windows-ix86+x86_64 1.0 3.00 41.00 44.00 NOTE
r-patched-linux-x86_64 1.0 0.58 28.89 29.47 NOTE
r-patched-solaris-sparc 1.0 411.10 NOTE
r-patched-solaris-x86 1.0 70.50 NOTE
r-release-linux-x86_64 1.0 0.57 29.64 30.21 NOTE
r-release-osx-x86_64-mavericks 1.0 NOTE
r-release-osx-x86_64-snowleopard 1.0 NOTE
r-release-windows-ix86+x86_64 1.0 2.00 41.00 43.00 NOTE
r-oldrel-windows-ix86+x86_64 1.0 4.00 63.00 67.00 NOTE

Check Details

Version: 1.0
Check: dependencies in R code
Result: NOTE
    Package in Depends field not imported from: ‘methods’
     These packages need to be imported from (in the NAMESPACE file)
     for when this namespace is loaded but not attached.
Flavors: r-devel-linux-x86_64-debian-clang, r-devel-linux-x86_64-debian-gcc, r-devel-linux-x86_64-fedora-clang, r-devel-linux-x86_64-fedora-gcc, r-devel-osx-x86_64-clang, r-devel-windows-ix86+x86_64, r-patched-linux-x86_64, r-patched-solaris-sparc, r-patched-solaris-x86, r-release-linux-x86_64, r-release-osx-x86_64-mavericks, r-release-osx-x86_64-snowleopard, r-release-windows-ix86+x86_64, r-oldrel-windows-ix86+x86_64