CRAN Package Check Results for Package CR

Last updated on 2014-07-25 03:49:44.

Flavor Version Tinstall Tcheck Ttotal Status Flags
r-devel-linux-x86_64-debian-clang 1.0 0.66 32.61 33.27 NOTE
r-devel-linux-x86_64-debian-gcc 1.0 0.60 32.08 32.69 NOTE
r-devel-linux-x86_64-fedora-clang 1.0 66.76 NOTE
r-devel-linux-x86_64-fedora-gcc 1.0 63.33 NOTE
r-devel-osx-x86_64-clang 1.0 54.49 NOTE
r-devel-windows-ix86+x86_64 1.0 2.00 53.00 55.00 NOTE
r-patched-linux-x86_64 1.0 0.62 32.56 33.19 NOTE
r-patched-solaris-sparc 1.0 403.10 NOTE
r-patched-solaris-x86 1.0 79.30 NOTE
r-release-linux-ix86 1.0 0.94 44.68 45.62 NOTE
r-release-linux-x86_64 1.0 0.65 32.85 33.50 NOTE
r-release-osx-x86_64-mavericks 1.0 NOTE
r-release-windows-ix86+x86_64 1.0 3.00 53.00 56.00 NOTE
r-oldrel-windows-ix86+x86_64 1.0 2.00 50.00 52.00 NOTE

Check Details

Version: 1.0
Check: dependencies in R code
Result: NOTE
    Package in Depends field not imported from: ‘methods’
     These packages need to be imported from (in the NAMESPACE file)
     for when this namespace is loaded but not attached.
    See the information on DESCRIPTION files in the chapter ‘Creating R
    packages’ of the ‘Writing R Extensions’ manual.
Flavors: r-devel-linux-x86_64-debian-clang, r-devel-linux-x86_64-debian-gcc, r-devel-linux-x86_64-fedora-clang, r-devel-linux-x86_64-fedora-gcc, r-devel-osx-x86_64-clang, r-devel-windows-ix86+x86_64, r-patched-linux-x86_64, r-patched-solaris-sparc, r-patched-solaris-x86, r-release-linux-ix86, r-release-linux-x86_64, r-release-osx-x86_64-mavericks, r-release-windows-ix86+x86_64, r-oldrel-windows-ix86+x86_64