CRAN Package Check Results for Package CRAC

Last updated on 2019-06-19 08:52:57 CEST.

Flavor Version Tinstall Tcheck Ttotal Status Flags
r-devel-linux-x86_64-debian-clang 1.0 1.49 16.86 18.35 NOTE
r-devel-linux-x86_64-debian-gcc 1.0 1.24 14.00 15.24 NOTE
r-devel-linux-x86_64-fedora-clang 1.0 22.39 NOTE
r-devel-linux-x86_64-fedora-gcc 1.0 22.06 NOTE
r-devel-windows-ix86+x86_64 1.0 9.00 28.00 37.00 NOTE
r-patched-linux-x86_64 1.0 1.36 16.94 18.30 NOTE
r-patched-solaris-x86 1.0 38.40 NOTE
r-release-linux-x86_64 1.0 1.43 17.35 18.78 NOTE
r-release-windows-ix86+x86_64 1.0 6.00 38.00 44.00 NOTE
r-release-osx-x86_64 1.0 NOTE
r-oldrel-windows-ix86+x86_64 1.0 2.00 27.00 29.00 NOTE
r-oldrel-osx-x86_64 1.0 NOTE

Check Details

Version: 1.0
Check: R code for possible problems
Result: NOTE
    distance.comoving: no visible global function definition for
     'integrate'
    Undefined global functions or variables:
     integrate
    Consider adding
     importFrom("stats", "integrate")
    to your NAMESPACE file.
Flavors: r-devel-linux-x86_64-debian-clang, r-devel-linux-x86_64-debian-gcc, r-devel-linux-x86_64-fedora-clang, r-devel-linux-x86_64-fedora-gcc, r-devel-windows-ix86+x86_64, r-patched-linux-x86_64, r-patched-solaris-x86, r-release-linux-x86_64, r-release-windows-ix86+x86_64, r-release-osx-x86_64, r-oldrel-windows-ix86+x86_64, r-oldrel-osx-x86_64