CRAN Package Check Results for Package CRANsearcher

Last updated on 2019-03-25 11:53:07 CET.

Flavor Version Tinstall Tcheck Ttotal Status Flags
r-devel-linux-x86_64-debian-clang 1.0.0 5.45 37.03 42.48 OK
r-devel-linux-x86_64-debian-gcc 1.0.0 4.94 30.15 35.09 OK
r-devel-linux-x86_64-fedora-clang 1.0.0 61.94 NOTE
r-devel-linux-x86_64-fedora-gcc 1.0.0 52.31 NOTE
r-devel-windows-ix86+x86_64 1.0.0 16.00 68.00 84.00 OK
r-patched-linux-x86_64 1.0.0 4.70 35.84 40.54 OK
r-patched-solaris-x86 1.0.0 87.00 NOTE
r-release-linux-x86_64 1.0.0 4.11 36.01 40.12 OK
r-release-windows-ix86+x86_64 1.0.0 11.00 71.00 82.00 OK
r-release-osx-x86_64 1.0.0 NOTE
r-oldrel-windows-ix86+x86_64 1.0.0 8.00 55.00 63.00 OK
r-oldrel-osx-x86_64 1.0.0 NOTE

Check Details

Version: 1.0.0
Check: data for non-ASCII characters
Result: NOTE
     Note: found 11 marked Latin-1 strings
     Note: found 57 marked UTF-8 strings
Flavors: r-devel-linux-x86_64-fedora-clang, r-devel-linux-x86_64-fedora-gcc, r-patched-solaris-x86, r-release-osx-x86_64, r-oldrel-osx-x86_64