CRAN Package Check Results for Package CRANsearcher

Last updated on 2019-01-21 06:47:08 CET.

Flavor Version Tinstall Tcheck Ttotal Status Flags
r-devel-linux-x86_64-debian-clang 1.0.0 4.84 40.50 45.34 OK
r-devel-linux-x86_64-debian-gcc 1.0.0 3.57 31.01 34.58 OK
r-devel-linux-x86_64-fedora-clang 1.0.0 51.10 NOTE
r-devel-linux-x86_64-fedora-gcc 1.0.0 47.28 NOTE
r-devel-windows-ix86+x86_64 1.0.0 11.00 71.00 82.00 OK
r-patched-linux-x86_64 1.0.0 4.57 36.39 40.96 OK
r-patched-solaris-x86 1.0.0 86.10 NOTE
r-release-linux-x86_64 1.0.0 4.14 36.78 40.92 OK
r-release-windows-ix86+x86_64 1.0.0 14.00 68.00 82.00 OK
r-release-osx-x86_64 1.0.0 NOTE
r-oldrel-windows-ix86+x86_64 1.0.0 10.00 51.00 61.00 OK
r-oldrel-osx-x86_64 1.0.0 NOTE

Check Details

Version: 1.0.0
Check: data for non-ASCII characters
Result: NOTE
     Note: found 11 marked Latin-1 strings
     Note: found 57 marked UTF-8 strings
Flavors: r-devel-linux-x86_64-fedora-clang, r-devel-linux-x86_64-fedora-gcc, r-patched-solaris-x86, r-release-osx-x86_64, r-oldrel-osx-x86_64