CRAN Package Check Results for Package CRANsearcher

Last updated on 2019-07-23 07:48:43 CEST.

Flavor Version Tinstall Tcheck Ttotal Status Flags
r-devel-linux-x86_64-debian-clang 1.0.0 5.77 40.20 45.97 OK
r-devel-linux-x86_64-debian-gcc 1.0.0 4.83 30.93 35.76 OK
r-devel-linux-x86_64-fedora-clang 1.0.0 59.94 NOTE
r-devel-linux-x86_64-fedora-gcc 1.0.0 60.58 NOTE
r-devel-windows-ix86+x86_64 1.0.0 15.00 47.00 62.00 OK
r-patched-linux-x86_64 1.0.0 6.23 39.08 45.31 OK
r-patched-solaris-x86 1.0.0 91.30 NOTE
r-release-linux-x86_64 1.0.0 5.29 38.01 43.30 OK
r-release-windows-ix86+x86_64 1.0.0 10.00 52.00 62.00 OK
r-release-osx-x86_64 1.0.0 NOTE
r-oldrel-windows-ix86+x86_64 1.0.0 13.00 70.00 83.00 OK
r-oldrel-osx-x86_64 1.0.0 NOTE

Check Details

Version: 1.0.0
Check: data for non-ASCII characters
Result: NOTE
     Note: found 11 marked Latin-1 strings
     Note: found 57 marked UTF-8 strings
Flavors: r-devel-linux-x86_64-fedora-clang, r-devel-linux-x86_64-fedora-gcc, r-patched-solaris-x86, r-release-osx-x86_64, r-oldrel-osx-x86_64