CRAN Package Check Results for Package CRF

Last updated on 2017-04-30 05:48:15.

Flavor Version Tinstall Tcheck Ttotal Status Flags
r-devel-linux-x86_64-debian-clang 0.3-14 11.15 106.05 117.20 NOTE
r-devel-linux-x86_64-debian-gcc 0.3-14 8.59 106.42 115.02 NOTE
r-devel-linux-x86_64-fedora-clang 0.3-14 235.46 NOTE --no-stop-on-test-error
r-devel-linux-x86_64-fedora-gcc 0.3-14 229.21 NOTE --no-stop-on-test-error
r-devel-windows-ix86+x86_64 0.3-14 67.00 365.00 432.00 OK
r-patched-linux-x86_64 0.3-14 8.26 104.74 113.00 NOTE
r-patched-solaris-sparc 0.3-14 1706.60 OK
r-patched-solaris-x86 0.3-14 357.90 OK
r-release-linux-x86_64 0.3-14 8.31 106.40 114.71 NOTE
r-release-windows-ix86+x86_64 0.3-14 76.00 360.00 436.00 OK
r-release-osx-x86_64 0.3-14 ERROR
r-oldrel-windows-ix86+x86_64 0.3-14 56.00 341.00 397.00 OK
r-oldrel-osx-x86_64 0.3-14 OK

Check Details

Version: 0.3-14
Check: compiled code
Result: NOTE
    File ‘CRF/libs/CRF.so’:
     Found no call to: ‘R_useDynamicSymbols’
    
    It is good practice to register native routines and to disable symbol
    search.
    
    See ‘Writing portable packages’ in the ‘Writing R Extensions’ manual.
Flavors: r-devel-linux-x86_64-debian-clang, r-devel-linux-x86_64-debian-gcc, r-patched-linux-x86_64, r-release-linux-x86_64

Version: 0.3-14
Flags: --no-stop-on-test-error
Check: compiled code
Result: NOTE
    File ‘CRF/libs/CRF.so’:
     Found no call to: ‘R_useDynamicSymbols’
    
    It is good practice to register native routines and to disable symbol
    search.
    
    See ‘Writing portable packages’ in the ‘Writing R Extensions’ manual.
Flavors: r-devel-linux-x86_64-fedora-clang, r-devel-linux-x86_64-fedora-gcc

Version: 0.3-14
Check: package dependencies
Result: ERROR
    Package required but not available: ‘Rglpk’
    
    See section ‘The DESCRIPTION file’ in the ‘Writing R Extensions’
    manual.
Flavor: r-release-osx-x86_64