CRAN Package Check Results for Package CRF

Last updated on 2016-04-29 06:47:19.

Flavor Version Tinstall Tcheck Ttotal Status Flags
r-devel-linux-x86_64-debian-gcc 0.3-8 8.38 84.98 93.35 NOTE
r-devel-linux-x86_64-fedora-clang 0.3-8 185.08 NOTE
r-devel-linux-x86_64-fedora-gcc 0.3-8 177.11 NOTE
r-devel-osx-x86_64-clang 0.3-8 204.04 NOTE
r-devel-windows-ix86+x86_64 0.3-8 37.00 244.00 281.00 NOTE
r-patched-linux-x86_64 0.3-8 8.05 84.87 92.91 NOTE
r-patched-solaris-sparc 0.3-8 1454.50 NOTE
r-patched-solaris-x86 0.3-8 285.30 NOTE
r-release-linux-x86_64 0.3-8 8.12 89.14 97.26 OK
r-release-osx-x86_64-mavericks 0.3-8 OK
r-release-windows-ix86+x86_64 0.3-8 51.00 273.00 324.00 OK
r-oldrel-windows-ix86+x86_64 0.3-8 69.00 260.00 329.00 OK

Check Details

Version: 0.3-8
Check: R code for possible problems
Result: NOTE
    decode.block: no visible global function definition for ‘runif’
    train.crf: no visible global function definition for ‘optim’
    train.mrf: no visible global function definition for ‘optim’
    Undefined global functions or variables:
     optim runif
    Consider adding
     importFrom("stats", "optim", "runif")
    to your NAMESPACE file.
Flavors: r-devel-linux-x86_64-debian-gcc, r-devel-linux-x86_64-fedora-clang, r-devel-linux-x86_64-fedora-gcc, r-devel-osx-x86_64-clang, r-devel-windows-ix86+x86_64, r-patched-linux-x86_64, r-patched-solaris-sparc, r-patched-solaris-x86