CRAN Package Check Results for Package CRF

Last updated on 2017-02-22 07:48:08.

Flavor Version Tinstall Tcheck Ttotal Status Flags
r-devel-linux-x86_64-debian-clang 0.3-14 9.98 108.66 118.64 NOTE
r-devel-linux-x86_64-debian-gcc 0.3-14 8.51 106.98 115.50 NOTE
r-devel-linux-x86_64-fedora-clang 0.3-14 237.91 NOTE --no-stop-on-test-error
r-devel-linux-x86_64-fedora-gcc 0.3-14 256.41 NOTE --no-stop-on-test-error
r-devel-macos-x86_64-clang 0.3-14 183.24 NOTE --no-stop-on-test-error
r-devel-windows-ix86+x86_64 0.3-14 62.00 358.00 420.00 OK
r-patched-linux-x86_64 0.3-14 8.18 102.11 110.29 OK
r-patched-solaris-sparc 0.3-14 1550.60 OK
r-patched-solaris-x86 0.3-14 337.30 OK
r-release-linux-x86_64 0.3-14 8.16 101.35 109.51 OK
r-release-osx-x86_64-mavericks 0.3-14 OK
r-release-windows-ix86+x86_64 0.3-14 112.00 277.00 389.00 OK
r-oldrel-windows-ix86+x86_64 0.3-14 88.00 443.00 531.00 OK

Check Details

Version: 0.3-14
Check: compiled code
Result: NOTE
    File ‘CRF/libs/CRF.so’:
     Found no call to: ‘R_useDynamicSymbols’
    
    It is good practice to register native routines and to disable symbol
    search.
    
    See ‘Writing portable packages’ in the ‘Writing R Extensions’ manual.
Flavors: r-devel-linux-x86_64-debian-clang, r-devel-linux-x86_64-debian-gcc

Version: 0.3-14
Flags: --no-stop-on-test-error
Check: compiled code
Result: NOTE
    File ‘CRF/libs/CRF.so’:
     Found no call to: ‘R_useDynamicSymbols’
    
    It is good practice to register native routines and to disable symbol
    search.
    
    See ‘Writing portable packages’ in the ‘Writing R Extensions’ manual.
Flavors: r-devel-linux-x86_64-fedora-clang, r-devel-linux-x86_64-fedora-gcc, r-devel-macos-x86_64-clang