CRAN Package Check Results for Package CRF

Last updated on 2017-12-13 07:48:19 CET.

Flavor Version Tinstall Tcheck Ttotal Status Flags
r-devel-linux-x86_64-debian-clang 0.3-14 12.81 148.65 161.46 NOTE
r-devel-linux-x86_64-debian-gcc 0.3-14 10.66 117.92 128.58 NOTE
r-devel-linux-x86_64-fedora-clang 0.3-14 201.20 NOTE
r-devel-linux-x86_64-fedora-gcc 0.3-14 195.37 NOTE
r-devel-windows-ix86+x86_64 0.3-14 67.00 340.00 407.00 OK
r-patched-linux-x86_64 0.3-14 12.19 165.38 177.57 NOTE
r-patched-solaris-x86 0.3-14 338.40 OK
r-release-linux-x86_64 0.3-14 12.21 163.76 175.97 NOTE
r-release-windows-ix86+x86_64 0.3-14 48.00 280.00 328.00 OK
r-release-osx-x86_64 0.3-14 ERROR
r-oldrel-windows-ix86+x86_64 0.3-14 67.00 329.00 396.00 OK
r-oldrel-osx-x86_64 0.3-14 OK

Additional issues

rchk

Check Details

Version: 0.3-14
Check: compiled code
Result: NOTE
    File ‘CRF/libs/CRF.so’:
     Found no call to: ‘R_useDynamicSymbols’
    
    It is good practice to register native routines and to disable symbol
    search.
    
    See ‘Writing portable packages’ in the ‘Writing R Extensions’ manual.
Flavors: r-devel-linux-x86_64-debian-clang, r-devel-linux-x86_64-debian-gcc, r-devel-linux-x86_64-fedora-clang, r-devel-linux-x86_64-fedora-gcc, r-patched-linux-x86_64, r-release-linux-x86_64

Version: 0.3-14
Check: package dependencies
Result: ERROR
    Package required but not available: ‘Rglpk’
    
    See section ‘The DESCRIPTION file’ in the ‘Writing R Extensions’
    manual.
Flavor: r-release-osx-x86_64