CRAN Package Check Results for Package CRF

Last updated on 2018-04-25 01:46:31 CEST.

Flavor Version Tinstall Tcheck Ttotal Status Flags
r-devel-linux-x86_64-debian-clang 0.3-14 15.58 158.44 174.02 NOTE
r-devel-linux-x86_64-debian-gcc 0.3-14 11.32 124.75 136.07 NOTE
r-devel-linux-x86_64-fedora-clang 0.3-14 204.74 NOTE
r-devel-linux-x86_64-fedora-gcc 0.3-14 197.43 NOTE
r-devel-windows-ix86+x86_64 0.3-14 67.00 329.00 396.00 OK
r-patched-linux-x86_64 0.3-14 13.77 158.16 171.93 NOTE
r-patched-solaris-x86 0.3-14 356.10 OK
r-release-linux-x86_64 0.3-14 13.79 158.01 171.80 NOTE
r-release-windows-ix86+x86_64 0.3-14 67.00 329.00 396.00 OK
r-release-osx-x86_64 0.3-14 ERROR
r-oldrel-windows-ix86+x86_64 0.3-14 52.00 267.00 319.00 OK
r-oldrel-osx-x86_64 0.3-14 ERROR

Additional issues

rchk

Check Details

Version: 0.3-14
Check: compiled code
Result: NOTE
    File ‘CRF/libs/CRF.so’:
     Found no call to: ‘R_useDynamicSymbols’
    
    It is good practice to register native routines and to disable symbol
    search.
    
    See ‘Writing portable packages’ in the ‘Writing R Extensions’ manual.
Flavors: r-devel-linux-x86_64-debian-clang, r-devel-linux-x86_64-debian-gcc, r-devel-linux-x86_64-fedora-clang, r-devel-linux-x86_64-fedora-gcc, r-patched-linux-x86_64, r-release-linux-x86_64

Version: 0.3-14
Check: package dependencies
Result: ERROR
    Package required but not available: ‘Rglpk’
    
    See section ‘The DESCRIPTION file’ in the ‘Writing R Extensions’
    manual.
Flavors: r-release-osx-x86_64, r-oldrel-osx-x86_64