CRAN Package Check Results for Package CRF

Last updated on 2015-08-04 06:47:32.

Flavor Version Tinstall Tcheck Ttotal Status Flags
r-devel-linux-x86_64-debian-clang 0.3-8 7.70 91.13 98.82 NOTE
r-devel-linux-x86_64-debian-gcc 0.3-8 8.07 92.96 101.02 NOTE
r-devel-linux-x86_64-fedora-clang 0.3-8 193.18 NOTE
r-devel-linux-x86_64-fedora-gcc 0.3-8 180.72 NOTE
r-devel-osx-x86_64-clang 0.3-8 163.11 OK
r-devel-windows-ix86+x86_64 0.3-8 80.00 328.00 408.00 NOTE
r-patched-linux-x86_64 0.3-8 8.15 87.63 95.78 OK
r-patched-solaris-sparc 0.3-8 1599.30 OK
r-patched-solaris-x86 0.3-8 306.30 OK
r-release-linux-x86_64 0.3-8 8.24 87.78 96.01 OK
r-release-osx-x86_64-mavericks 0.3-8 OK
r-release-windows-ix86+x86_64 0.3-8 71.00 333.00 404.00 OK
r-oldrel-windows-ix86+x86_64 0.3-8 52.00 267.00 319.00 OK

Check Details

Version: 0.3-8
Check: R code for possible problems
Result: NOTE
    decode.block: no visible global function definition for ‘runif’
    train.crf: no visible global function definition for ‘optim’
    train.mrf: no visible global function definition for ‘optim’
    Undefined global functions or variables:
     optim runif
    Consider adding
     importFrom("stats", "optim", "runif")
    to your NAMESPACE.
Flavors: r-devel-linux-x86_64-debian-clang, r-devel-linux-x86_64-debian-gcc, r-devel-linux-x86_64-fedora-clang, r-devel-linux-x86_64-fedora-gcc, r-devel-windows-ix86+x86_64