CRAN Package Check Results for Package CRF

Last updated on 2017-06-23 18:46:25.

Flavor Version Tinstall Tcheck Ttotal Status Flags
r-devel-linux-x86_64-debian-clang 0.3-14 12.07 104.59 116.66 NOTE
r-devel-linux-x86_64-debian-gcc 0.3-14 8.87 104.03 112.90 NOTE
r-devel-linux-x86_64-fedora-clang 0.3-14 240.64 NOTE
r-devel-linux-x86_64-fedora-gcc 0.3-14 230.84 NOTE
r-devel-windows-ix86+x86_64 0.3-14 49.00 337.00 386.00 OK
r-patched-linux-x86_64 0.3-14 8.06 102.89 110.94 NOTE
r-patched-solaris-sparc 0.3-14 1706.60 OK
r-patched-solaris-x86 0.3-14 342.10 OK
r-release-linux-x86_64 0.3-14 9.24 107.42 116.66 NOTE
r-release-windows-ix86+x86_64 0.3-14 52.00 290.00 342.00 OK
r-release-osx-x86_64 0.3-14 ERROR
r-oldrel-windows-ix86+x86_64 0.3-14 76.00 340.00 416.00 OK
r-oldrel-osx-x86_64 0.3-14 OK

Additional issues

rchk

Check Details

Version: 0.3-14
Check: compiled code
Result: NOTE
    File ‘CRF/libs/CRF.so’:
     Found no call to: ‘R_useDynamicSymbols’
    
    It is good practice to register native routines and to disable symbol
    search.
    
    See ‘Writing portable packages’ in the ‘Writing R Extensions’ manual.
Flavors: r-devel-linux-x86_64-debian-clang, r-devel-linux-x86_64-debian-gcc, r-devel-linux-x86_64-fedora-clang, r-devel-linux-x86_64-fedora-gcc, r-patched-linux-x86_64, r-release-linux-x86_64

Version: 0.3-14
Check: package dependencies
Result: ERROR
    Package required but not available: ‘Rglpk’
    
    See section ‘The DESCRIPTION file’ in the ‘Writing R Extensions’
    manual.
Flavor: r-release-osx-x86_64