CRAN Package Check Results for Package CRF

Last updated on 2015-09-01 12:48:07.

Flavor Version Tinstall Tcheck Ttotal Status Flags
r-devel-linux-x86_64-debian-clang 0.3-8 7.73 85.65 93.38 NOTE
r-devel-linux-x86_64-debian-gcc 0.3-8 8.01 85.32 93.33 NOTE
r-devel-linux-x86_64-fedora-clang 0.3-8 186.80 NOTE
r-devel-linux-x86_64-fedora-gcc 0.3-8 179.82 NOTE
r-devel-osx-x86_64-clang 0.3-8 161.96 OK
r-devel-windows-ix86+x86_64 0.3-8 94.00 311.00 405.00 NOTE
r-patched-linux-x86_64 0.3-8 8.48 88.85 97.33 OK
r-patched-solaris-sparc 0.3-8 1599.30 OK
r-patched-solaris-x86 0.3-8 321.10 OK
r-release-linux-x86_64 0.3-8 8.37 94.48 102.84 OK
r-release-osx-x86_64-mavericks 0.3-8 OK
r-release-windows-ix86+x86_64 0.3-8 67.00 275.00 342.00 OK
r-oldrel-windows-ix86+x86_64 0.3-8 70.00 286.00 356.00 OK

Check Details

Version: 0.3-8
Check: R code for possible problems
Result: NOTE
    decode.block: no visible global function definition for ‘runif’
    train.crf: no visible global function definition for ‘optim’
    train.mrf: no visible global function definition for ‘optim’
    Undefined global functions or variables:
     optim runif
    Consider adding
     importFrom("stats", "optim", "runif")
    to your NAMESPACE.
Flavors: r-devel-linux-x86_64-debian-clang, r-devel-linux-x86_64-debian-gcc, r-devel-linux-x86_64-fedora-clang, r-devel-linux-x86_64-fedora-gcc, r-devel-windows-ix86+x86_64