CRAN Package Check Results for Package CRF

Last updated on 2016-05-29 15:46:31.

Flavor Version Tinstall Tcheck Ttotal Status Flags
r-devel-linux-x86_64-debian-gcc 0.3-8 8.95 86.58 95.53 NOTE
r-devel-linux-x86_64-fedora-clang 0.3-8 181.71 NOTE
r-devel-linux-x86_64-fedora-gcc 0.3-8 196.27 NOTE
r-devel-osx-x86_64-clang 0.3-8 204.40 NOTE
r-devel-windows-ix86+x86_64 0.3-8 35.00 233.00 268.00 NOTE
r-patched-linux-x86_64 0.3-8 8.63 85.00 93.63 NOTE
r-patched-solaris-sparc 0.3-8 1446.50 NOTE
r-patched-solaris-x86 0.3-8 284.10 NOTE
r-release-linux-x86_64 0.3-8 8.47 84.90 93.38 NOTE
r-release-osx-x86_64-mavericks 0.3-8 NOTE
r-release-windows-ix86+x86_64 0.3-8 59.00 259.00 318.00 NOTE
r-oldrel-windows-ix86+x86_64 0.3-8 48.00 353.00 401.00 OK

Check Details

Version: 0.3-8
Check: R code for possible problems
Result: NOTE
    decode.block: no visible global function definition for ‘runif’
    train.crf: no visible global function definition for ‘optim’
    train.mrf: no visible global function definition for ‘optim’
    Undefined global functions or variables:
     optim runif
    Consider adding
     importFrom("stats", "optim", "runif")
    to your NAMESPACE file.
Flavors: r-devel-linux-x86_64-debian-gcc, r-devel-linux-x86_64-fedora-clang, r-devel-linux-x86_64-fedora-gcc, r-devel-osx-x86_64-clang, r-devel-windows-ix86+x86_64, r-patched-linux-x86_64, r-patched-solaris-sparc, r-patched-solaris-x86, r-release-linux-x86_64, r-release-osx-x86_64-mavericks, r-release-windows-ix86+x86_64