CRAN Package Check Results for Package CRF

Last updated on 2015-07-06 03:47:38.

Flavor Version Tinstall Tcheck Ttotal Status Flags
r-devel-linux-x86_64-debian-clang 0.3-8 7.80 87.50 95.30 NOTE
r-devel-linux-x86_64-debian-gcc 0.3-8 7.89 89.21 97.10 NOTE
r-devel-linux-x86_64-fedora-clang 0.3-8 189.59 NOTE
r-devel-linux-x86_64-fedora-gcc 0.3-8 183.27 NOTE
r-devel-osx-x86_64-clang 0.3-8 163.01 OK
r-devel-windows-ix86+x86_64 0.3-8 72.00 336.00 408.00 NOTE
r-patched-linux-x86_64 0.3-8 8.10 87.30 95.40 OK
r-patched-solaris-sparc 0.3-8 1609.80 OK
r-patched-solaris-x86 0.3-8 306.40 OK
r-release-linux-x86_64 0.3-8 7.98 89.81 97.79 OK
r-release-osx-x86_64-mavericks 0.3-8 OK
r-release-windows-ix86+x86_64 0.3-8 65.00 331.00 396.00 OK
r-oldrel-windows-ix86+x86_64 0.3-8 63.00 268.00 331.00 OK

Check Details

Version: 0.3-8
Check: R code for possible problems
Result: NOTE
    decode.block: no visible global function definition for ‘runif’
    train.crf: no visible global function definition for ‘optim’
    train.mrf: no visible global function definition for ‘optim’
    Undefined global functions or variables:
     optim runif
Flavors: r-devel-linux-x86_64-debian-clang, r-devel-linux-x86_64-debian-gcc, r-devel-linux-x86_64-fedora-clang, r-devel-linux-x86_64-fedora-gcc, r-devel-windows-ix86+x86_64