CRAN Package Check Results for Package CRF

Last updated on 2016-02-10 18:49:15.

Flavor Version Tinstall Tcheck Ttotal Status Flags
r-devel-linux-x86_64-debian-gcc 0.3-8 8.16 85.20 93.37 NOTE
r-devel-linux-x86_64-fedora-clang 0.3-8 184.26 NOTE
r-devel-linux-x86_64-fedora-gcc 0.3-8 176.92 NOTE
r-devel-osx-x86_64-clang 0.3-8 200.86 NOTE
r-devel-windows-ix86+x86_64 0.3-8 70.00 312.00 382.00 NOTE
r-patched-linux-x86_64 0.3-8 8.12 89.90 98.02 OK
r-patched-solaris-sparc 0.3-8 1516.90 OK
r-patched-solaris-x86 0.3-8 289.80 OK
r-release-linux-x86_64 0.3-8 8.21 89.50 97.71 OK
r-release-osx-x86_64-mavericks 0.3-8 OK
r-release-windows-ix86+x86_64 0.3-8 60.00 248.00 308.00 OK
r-oldrel-windows-ix86+x86_64 0.3-8 63.00 284.00 347.00 OK

Check Details

Version: 0.3-8
Check: R code for possible problems
Result: NOTE
    decode.block: no visible global function definition for ‘runif’
    train.crf: no visible global function definition for ‘optim’
    train.mrf: no visible global function definition for ‘optim’
    Undefined global functions or variables:
     optim runif
    Consider adding
     importFrom("stats", "optim", "runif")
    to your NAMESPACE file.
Flavors: r-devel-linux-x86_64-debian-gcc, r-devel-linux-x86_64-fedora-clang, r-devel-linux-x86_64-fedora-gcc, r-devel-osx-x86_64-clang, r-devel-windows-ix86+x86_64