CRAN Package Check Results for Package CRF

Last updated on 2017-08-19 16:46:14.

Flavor Version Tinstall Tcheck Ttotal Status Flags
r-devel-linux-x86_64-debian-clang 0.3-14 10.49 105.00 115.49 NOTE
r-devel-linux-x86_64-debian-gcc 0.3-14 8.91 103.64 112.55 NOTE
r-devel-linux-x86_64-fedora-clang 0.3-14 240.71 NOTE
r-devel-linux-x86_64-fedora-gcc 0.3-14 251.89 NOTE
r-devel-windows-ix86+x86_64 0.3-14 70.00 284.00 354.00 OK
r-patched-linux-x86_64 0.3-14 8.76 102.56 111.32 NOTE
r-patched-solaris-x86 0.3-14 341.50 OK
r-release-linux-x86_64 0.3-14 8.61 104.40 113.01 NOTE
r-release-windows-ix86+x86_64 0.3-14 79.00 348.00 427.00 OK
r-release-osx-x86_64 0.3-14 ERROR
r-oldrel-windows-ix86+x86_64 0.3-14 50.00 269.00 319.00 OK
r-oldrel-osx-x86_64 0.3-14 OK

Additional issues

rchk

Check Details

Version: 0.3-14
Check: compiled code
Result: NOTE
    File ‘CRF/libs/CRF.so’:
     Found no call to: ‘R_useDynamicSymbols’
    
    It is good practice to register native routines and to disable symbol
    search.
    
    See ‘Writing portable packages’ in the ‘Writing R Extensions’ manual.
Flavors: r-devel-linux-x86_64-debian-clang, r-devel-linux-x86_64-debian-gcc, r-devel-linux-x86_64-fedora-clang, r-devel-linux-x86_64-fedora-gcc, r-patched-linux-x86_64, r-release-linux-x86_64

Version: 0.3-14
Check: package dependencies
Result: ERROR
    Package required but not available: ‘Rglpk’
    
    See section ‘The DESCRIPTION file’ in the ‘Writing R Extensions’
    manual.
Flavor: r-release-osx-x86_64