CRAN Package Check Results for Package CRF

Last updated on 2017-10-19 17:48:18.

Flavor Version Tinstall Tcheck Ttotal Status Flags
r-devel-linux-x86_64-debian-clang 0.3-14 10.15 105.03 115.18 NOTE
r-devel-linux-x86_64-debian-gcc 0.3-14 10.68 107.18 117.86 NOTE
r-devel-linux-x86_64-fedora-clang 0.3-14 236.41 NOTE
r-devel-linux-x86_64-fedora-gcc 0.3-14 232.22 NOTE
r-devel-windows-ix86+x86_64 0.3-14 52.00 263.00 315.00 OK
r-patched-linux-x86_64 0.3-14 8.61 104.83 113.44 NOTE
r-patched-solaris-x86 0.3-14 338.40 OK
r-release-linux-x86_64 0.3-14 8.66 104.63 113.29 NOTE
r-release-windows-ix86+x86_64 0.3-14 59.00 249.00 308.00 OK
r-release-osx-x86_64 0.3-14 ERROR
r-oldrel-windows-ix86+x86_64 0.3-14 59.00 331.00 390.00 OK
r-oldrel-osx-x86_64 0.3-14 OK

Additional issues

rchk

Check Details

Version: 0.3-14
Check: compiled code
Result: NOTE
    File ‘CRF/libs/CRF.so’:
     Found no call to: ‘R_useDynamicSymbols’
    
    It is good practice to register native routines and to disable symbol
    search.
    
    See ‘Writing portable packages’ in the ‘Writing R Extensions’ manual.
Flavors: r-devel-linux-x86_64-debian-clang, r-devel-linux-x86_64-debian-gcc, r-devel-linux-x86_64-fedora-clang, r-devel-linux-x86_64-fedora-gcc, r-patched-linux-x86_64, r-release-linux-x86_64

Version: 0.3-14
Check: package dependencies
Result: ERROR
    Package required but not available: ‘Rglpk’
    
    See section ‘The DESCRIPTION file’ in the ‘Writing R Extensions’
    manual.
Flavor: r-release-osx-x86_64