CRAN Package Check Results for Package CRF

Last updated on 2015-04-21 02:48:28.

Flavor Version Tinstall Tcheck Ttotal Status Flags
r-devel-linux-x86_64-debian-clang 0.3-8 7.94 89.12 97.06 OK
r-devel-linux-x86_64-debian-gcc 0.3-8 8.26 89.96 98.22 OK
r-devel-linux-x86_64-fedora-clang 0.3-8 193.41 OK
r-devel-linux-x86_64-fedora-gcc 0.3-8 201.97 OK
r-devel-osx-x86_64-clang 0.3-8 168.10 OK
r-devel-windows-ix86+x86_64 0.3-8 70.00 235.00 305.00 OK
r-patched-linux-x86_64 0.3-8 8.54 89.13 97.68 OK
r-patched-solaris-sparc 0.3-8 1581.50 OK
r-patched-solaris-x86 0.3-8 305.80 OK
r-release-linux-x86_64 0.3-8 10.33 89.42 99.74 OK
r-release-osx-x86_64-mavericks 0.3-8 ERROR
r-release-osx-x86_64-snowleopard 0.3-8 OK
r-release-windows-ix86+x86_64 0.3-8 42.00 232.00 274.00 OK
r-oldrel-windows-ix86+x86_64 0.3-8 43.00 242.00 285.00 OK

Check Details

Version: 0.3-8
Check: package dependencies
Result: ERROR
    Package required but not available: ‘Rglpk’
    
    See section ‘The DESCRIPTION file’ in the ‘Writing R Extensions’
    manual.
Flavor: r-release-osx-x86_64-mavericks