CRAN Package Check Results for Package CRM

Last updated on 2016-08-26 07:47:18.

Flavor Version Tinstall Tcheck Ttotal Status Flags
r-devel-linux-x86_64-debian-clang 1.1.1 0.98 24.76 25.74 NOTE
r-devel-linux-x86_64-debian-gcc 1.1.1 1.23 31.16 32.39 NOTE
r-devel-linux-x86_64-fedora-clang 1.1.1 40.36 NOTE
r-devel-linux-x86_64-fedora-gcc 1.1.1 39.77 NOTE
r-devel-osx-x86_64-clang 1.1.1 24.05 NOTE
r-devel-windows-ix86+x86_64 1.1.1 12.00 60.00 72.00 NOTE
r-patched-linux-x86_64 1.1.1 0.86 24.86 25.72 NOTE
r-patched-solaris-sparc 1.1.1 199.20 NOTE
r-patched-solaris-x86 1.1.1 40.20 NOTE
r-release-linux-x86_64 1.1.1 0.87 24.48 25.35 NOTE
r-release-osx-x86_64-mavericks 1.1.1 NOTE
r-release-windows-ix86+x86_64 1.1.1 11.00 55.00 66.00 NOTE
r-oldrel-windows-ix86+x86_64 1.1.1 5.00 50.00 55.00 NOTE

Check Details

Version: 1.1.1
Check: DESCRIPTION meta-information
Result: NOTE
    Malformed Description field: should contain one or more complete sentences.
Flavors: r-devel-linux-x86_64-debian-clang, r-devel-linux-x86_64-debian-gcc, r-devel-linux-x86_64-fedora-clang, r-devel-linux-x86_64-fedora-gcc, r-devel-osx-x86_64-clang, r-devel-windows-ix86+x86_64, r-patched-linux-x86_64, r-patched-solaris-sparc, r-patched-solaris-x86, r-release-linux-x86_64, r-release-osx-x86_64-mavericks, r-release-windows-ix86+x86_64, r-oldrel-windows-ix86+x86_64

Version: 1.1.1
Check: R code for possible problems
Result: NOTE
    CRMoneIncomplete: no visible global function definition for ‘runif’
    CRMoneIncomplete: no visible global function definition for ‘rexp’
    CRMsimOne: no visible global function definition for ‘runif’
    CRMsimOne: no visible global function definition for ‘rexp’
    CRMtwoIncomplete: no visible global function definition for ‘runif’
    CRMtwoIncomplete: no visible global function definition for ‘rexp’
    Undefined global functions or variables:
     rexp runif
    Consider adding
     importFrom("stats", "rexp", "runif")
    to your NAMESPACE file.
Flavors: r-devel-linux-x86_64-debian-clang, r-devel-linux-x86_64-debian-gcc, r-devel-linux-x86_64-fedora-clang, r-devel-linux-x86_64-fedora-gcc, r-devel-osx-x86_64-clang, r-devel-windows-ix86+x86_64, r-patched-linux-x86_64, r-patched-solaris-sparc, r-patched-solaris-x86, r-release-linux-x86_64, r-release-osx-x86_64-mavericks, r-release-windows-ix86+x86_64