CRAN Package Check Results for Package CRM

Last updated on 2016-07-26 23:48:11.

Flavor Version Tinstall Tcheck Ttotal Status Flags
r-devel-linux-x86_64-debian-clang 1.1.1 1.12 27.60 28.72 NOTE
r-devel-linux-x86_64-debian-gcc 1.1.1 1.06 27.96 29.02 NOTE
r-devel-linux-x86_64-fedora-clang 1.1.1 33.49 NOTE
r-devel-linux-x86_64-fedora-gcc 1.1.1 28.45 NOTE
r-devel-osx-x86_64-clang 1.1.1 24.06 NOTE
r-devel-windows-ix86+x86_64 1.1.1 5.00 56.00 61.00 NOTE
r-patched-linux-x86_64 1.1.1 1.19 27.46 28.66 NOTE
r-patched-solaris-sparc 1.1.1 199.20 NOTE
r-patched-solaris-x86 1.1.1 39.20 NOTE
r-release-linux-x86_64 1.1.1 1.24 27.09 28.33 NOTE
r-release-osx-x86_64-mavericks 1.1.1 NOTE
r-release-windows-ix86+x86_64 1.1.1 11.00 55.00 66.00 NOTE
r-oldrel-windows-ix86+x86_64 1.1.1 5.00 50.00 55.00 NOTE

Check Details

Version: 1.1.1
Check: DESCRIPTION meta-information
Result: NOTE
    Malformed Description field: should contain one or more complete sentences.
Flavors: r-devel-linux-x86_64-debian-clang, r-devel-linux-x86_64-debian-gcc, r-devel-linux-x86_64-fedora-clang, r-devel-linux-x86_64-fedora-gcc, r-devel-osx-x86_64-clang, r-devel-windows-ix86+x86_64, r-patched-linux-x86_64, r-patched-solaris-sparc, r-patched-solaris-x86, r-release-linux-x86_64, r-release-osx-x86_64-mavericks, r-release-windows-ix86+x86_64, r-oldrel-windows-ix86+x86_64

Version: 1.1.1
Check: R code for possible problems
Result: NOTE
    CRMoneIncomplete: no visible global function definition for ‘runif’
    CRMoneIncomplete: no visible global function definition for ‘rexp’
    CRMsimOne: no visible global function definition for ‘runif’
    CRMsimOne: no visible global function definition for ‘rexp’
    CRMtwoIncomplete: no visible global function definition for ‘runif’
    CRMtwoIncomplete: no visible global function definition for ‘rexp’
    Undefined global functions or variables:
     rexp runif
    Consider adding
     importFrom("stats", "rexp", "runif")
    to your NAMESPACE file.
Flavors: r-devel-linux-x86_64-debian-clang, r-devel-linux-x86_64-debian-gcc, r-devel-linux-x86_64-fedora-clang, r-devel-linux-x86_64-fedora-gcc, r-devel-osx-x86_64-clang, r-devel-windows-ix86+x86_64, r-patched-linux-x86_64, r-patched-solaris-sparc, r-patched-solaris-x86, r-release-linux-x86_64, r-release-osx-x86_64-mavericks, r-release-windows-ix86+x86_64