CRAN Package Check Results for Package CRM

Last updated on 2017-02-21 20:48:57.

Flavor Version Tinstall Tcheck Ttotal Status Flags
r-devel-linux-x86_64-debian-clang 1.1.1 1.04 19.48 20.53 NOTE
r-devel-linux-x86_64-debian-gcc 1.1.1 1.00 18.87 19.88 NOTE
r-devel-linux-x86_64-fedora-clang 1.1.1 42.77 NOTE --no-stop-on-test-error
r-devel-linux-x86_64-fedora-gcc 1.1.1 46.77 NOTE --no-stop-on-test-error
r-devel-macos-x86_64-clang 1.1.1 26.93 NOTE --no-stop-on-test-error
r-devel-windows-ix86+x86_64 1.1.1 6.00 72.00 78.00 NOTE
r-patched-linux-x86_64 1.1.1 0.86 17.31 18.17 NOTE
r-patched-solaris-sparc 1.1.1 200.00 NOTE
r-patched-solaris-x86 1.1.1 41.90 NOTE
r-release-linux-x86_64 1.1.1 0.89 17.03 17.92 NOTE
r-release-osx-x86_64-mavericks 1.1.1 NOTE
r-release-windows-ix86+x86_64 1.1.1 11.00 57.00 68.00 NOTE
r-oldrel-windows-ix86+x86_64 1.1.1 13.00 61.00 74.00 NOTE

Check Details

Version: 1.1.1
Check: DESCRIPTION meta-information
Result: NOTE
    Malformed Description field: should contain one or more complete sentences.
Flavors: r-devel-linux-x86_64-debian-clang, r-devel-linux-x86_64-debian-gcc, r-devel-windows-ix86+x86_64, r-patched-linux-x86_64, r-patched-solaris-sparc, r-patched-solaris-x86, r-release-linux-x86_64, r-release-osx-x86_64-mavericks, r-release-windows-ix86+x86_64, r-oldrel-windows-ix86+x86_64

Version: 1.1.1
Check: R code for possible problems
Result: NOTE
    CRMoneIncomplete: no visible global function definition for ‘runif’
    CRMoneIncomplete: no visible global function definition for ‘rexp’
    CRMsimOne: no visible global function definition for ‘runif’
    CRMsimOne: no visible global function definition for ‘rexp’
    CRMtwoIncomplete: no visible global function definition for ‘runif’
    CRMtwoIncomplete: no visible global function definition for ‘rexp’
    Undefined global functions or variables:
     rexp runif
    Consider adding
     importFrom("stats", "rexp", "runif")
    to your NAMESPACE file.
Flavors: r-devel-linux-x86_64-debian-clang, r-devel-linux-x86_64-debian-gcc, r-devel-windows-ix86+x86_64, r-patched-linux-x86_64, r-patched-solaris-sparc, r-patched-solaris-x86, r-release-linux-x86_64, r-release-osx-x86_64-mavericks, r-release-windows-ix86+x86_64

Version: 1.1.1
Check: compiled code
Result: NOTE
    File ‘CRM/libs/CRM.so’:
     Found no calls to: ‘R_registerRoutines’, ‘R_useDynamicSymbols’
    
    It is good practice to register native routines and to disable symbol
    search.
    
    See ‘Writing portable packages’ in the ‘Writing R Extensions’ manual.
Flavors: r-devel-linux-x86_64-debian-clang, r-devel-linux-x86_64-debian-gcc

Version: 1.1.1
Flags: --no-stop-on-test-error
Check: DESCRIPTION meta-information
Result: NOTE
    Malformed Description field: should contain one or more complete sentences.
Flavors: r-devel-linux-x86_64-fedora-clang, r-devel-linux-x86_64-fedora-gcc, r-devel-macos-x86_64-clang

Version: 1.1.1
Flags: --no-stop-on-test-error
Check: R code for possible problems
Result: NOTE
    CRMoneIncomplete: no visible global function definition for ‘runif’
    CRMoneIncomplete: no visible global function definition for ‘rexp’
    CRMsimOne: no visible global function definition for ‘runif’
    CRMsimOne: no visible global function definition for ‘rexp’
    CRMtwoIncomplete: no visible global function definition for ‘runif’
    CRMtwoIncomplete: no visible global function definition for ‘rexp’
    Undefined global functions or variables:
     rexp runif
    Consider adding
     importFrom("stats", "rexp", "runif")
    to your NAMESPACE file.
Flavors: r-devel-linux-x86_64-fedora-clang, r-devel-linux-x86_64-fedora-gcc, r-devel-macos-x86_64-clang

Version: 1.1.1
Flags: --no-stop-on-test-error
Check: compiled code
Result: NOTE
    File ‘CRM/libs/CRM.so’:
     Found no calls to: ‘R_registerRoutines’, ‘R_useDynamicSymbols’
    
    It is good practice to register native routines and to disable symbol
    search.
    
    See ‘Writing portable packages’ in the ‘Writing R Extensions’ manual.
Flavors: r-devel-linux-x86_64-fedora-clang, r-devel-linux-x86_64-fedora-gcc, r-devel-macos-x86_64-clang