CRAN Package Check Results for Package CRM

Last updated on 2015-07-03 13:46:26.

Flavor Version Tinstall Tcheck Ttotal Status Flags
r-devel-linux-x86_64-debian-clang 1.1.1 0.82 17.36 18.18 NOTE
r-devel-linux-x86_64-debian-gcc 1.1.1 0.81 16.65 17.46 NOTE
r-devel-linux-x86_64-fedora-clang 1.1.1 31.47 NOTE
r-devel-linux-x86_64-fedora-gcc 1.1.1 30.39 NOTE
r-devel-osx-x86_64-clang 1.1.1 29.36 NOTE
r-devel-windows-ix86+x86_64 1.1.1 8.00 52.00 60.00 NOTE
r-patched-linux-x86_64 1.1.1 0.85 17.47 18.32 NOTE
r-patched-solaris-sparc 1.1.1 215.00 NOTE
r-patched-solaris-x86 1.1.1 43.40 NOTE
r-release-linux-x86_64 1.1.1 1.01 17.01 18.02 NOTE
r-release-osx-x86_64-mavericks 1.1.1 NOTE
r-release-windows-ix86+x86_64 1.1.1 5.00 49.00 54.00 NOTE
r-oldrel-windows-ix86+x86_64 1.1.1 8.00 66.00 74.00 OK

Check Details

Version: 1.1.1
Check: DESCRIPTION meta-information
Result: NOTE
    Malformed Description field: should contain one or more complete sentences.
Flavors: r-devel-linux-x86_64-debian-clang, r-devel-linux-x86_64-debian-gcc, r-devel-linux-x86_64-fedora-clang, r-devel-linux-x86_64-fedora-gcc, r-devel-osx-x86_64-clang, r-devel-windows-ix86+x86_64, r-patched-linux-x86_64, r-patched-solaris-sparc, r-patched-solaris-x86, r-release-linux-x86_64, r-release-osx-x86_64-mavericks, r-release-windows-ix86+x86_64

Version: 1.1.1
Check: R code for possible problems
Result: NOTE
    CRMoneIncomplete: no visible global function definition for ‘runif’
    CRMoneIncomplete: no visible global function definition for ‘rexp’
    CRMsimOne: no visible global function definition for ‘runif’
    CRMsimOne: no visible global function definition for ‘rexp’
    CRMtwoIncomplete: no visible global function definition for ‘runif’
    CRMtwoIncomplete: no visible global function definition for ‘rexp’
    Undefined global functions or variables:
     rexp runif
Flavors: r-devel-linux-x86_64-debian-clang, r-devel-linux-x86_64-debian-gcc, r-devel-linux-x86_64-fedora-clang, r-devel-linux-x86_64-fedora-gcc