CRAN Package Check Results for Package CRM

Last updated on 2016-09-25 03:47:04.

Flavor Version Tinstall Tcheck Ttotal Status Flags
r-devel-linux-x86_64-debian-clang 1.1.1 1.10 24.87 25.97 NOTE
r-devel-linux-x86_64-debian-gcc 1.1.1 0.88 24.78 25.66 NOTE
r-devel-linux-x86_64-fedora-clang 1.1.1 40.01 NOTE
r-devel-linux-x86_64-fedora-gcc 1.1.1 38.34 NOTE
r-devel-macos-x86_64-clang 1.1.1 24.02 NOTE
r-devel-windows-ix86+x86_64 1.1.1 12.00 55.00 67.00 NOTE
r-patched-linux-x86_64 1.1.1 0.89 24.23 25.12 NOTE
r-patched-solaris-sparc 1.1.1 199.20 NOTE
r-patched-solaris-x86 1.1.1 40.00 NOTE
r-release-linux-x86_64 1.1.1 1.04 24.57 25.61 NOTE
r-release-osx-x86_64-mavericks 1.1.1 NOTE
r-release-windows-ix86+x86_64 1.1.1 5.00 52.00 57.00 NOTE
r-oldrel-windows-ix86+x86_64 1.1.1 5.00 50.00 55.00 NOTE

Check Details

Version: 1.1.1
Check: DESCRIPTION meta-information
Result: NOTE
    Malformed Description field: should contain one or more complete sentences.
Flavors: r-devel-linux-x86_64-debian-clang, r-devel-linux-x86_64-debian-gcc, r-devel-linux-x86_64-fedora-clang, r-devel-linux-x86_64-fedora-gcc, r-devel-macos-x86_64-clang, r-devel-windows-ix86+x86_64, r-patched-linux-x86_64, r-patched-solaris-sparc, r-patched-solaris-x86, r-release-linux-x86_64, r-release-osx-x86_64-mavericks, r-release-windows-ix86+x86_64, r-oldrel-windows-ix86+x86_64

Version: 1.1.1
Check: R code for possible problems
Result: NOTE
    CRMoneIncomplete: no visible global function definition for ‘runif’
    CRMoneIncomplete: no visible global function definition for ‘rexp’
    CRMsimOne: no visible global function definition for ‘runif’
    CRMsimOne: no visible global function definition for ‘rexp’
    CRMtwoIncomplete: no visible global function definition for ‘runif’
    CRMtwoIncomplete: no visible global function definition for ‘rexp’
    Undefined global functions or variables:
     rexp runif
    Consider adding
     importFrom("stats", "rexp", "runif")
    to your NAMESPACE file.
Flavors: r-devel-linux-x86_64-debian-clang, r-devel-linux-x86_64-debian-gcc, r-devel-linux-x86_64-fedora-clang, r-devel-linux-x86_64-fedora-gcc, r-devel-macos-x86_64-clang, r-devel-windows-ix86+x86_64, r-patched-linux-x86_64, r-patched-solaris-sparc, r-patched-solaris-x86, r-release-linux-x86_64, r-release-osx-x86_64-mavericks, r-release-windows-ix86+x86_64