CRAN Package Check Results for Package CRM

Last updated on 2015-03-30 12:47:40.

Flavor Version Tinstall Tcheck Ttotal Status Flags
r-devel-linux-x86_64-debian-clang 1.1.1 0.86 17.76 18.62 NOTE
r-devel-linux-x86_64-debian-gcc 1.1.1 0.90 18.76 19.66 NOTE
r-devel-linux-x86_64-fedora-clang 1.1.1 32.89 NOTE
r-devel-linux-x86_64-fedora-gcc 1.1.1 31.31 NOTE
r-devel-osx-x86_64-clang 1.1.1 34.78 NOTE
r-prerel-windows-ix86+x86_64 1.1.1 8.00 51.00 59.00 NOTE
r-prerel-linux-x86_64 1.1.1 0.89 17.65 18.54 NOTE
r-prerel-solaris-sparc 1.1.1 226.70 NOTE
r-prerel-solaris-x86 1.1.1 42.80 NOTE
r-release-linux-x86_64 1.1.1 0.98 18.11 19.08 OK
r-release-osx-x86_64-mavericks 1.1.1 OK
r-release-windows-ix86+x86_64 1.1.1 8.00 66.00 74.00 OK
r-oldrel-windows-ix86+x86_64 1.1.1 5.00 55.00 60.00 OK

Check Details

Version: 1.1.1
Check: DESCRIPTION meta-information
Result: NOTE
    Malformed Description field: should contain one or more complete sentences.
Flavors: r-devel-linux-x86_64-debian-clang, r-devel-linux-x86_64-debian-gcc, r-devel-linux-x86_64-fedora-clang, r-devel-linux-x86_64-fedora-gcc, r-devel-osx-x86_64-clang, r-prerel-windows-ix86+x86_64, r-prerel-linux-x86_64, r-prerel-solaris-sparc, r-prerel-solaris-x86