CRAN Package Check Results for Package CRM

Last updated on 2018-06-24 16:48:42 CEST.

Flavor Version Tinstall Tcheck Ttotal Status Flags
r-devel-linux-x86_64-debian-clang 1.1.1 2.65 29.07 31.72 NOTE
r-devel-linux-x86_64-debian-gcc 1.1.1 1.88 22.42 24.30 NOTE
r-devel-linux-x86_64-fedora-clang 1.1.1 37.72 NOTE
r-devel-linux-x86_64-fedora-gcc 1.1.1 35.07 NOTE
r-devel-windows-ix86+x86_64 1.1.1 10.00 63.00 73.00 NOTE
r-patched-linux-x86_64 1.1.1 2.18 28.69 30.87 NOTE
r-patched-solaris-x86 1.1.1 53.80 NOTE
r-release-linux-x86_64 1.1.1 2.17 28.28 30.45 NOTE
r-release-windows-ix86+x86_64 1.1.1 11.00 73.00 84.00 NOTE
r-release-osx-x86_64 1.1.1 NOTE
r-oldrel-windows-ix86+x86_64 1.1.1 5.00 58.00 63.00 NOTE
r-oldrel-osx-x86_64 1.1.1 NOTE

Check Details

Version: 1.1.1
Check: DESCRIPTION meta-information
Result: NOTE
    Malformed Description field: should contain one or more complete sentences.
Flavors: r-devel-linux-x86_64-debian-clang, r-devel-linux-x86_64-debian-gcc, r-devel-linux-x86_64-fedora-clang, r-devel-linux-x86_64-fedora-gcc, r-devel-windows-ix86+x86_64, r-patched-linux-x86_64, r-patched-solaris-x86, r-release-linux-x86_64, r-release-windows-ix86+x86_64, r-release-osx-x86_64, r-oldrel-windows-ix86+x86_64, r-oldrel-osx-x86_64

Version: 1.1.1
Check: R code for possible problems
Result: NOTE
    CRMoneIncomplete: no visible global function definition for ‘runif’
    CRMoneIncomplete: no visible global function definition for ‘rexp’
    CRMsimOne: no visible global function definition for ‘runif’
    CRMsimOne: no visible global function definition for ‘rexp’
    CRMtwoIncomplete: no visible global function definition for ‘runif’
    CRMtwoIncomplete: no visible global function definition for ‘rexp’
    Undefined global functions or variables:
     rexp runif
    Consider adding
     importFrom("stats", "rexp", "runif")
    to your NAMESPACE file.
Flavors: r-devel-linux-x86_64-debian-clang, r-devel-linux-x86_64-debian-gcc, r-devel-linux-x86_64-fedora-clang, r-devel-linux-x86_64-fedora-gcc, r-devel-windows-ix86+x86_64, r-patched-linux-x86_64, r-patched-solaris-x86, r-release-linux-x86_64, r-release-windows-ix86+x86_64, r-release-osx-x86_64, r-oldrel-windows-ix86+x86_64, r-oldrel-osx-x86_64

Version: 1.1.1
Check: compiled code
Result: NOTE
    File ‘CRM/libs/CRM.so’:
     Found no calls to: ‘R_registerRoutines’, ‘R_useDynamicSymbols’
    
    It is good practice to register native routines and to disable symbol
    search.
    
    See ‘Writing portable packages’ in the ‘Writing R Extensions’ manual.
Flavors: r-devel-linux-x86_64-debian-clang, r-devel-linux-x86_64-debian-gcc, r-devel-linux-x86_64-fedora-clang, r-devel-linux-x86_64-fedora-gcc, r-patched-linux-x86_64, r-release-linux-x86_64