CRAN Package Check Results for Package CRM

Last updated on 2015-04-26 09:46:24.

Flavor Version Tinstall Tcheck Ttotal Status Flags
r-devel-linux-x86_64-debian-clang 1.1.1 0.86 17.32 18.19 NOTE
r-devel-linux-x86_64-debian-gcc 1.1.1 0.92 17.38 18.30 NOTE
r-devel-linux-x86_64-fedora-clang 1.1.1 32.99 NOTE
r-devel-linux-x86_64-fedora-gcc 1.1.1 31.76 NOTE
r-devel-osx-x86_64-clang 1.1.1 31.12 NOTE
r-devel-windows-ix86+x86_64 1.1.1 6.00 51.00 57.00 NOTE
r-patched-linux-x86_64 1.1.1 0.88 16.92 17.80 NOTE
r-patched-solaris-sparc 1.1.1 226.70 NOTE
r-patched-solaris-x86 1.1.1 43.10 NOTE
r-release-linux-x86_64 1.1.1 0.90 17.25 18.15 NOTE
r-release-osx-x86_64-mavericks 1.1.1 NOTE
r-release-osx-x86_64-snowleopard 1.1.1 NOTE
r-release-windows-ix86+x86_64 1.1.1 3.00 50.00 53.00 NOTE
r-oldrel-windows-ix86+x86_64 1.1.1 8.00 66.00 74.00 OK

Check Details

Version: 1.1.1
Check: DESCRIPTION meta-information
Result: NOTE
    Malformed Description field: should contain one or more complete sentences.
Flavors: r-devel-linux-x86_64-fedora-gcc, r-devel-windows-ix86+x86_64, r-release-windows-ix86+x86_64