CRAN Package Check Results for Package CRTSize

Last updated on 2015-01-25 19:47:36.

Flavor Version Tinstall Tcheck Ttotal Status Flags
r-devel-linux-x86_64-debian-clang 0.3 0.60 16.72 17.32 OK
r-devel-linux-x86_64-debian-gcc 0.3 0.60 17.61 18.21 OK
r-devel-linux-x86_64-fedora-clang 0.3 36.06 NOTE
r-devel-linux-x86_64-fedora-gcc 0.3 35.63 NOTE
r-devel-osx-x86_64-clang 0.3 40.34 NOTE
r-devel-windows-ix86+x86_64 0.3 3.00 28.00 31.00 OK
r-patched-linux-x86_64 0.3 0.76 17.74 18.50 OK
r-patched-solaris-sparc 0.3 233.40 OK
r-patched-solaris-x86 0.3 47.20 OK
r-release-linux-ix86 0.3 0.94 23.69 24.63 OK
r-release-linux-x86_64 0.3 0.82 17.57 18.40 OK
r-release-osx-x86_64-mavericks 0.3 OK
r-release-osx-x86_64-snowleopard 0.3 OK
r-release-windows-ix86+x86_64 0.3 3.00 27.00 30.00 OK
r-oldrel-windows-ix86+x86_64 0.3 2.00 28.00 30.00 OK

Check Details

Version: 0.3
Check: S3 generic/method consistency
Result: NOTE
    Found the following apparent S3 methods exported but not registered:
     print.fixedMetaAnalMD print.fixedMetaAnalRROR print.n4incidence
     print.n4means print.n4meansEB print.n4meansMeta print.n4props
     print.n4propsEB print.n4propsMeta summary.fixedMetaAnalMD
     summary.fixedMetaAnalRROR summary.n4incidence summary.n4means
     summary.n4meansEB summary.n4meansMeta summary.n4props
     summary.n4propsEB summary.n4propsMeta
    See section ‘Registering S3 methods’ in the ‘Writing R Extensions’
    manual.
Flavors: r-devel-linux-x86_64-fedora-clang, r-devel-linux-x86_64-fedora-gcc, r-devel-osx-x86_64-clang