CRAN Package Check Results for Package CRTSize

Last updated on 2015-07-06 21:46:25.

Flavor Version Tinstall Tcheck Ttotal Status Flags
r-devel-linux-x86_64-debian-clang 1.0 0.60 13.84 14.44 NOTE
r-devel-linux-x86_64-debian-gcc 1.0 0.54 13.61 14.15 NOTE
r-devel-linux-x86_64-fedora-clang 1.0 25.75 NOTE
r-devel-linux-x86_64-fedora-gcc 1.0 25.15 NOTE
r-devel-osx-x86_64-clang 1.0 25.55 OK
r-devel-windows-ix86+x86_64 1.0 3.00 23.00 26.00 NOTE
r-patched-linux-x86_64 1.0 0.58 13.86 14.45 OK
r-patched-solaris-sparc 1.0 189.60 OK
r-patched-solaris-x86 1.0 38.50 OK
r-release-linux-x86_64 1.0 0.61 14.02 14.63 OK
r-release-osx-x86_64-mavericks 1.0 OK
r-release-windows-ix86+x86_64 1.0 3.00 22.00 25.00 OK
r-oldrel-windows-ix86+x86_64 1.0 4.00 27.00 31.00 OK

Check Details

Version: 1.0
Check: R code for possible problems
Result: NOTE
    .mvrnorm: no visible global function definition for ‘rnorm’
    .oneCRTBinary: no visible global function definition for ‘rnorm’
    .oneCRTBinary: no visible global function definition for ‘rbinom’
    .oneCRTCTS: no visible global function definition for ‘rnorm’
    fixedMetaAnalMD: no visible global function definition for ‘qnorm’
    fixedMetaAnalRROR: no visible global function definition for ‘qnorm’
    n4incidence: no visible global function definition for ‘qnorm’
    n4incidence: no visible global function definition for ‘qt’
    n4means: no visible global function definition for ‘qnorm’
    n4means: no visible global function definition for ‘qt’
    n4meansEB: no visible global function definition for ‘qnorm’
    n4meansEB: no visible global function definition for ‘density’
    n4meansEB: no visible global function definition for ‘var’
    n4meansEB: no visible global function definition for ‘hist’
    n4meansEB: no visible global function definition for ‘par’
    n4meansMeta: no visible global function definition for ‘rnorm’
    n4meansMeta: no visible global function definition for ‘runif’
    n4meansMeta: no visible global function definition for ‘sd’
    n4meansMeta: no visible global function definition for ‘density’
    n4props: no visible global function definition for ‘qnorm’
    n4props: no visible global function definition for ‘qt’
    n4propsEB: no visible global function definition for ‘qnorm’
    n4propsEB: no visible global function definition for ‘density’
    n4propsEB: no visible global function definition for ‘var’
    n4propsEB: no visible global function definition for ‘hist’
    n4propsEB: no visible global function definition for ‘par’
    n4propsMeta: no visible global function definition for ‘rnorm’
    n4propsMeta: no visible global function definition for ‘runif’
    n4propsMeta: no visible global function definition for ‘sd’
    n4propsMeta: no visible global function definition for ‘density’
    print.n4meansEB: no visible global function definition for ‘quantile’
    print.n4propsEB: no visible global function definition for ‘quantile’
    summary.n4meansEB: no visible global function definition for ‘quantile’
    summary.n4propsEB: no visible global function definition for ‘quantile’
    Undefined global functions or variables:
     density hist par qnorm qt quantile rbinom rnorm runif sd var
Flavors: r-devel-linux-x86_64-debian-clang, r-devel-linux-x86_64-debian-gcc, r-devel-linux-x86_64-fedora-clang, r-devel-linux-x86_64-fedora-gcc, r-devel-windows-ix86+x86_64