CRAN Package Check Results for Package CRTSize

Last updated on 2016-12-07 17:52:20.

Flavor Version Tinstall Tcheck Ttotal Status Flags
r-devel-linux-x86_64-debian-clang 1.0 0.69 16.15 16.83 NOTE
r-devel-linux-x86_64-debian-gcc 1.0 0.65 16.02 16.67 NOTE
r-devel-linux-x86_64-fedora-clang 1.0 29.31 NOTE --no-stop-on-test-error
r-devel-linux-x86_64-fedora-gcc 1.0 28.96 NOTE --no-stop-on-test-error
r-devel-macos-x86_64-clang 1.0 24.83 NOTE
r-devel-windows-ix86+x86_64 1.0 8.00 42.00 50.00 NOTE
r-patched-linux-x86_64 1.0 0.56 15.24 15.81 NOTE
r-patched-solaris-sparc 1.0 172.80 NOTE
r-patched-solaris-x86 1.0 34.50 NOTE
r-release-linux-x86_64 1.0 0.62 14.99 15.60 NOTE
r-release-osx-x86_64-mavericks 1.0 NOTE
r-release-windows-ix86+x86_64 1.0 2.00 31.00 33.00 NOTE
r-oldrel-windows-ix86+x86_64 1.0 2.00 29.00 31.00 OK

Check Details

Version: 1.0
Check: R code for possible problems
Result: NOTE
    .mvrnorm: no visible global function definition for ‘rnorm’
    .oneCRTBinary: no visible global function definition for ‘rnorm’
    .oneCRTBinary: no visible global function definition for ‘rbinom’
    .oneCRTCTS: no visible global function definition for ‘rnorm’
    fixedMetaAnalMD: no visible global function definition for ‘qnorm’
    fixedMetaAnalRROR: no visible global function definition for ‘qnorm’
    n4incidence: no visible global function definition for ‘qnorm’
    n4incidence: no visible global function definition for ‘qt’
    n4means: no visible global function definition for ‘qnorm’
    n4means: no visible global function definition for ‘qt’
    n4meansEB: no visible global function definition for ‘qnorm’
    n4meansEB: no visible global function definition for ‘density’
    n4meansEB: no visible global function definition for ‘var’
    n4meansEB: no visible global function definition for ‘hist’
    n4meansEB: no visible global function definition for ‘par’
    n4meansMeta: no visible global function definition for ‘rnorm’
    n4meansMeta: no visible global function definition for ‘runif’
    n4meansMeta: no visible global function definition for ‘sd’
    n4meansMeta: no visible global function definition for ‘density’
    n4props: no visible global function definition for ‘qnorm’
    n4props: no visible global function definition for ‘qt’
    n4propsEB: no visible global function definition for ‘qnorm’
    n4propsEB: no visible global function definition for ‘density’
    n4propsEB: no visible global function definition for ‘var’
    n4propsEB: no visible global function definition for ‘hist’
    n4propsEB: no visible global function definition for ‘par’
    n4propsMeta: no visible global function definition for ‘rnorm’
    n4propsMeta: no visible global function definition for ‘runif’
    n4propsMeta: no visible global function definition for ‘sd’
    n4propsMeta: no visible global function definition for ‘density’
    print.n4meansEB: no visible global function definition for ‘quantile’
    print.n4propsEB: no visible global function definition for ‘quantile’
    summary.n4meansEB: no visible global function definition for ‘quantile’
    summary.n4propsEB: no visible global function definition for ‘quantile’
    Undefined global functions or variables:
     density hist par qnorm qt quantile rbinom rnorm runif sd var
    Consider adding
     importFrom("graphics", "hist", "par")
     importFrom("stats", "density", "qnorm", "qt", "quantile", "rbinom",
     "rnorm", "runif", "sd", "var")
    to your NAMESPACE file.
Flavors: r-devel-linux-x86_64-debian-clang, r-devel-linux-x86_64-debian-gcc, r-devel-macos-x86_64-clang, r-devel-windows-ix86+x86_64, r-patched-linux-x86_64, r-patched-solaris-sparc, r-patched-solaris-x86, r-release-linux-x86_64, r-release-osx-x86_64-mavericks, r-release-windows-ix86+x86_64

Version: 1.0
Flags: --no-stop-on-test-error
Check: R code for possible problems
Result: NOTE
    .mvrnorm: no visible global function definition for ‘rnorm’
    .oneCRTBinary: no visible global function definition for ‘rnorm’
    .oneCRTBinary: no visible global function definition for ‘rbinom’
    .oneCRTCTS: no visible global function definition for ‘rnorm’
    fixedMetaAnalMD: no visible global function definition for ‘qnorm’
    fixedMetaAnalRROR: no visible global function definition for ‘qnorm’
    n4incidence: no visible global function definition for ‘qnorm’
    n4incidence: no visible global function definition for ‘qt’
    n4means: no visible global function definition for ‘qnorm’
    n4means: no visible global function definition for ‘qt’
    n4meansEB: no visible global function definition for ‘qnorm’
    n4meansEB: no visible global function definition for ‘density’
    n4meansEB: no visible global function definition for ‘var’
    n4meansEB: no visible global function definition for ‘hist’
    n4meansEB: no visible global function definition for ‘par’
    n4meansMeta: no visible global function definition for ‘rnorm’
    n4meansMeta: no visible global function definition for ‘runif’
    n4meansMeta: no visible global function definition for ‘sd’
    n4meansMeta: no visible global function definition for ‘density’
    n4props: no visible global function definition for ‘qnorm’
    n4props: no visible global function definition for ‘qt’
    n4propsEB: no visible global function definition for ‘qnorm’
    n4propsEB: no visible global function definition for ‘density’
    n4propsEB: no visible global function definition for ‘var’
    n4propsEB: no visible global function definition for ‘hist’
    n4propsEB: no visible global function definition for ‘par’
    n4propsMeta: no visible global function definition for ‘rnorm’
    n4propsMeta: no visible global function definition for ‘runif’
    n4propsMeta: no visible global function definition for ‘sd’
    n4propsMeta: no visible global function definition for ‘density’
    print.n4meansEB: no visible global function definition for ‘quantile’
    print.n4propsEB: no visible global function definition for ‘quantile’
    summary.n4meansEB: no visible global function definition for ‘quantile’
    summary.n4propsEB: no visible global function definition for ‘quantile’
    Undefined global functions or variables:
     density hist par qnorm qt quantile rbinom rnorm runif sd var
    Consider adding
     importFrom("graphics", "hist", "par")
     importFrom("stats", "density", "qnorm", "qt", "quantile", "rbinom",
     "rnorm", "runif", "sd", "var")
    to your NAMESPACE file.
Flavors: r-devel-linux-x86_64-fedora-clang, r-devel-linux-x86_64-fedora-gcc