CRAN Package Check Results for Package CSFA

Last updated on 2019-05-24 12:51:40 CEST.

Flavor Version Tinstall Tcheck Ttotal Status Flags
r-devel-linux-x86_64-debian-clang 1.2.0 11.29 104.85 116.14 OK
r-devel-linux-x86_64-debian-gcc 1.2.0 9.01 80.23 89.24 OK
r-devel-linux-x86_64-fedora-clang 1.2.0 120.22 OK
r-devel-linux-x86_64-fedora-gcc 1.2.0 119.85 OK
r-devel-windows-ix86+x86_64 1.2.0 20.00 111.00 131.00 OK
r-patched-linux-x86_64 1.2.0 10.19 104.87 115.06 OK
r-patched-solaris-x86 1.2.0 179.40 OK
r-release-linux-x86_64 1.2.0 10.73 106.44 117.17 OK
r-release-windows-ix86+x86_64 1.2.0 34.00 146.00 180.00 OK
r-release-osx-x86_64 1.2.0 ERROR
r-oldrel-windows-ix86+x86_64 1.2.0 18.00 141.00 159.00 OK
r-oldrel-osx-x86_64 1.2.0 OK

Check Details

Version: 1.2.0
Check: package dependencies
Result: ERROR
    Package required but not available: ‘fabia’
    
    See section ‘The DESCRIPTION file’ in the ‘Writing R Extensions’
    manual.
Flavor: r-release-osx-x86_64