CRAN Package Check Results for Package CSS

Last updated on 2015-05-26 17:47:06.

Flavor Version Tinstall Tcheck Ttotal Status Flags
r-devel-linux-x86_64-debian-clang 1.0.2 0.98 14.66 15.64 ERROR
r-devel-linux-x86_64-debian-gcc 1.0.2 0.95 14.54 15.49 ERROR
r-devel-linux-x86_64-fedora-clang 1.0.2 29.69 ERROR
r-devel-linux-x86_64-fedora-gcc 1.0.2 30.71 ERROR
r-devel-osx-x86_64-clang 1.0.2 36.59 ERROR
r-devel-windows-ix86+x86_64 1.0.2 3.00 25.00 28.00 ERROR
r-patched-linux-x86_64 1.0.2 1.01 14.64 15.64 ERROR
r-patched-solaris-sparc 1.0.2 211.20 ERROR
r-patched-solaris-x86 1.0.2 47.50 ERROR
r-release-linux-x86_64 1.0.2 1.07 15.31 16.38 ERROR
r-release-osx-x86_64-mavericks 1.0.2 NOTE
r-release-osx-x86_64-snowleopard 1.0.2 ERROR
r-release-windows-ix86+x86_64 1.0.2 4.00 25.00 29.00 ERROR
r-oldrel-windows-ix86+x86_64 1.0.2 5.00 23.00 28.00 ERROR

Check Details

Version: 1.0.2
Check: dependencies in R code
Result: NOTE
    Packages in Depends field not imported from:
     ‘XML’ ‘stringr’
     These packages need to be imported from (in the NAMESPACE file)
     for when this namespace is loaded but not attached.
Flavors: r-devel-linux-x86_64-debian-clang, r-devel-linux-x86_64-debian-gcc, r-devel-linux-x86_64-fedora-clang, r-devel-linux-x86_64-fedora-gcc, r-devel-osx-x86_64-clang, r-devel-windows-ix86+x86_64, r-patched-linux-x86_64, r-patched-solaris-sparc, r-patched-solaris-x86, r-release-linux-x86_64, r-release-osx-x86_64-mavericks, r-release-windows-ix86+x86_64, r-oldrel-windows-ix86+x86_64

Version: 1.0.2
Check: R code for possible problems
Result: NOTE
    cssApply: no visible global function definition for ‘xpathSApply’
    cssApplyInNodeSet: no visible global function definition for
     ‘getNodeSet’
    cssApplyInNodeSet: no visible global function definition for
     ‘xpathSApply’
    cssCharacter: no visible global function definition for ‘xmlValue’
    cssClass: no visible global function definition for ‘xmlGetAttr’
    cssId: no visible global function definition for ‘xmlGetAttr’
    cssLink: no visible global function definition for ‘xmlGetAttr’
    cssName: no visible global function definition for ‘xmlGetAttr’
    cssNumeric: no visible global function definition for ‘xmlValue’
    cssSrc: no visible global function definition for ‘xmlGetAttr’
    cssToXpath: no visible global function definition for ‘str_extract_all’
    cssToXpath : <anonymous>: no visible global function definition for
     ‘str_detect’
    cssToXpath : <anonymous>: no visible global function definition for
     ‘str_replace’
    cssToXpath : <anonymous>: no visible global function definition for
     ‘str_extract’
    cssToXpath : <anonymous>: no visible global function definition for
     ‘str_match’
    cssToXpath : <anonymous>: no visible global function definition for
     ‘str_replace_all’
    cssToXpath : <anonymous>: no visible global function definition for
     ‘str_match_all’
    cssToXpath: no visible global function definition for ‘str_replace’
    cssValue: no visible global function definition for ‘xmlGetAttr’
Flavors: r-devel-linux-x86_64-debian-clang, r-devel-linux-x86_64-debian-gcc, r-devel-linux-x86_64-fedora-clang, r-devel-linux-x86_64-fedora-gcc, r-devel-osx-x86_64-clang, r-devel-windows-ix86+x86_64, r-patched-linux-x86_64, r-patched-solaris-sparc, r-patched-solaris-x86, r-release-linux-x86_64, r-release-osx-x86_64-mavericks, r-release-windows-ix86+x86_64, r-oldrel-windows-ix86+x86_64

Version: 1.0.2
Check: tests
Result: ERROR
    Running the tests in ‘tests/run-all.R’ failed.
    Last 13 lines of output:
     2. Failure (at testDataExtraction.R#79): functions are insensitive to extra spaces
     cssApply(doc, "*[ id = 'player1' ]", cssId) not equal to c("player1")
     Modes: character, list
     Lengths: 1, 0
     target is character, current is list
    
     3. Failure (at testDataExtraction.R#81): functions are insensitive to extra spaces
     cssApply(doc, "*[ name = 'Hello world' ]", cssCharacter) not equal to "insensitive"
     Modes: character, list
     Lengths: 1, 0
     target is character, current is list
     Error: Test failures
     Execution halted
Flavors: r-devel-linux-x86_64-debian-clang, r-devel-linux-x86_64-debian-gcc, r-devel-linux-x86_64-fedora-clang, r-devel-linux-x86_64-fedora-gcc, r-devel-osx-x86_64-clang, r-devel-windows-ix86+x86_64, r-patched-linux-x86_64, r-patched-solaris-sparc, r-patched-solaris-x86, r-release-linux-x86_64, r-release-windows-ix86+x86_64

Version: 1.0.2
Check: package dependencies
Result: ERROR
    Package required but not available: ‘XML’
    
    See section ‘The DESCRIPTION file’ in the ‘Writing R Extensions’
    manual.
Flavor: r-release-osx-x86_64-snowleopard

Version: 1.0.2
Check: tests
Result: ERROR
    Running the tests in 'tests/run-all.R' failed.
    Last 13 lines of output:
     cssApply(doc, "*[ id = 'player1' ]", cssId) not equal to c("player1")
     Modes: character, list
     Lengths: 1, 0
     target is character, current is list
    
     3. Failure(@testDataExtraction.R#81): functions are insensitive to extra spaces
     cssApply(doc, "*[ name = 'Hello world' ]", cssCharacter) not equal to "insensitive"
     Modes: character, list
     Lengths: 1, 0
     target is character, current is list
    
     Error: Test failures
     Execution halted
Flavor: r-oldrel-windows-ix86+x86_64