CRAN Package Check Results for Package CSS

Last updated on 2014-09-01 14:46:26.

Flavor Version Tinstall Tcheck Ttotal Status Flags
r-devel-linux-x86_64-debian-clang 1.0.2 1.05 15.60 16.64 NOTE
r-devel-linux-x86_64-debian-gcc 1.0.2 1.02 15.08 16.09 NOTE
r-devel-linux-x86_64-fedora-clang 1.0.2 35.54 NOTE
r-devel-linux-x86_64-fedora-gcc 1.0.2 34.71 NOTE
r-devel-osx-x86_64-clang 1.0.2 37.63 NOTE
r-devel-windows-ix86+x86_64 1.0.2 4.00 27.00 31.00 NOTE
r-patched-linux-x86_64 1.0.2 1.06 16.32 17.38 NOTE
r-patched-solaris-sparc 1.0.2 219.50 NOTE
r-patched-solaris-x86 1.0.2 52.90 NOTE
r-release-linux-ix86 1.0.2 1.44 24.45 25.90 NOTE
r-release-linux-x86_64 1.0.2 1.10 16.66 17.76 NOTE
r-release-osx-x86_64-mavericks 1.0.2 NOTE
r-release-osx-x86_64-snowleopard 1.0.2 OK
r-release-windows-ix86+x86_64 1.0.2 4.00 37.00 41.00 NOTE
r-oldrel-windows-ix86+x86_64 1.0.2 6.00 39.00 45.00 NOTE

Check Details

Version: 1.0.2
Check: dependencies in R code
Result: NOTE
    Packages in Depends field not imported from:
     ‘XML’ ‘stringr’
     These packages need to be imported from (in the NAMESPACE file)
     for when this namespace is loaded but not attached.
    See the information on DESCRIPTION files in the chapter ‘Creating R
    packages’ of the ‘Writing R Extensions’ manual.
Flavors: r-devel-linux-x86_64-debian-clang, r-devel-linux-x86_64-debian-gcc, r-devel-linux-x86_64-fedora-clang, r-devel-linux-x86_64-fedora-gcc, r-devel-osx-x86_64-clang, r-devel-windows-ix86+x86_64, r-patched-linux-x86_64, r-patched-solaris-sparc, r-patched-solaris-x86, r-release-linux-ix86, r-release-linux-x86_64, r-release-osx-x86_64-mavericks, r-release-windows-ix86+x86_64, r-oldrel-windows-ix86+x86_64

Version: 1.0.2
Check: R code for possible problems
Result: NOTE
    cssApply: no visible global function definition for ‘xpathSApply’
    cssApplyInNodeSet: no visible global function definition for
     ‘getNodeSet’
    cssApplyInNodeSet: no visible global function definition for
     ‘xpathSApply’
    cssCharacter: no visible global function definition for ‘xmlValue’
    cssClass: no visible global function definition for ‘xmlGetAttr’
    cssId: no visible global function definition for ‘xmlGetAttr’
    cssLink: no visible global function definition for ‘xmlGetAttr’
    cssName: no visible global function definition for ‘xmlGetAttr’
    cssNumeric: no visible global function definition for ‘xmlValue’
    cssSrc: no visible global function definition for ‘xmlGetAttr’
    cssToXpath: no visible global function definition for ‘str_extract_all’
    cssToXpath : <anonymous>: no visible global function definition for
     ‘str_detect’
    cssToXpath : <anonymous>: no visible global function definition for
     ‘str_replace’
    cssToXpath : <anonymous>: no visible global function definition for
     ‘str_extract’
    cssToXpath : <anonymous>: no visible global function definition for
     ‘str_match’
    cssToXpath : <anonymous>: no visible global function definition for
     ‘str_replace_all’
    cssToXpath : <anonymous>: no visible global function definition for
     ‘str_match_all’
    cssToXpath: no visible global function definition for ‘str_replace’
    cssValue: no visible global function definition for ‘xmlGetAttr’
Flavors: r-devel-linux-x86_64-debian-clang, r-devel-linux-x86_64-debian-gcc, r-devel-linux-x86_64-fedora-clang, r-devel-linux-x86_64-fedora-gcc, r-devel-osx-x86_64-clang, r-devel-windows-ix86+x86_64