CRAN Package Check Results for Package CSS

Last updated on 2014-07-26 08:50:47.

Flavor Version Tinstall Tcheck Ttotal Status Flags
r-devel-linux-x86_64-debian-clang 1.0.2 1.23 16.39 17.62 NOTE
r-devel-linux-x86_64-debian-gcc 1.0.2 1.03 16.41 17.44 NOTE
r-devel-linux-x86_64-fedora-clang 1.0.2 36.58 NOTE
r-devel-linux-x86_64-fedora-gcc 1.0.2 34.30 NOTE
r-devel-osx-x86_64-clang 1.0.2 40.10 NOTE
r-devel-windows-ix86+x86_64 1.0.2 4.00 28.00 32.00 NOTE
r-patched-linux-x86_64 1.0.2 1.05 16.62 17.67 NOTE
r-patched-solaris-sparc 1.0.2 209.90 NOTE
r-patched-solaris-x86 1.0.2 52.50 NOTE
r-release-linux-ix86 1.0.2 1.43 24.11 25.54 NOTE
r-release-linux-x86_64 1.0.2 1.45 16.92 18.37 NOTE
r-release-osx-x86_64-mavericks 1.0.2 NOTE
r-release-osx-x86_64-snowleopard 1.0.2 OK
r-release-windows-ix86+x86_64 1.0.2 5.00 29.00 34.00 NOTE
r-oldrel-windows-ix86+x86_64 1.0.2 4.00 28.00 32.00 NOTE

Check Details

Version: 1.0.2
Check: dependencies in R code
Result: NOTE
    Packages in Depends field not imported from:
     ‘XML’ ‘stringr’
     These packages need to be imported from (in the NAMESPACE file)
     for when this namespace is loaded but not attached.
    See the information on DESCRIPTION files in the chapter ‘Creating R
    packages’ of the ‘Writing R Extensions’ manual.
Flavors: r-devel-linux-x86_64-debian-clang, r-devel-linux-x86_64-debian-gcc, r-devel-linux-x86_64-fedora-clang, r-devel-linux-x86_64-fedora-gcc, r-devel-osx-x86_64-clang, r-devel-windows-ix86+x86_64, r-patched-linux-x86_64, r-patched-solaris-sparc, r-patched-solaris-x86, r-release-linux-ix86, r-release-linux-x86_64, r-release-osx-x86_64-mavericks, r-release-windows-ix86+x86_64, r-oldrel-windows-ix86+x86_64