CRAN Package Check Results for Package CSS

Last updated on 2015-04-25 12:46:13.

Flavor Version Tinstall Tcheck Ttotal Status Flags
r-devel-linux-x86_64-debian-clang 1.0.2 1.01 14.73 15.74 NOTE
r-devel-linux-x86_64-debian-gcc 1.0.2 0.92 14.46 15.38 NOTE
r-devel-linux-x86_64-fedora-clang 1.0.2 30.82 NOTE
r-devel-linux-x86_64-fedora-gcc 1.0.2 30.03 NOTE
r-devel-osx-x86_64-clang 1.0.2 36.39 NOTE
r-devel-windows-ix86+x86_64 1.0.2 3.00 25.00 28.00 NOTE
r-patched-linux-x86_64 1.0.2 1.14 14.38 15.52 NOTE
r-patched-solaris-sparc 1.0.2 212.10 NOTE
r-patched-solaris-x86 1.0.2 43.40 NOTE
r-release-linux-x86_64 1.0.2 0.93 14.61 15.54 NOTE
r-release-osx-x86_64-mavericks 1.0.2 NOTE
r-release-osx-x86_64-snowleopard 1.0.2 ERROR
r-release-windows-ix86+x86_64 1.0.2 4.00 25.00 29.00 NOTE
r-oldrel-windows-ix86+x86_64 1.0.2 3.00 27.00 30.00 NOTE

Check Details

Version: 1.0.2
Check: dependencies in R code
Result: NOTE
    Packages in Depends field not imported from:
     'XML' 'stringr'
     These packages need to be imported from (in the NAMESPACE file)
     for when this namespace is loaded but not attached.
Flavors: r-devel-windows-ix86+x86_64, r-release-windows-ix86+x86_64, r-oldrel-windows-ix86+x86_64

Version: 1.0.2
Check: R code for possible problems
Result: NOTE
    cssApply: no visible global function definition for 'xpathSApply'
    cssApplyInNodeSet: no visible global function definition for
     'getNodeSet'
    cssApplyInNodeSet: no visible global function definition for
     'xpathSApply'
    cssCharacter: no visible global function definition for 'xmlValue'
    cssClass: no visible global function definition for 'xmlGetAttr'
    cssId: no visible global function definition for 'xmlGetAttr'
    cssLink: no visible global function definition for 'xmlGetAttr'
    cssName: no visible global function definition for 'xmlGetAttr'
    cssNumeric: no visible global function definition for 'xmlValue'
    cssSrc: no visible global function definition for 'xmlGetAttr'
    cssToXpath: no visible global function definition for 'str_extract_all'
    cssToXpath : <anonymous>: no visible global function definition for
     'str_detect'
    cssToXpath : <anonymous>: no visible global function definition for
     'str_replace'
    cssToXpath : <anonymous>: no visible global function definition for
     'str_extract'
    cssToXpath : <anonymous>: no visible global function definition for
     'str_match'
    cssToXpath : <anonymous>: no visible global function definition for
     'str_replace_all'
    cssToXpath : <anonymous>: no visible global function definition for
     'str_match_all'
    cssToXpath: no visible global function definition for 'str_replace'
    cssValue: no visible global function definition for 'xmlGetAttr'
Flavors: r-devel-windows-ix86+x86_64, r-release-windows-ix86+x86_64, r-oldrel-windows-ix86+x86_64