Last updated on 2022-08-10 03:53:11 CEST.
Flavor | Version | Tinstall | Tcheck | Ttotal | Status | Flags |
---|---|---|---|---|---|---|
r-devel-linux-x86_64-debian-clang | 3.0.1 | 17.94 | 160.20 | 178.14 | OK | |
r-devel-linux-x86_64-debian-gcc | 3.0.1 | 15.10 | 117.16 | 132.26 | OK | |
r-devel-linux-x86_64-fedora-clang | 3.0.1 | 218.53 | NOTE | |||
r-devel-linux-x86_64-fedora-gcc | 3.0.1 | 218.09 | NOTE | |||
r-devel-windows-x86_64 | 3.0.1 | 26.00 | 174.00 | 200.00 | OK | |
r-patched-linux-x86_64 | 3.0.1 | 10.92 | 149.35 | 160.27 | OK | |
r-release-linux-x86_64 | 3.0.1 | OK | ||||
r-release-macos-arm64 | 3.0.1 | 57.00 | NOTE | |||
r-release-macos-x86_64 | 3.0.1 | 101.00 | NOTE | |||
r-release-windows-x86_64 | 3.0.1 | 31.00 | 179.00 | 210.00 | OK | |
r-oldrel-macos-arm64 | 3.0.1 | 73.00 | NOTE | |||
r-oldrel-macos-x86_64 | 3.0.1 | 100.00 | NOTE | |||
r-oldrel-windows-ix86+x86_64 | 3.0.1 | 41.00 | 192.00 | 233.00 | OK |
Version: 3.0.1
Check: dependencies in R code
Result: NOTE
Namespace in Imports field not imported from: ‘MASS’
All declared Imports should be used.
Flavors: r-devel-linux-x86_64-fedora-clang, r-devel-linux-x86_64-fedora-gcc, r-release-macos-arm64, r-release-macos-x86_64, r-oldrel-macos-arm64, r-oldrel-macos-x86_64