CRAN Package Check Results for Package CTShiny2

Last updated on 2024-05-26 07:10:20 CEST.

Flavor Version Tinstall Tcheck Ttotal Status Flags
r-devel-linux-x86_64-debian-clang 0.1.0 2.26 20.24 22.50 NOTE
r-devel-linux-x86_64-debian-gcc 0.1.0 1.80 15.95 17.75 NOTE
r-devel-linux-x86_64-fedora-clang 0.1.0 29.60 NOTE
r-devel-linux-x86_64-fedora-gcc 0.1.0 27.31 NOTE
r-devel-windows-x86_64 0.1.0 3.00 38.00 41.00 NOTE
r-patched-linux-x86_64 0.1.0 2.35 19.80 22.15 NOTE
r-release-linux-x86_64 0.1.0 1.58 19.80 21.38 NOTE
r-release-macos-arm64 0.1.0 13.00 NOTE
r-release-windows-x86_64 0.1.0 3.00 37.00 40.00 NOTE
r-oldrel-macos-arm64 0.1.0 16.00 NOTE
r-oldrel-macos-x86_64 0.1.0 18.00 NOTE
r-oldrel-windows-x86_64 0.1.0 4.00 40.00 44.00 NOTE

Check Details

Version: 0.1.0
Check: LazyData
Result: NOTE 'LazyData' is specified without a 'data' directory Flavors: r-devel-linux-x86_64-debian-clang, r-devel-linux-x86_64-debian-gcc, r-devel-linux-x86_64-fedora-clang, r-devel-linux-x86_64-fedora-gcc, r-devel-windows-x86_64, r-patched-linux-x86_64, r-release-linux-x86_64, r-release-macos-arm64, r-release-windows-x86_64, r-oldrel-macos-arm64, r-oldrel-macos-x86_64, r-oldrel-windows-x86_64

Version: 0.1.0
Check: dependencies in R code
Result: NOTE Namespaces in Imports field not imported from: ‘caret’ ‘datasets’ ‘dplyr’ ‘e1071’ ‘party’ ‘rhandsontable’ ‘rpart’ ‘rpart.plot’ ‘shiny’ All declared Imports should be used. Flavors: r-devel-linux-x86_64-fedora-clang, r-devel-linux-x86_64-fedora-gcc