CRAN Package Check Results for Package CTT

Last updated on 2015-03-03 14:47:20.

Flavor Version Tinstall Tcheck Ttotal Status Flags
r-devel-linux-x86_64-debian-clang 2.1 0.61 11.37 11.98 NOTE
r-devel-linux-x86_64-debian-gcc 2.1 0.56 10.47 11.03 NOTE
r-devel-linux-x86_64-fedora-clang 2.1 20.88 NOTE
r-devel-linux-x86_64-fedora-gcc 2.1 19.56 NOTE
r-devel-osx-x86_64-clang 2.1 26.09 NOTE
r-devel-windows-ix86+x86_64 2.1 4.00 19.00 23.00 NOTE
r-patched-linux-x86_64 2.1 0.61 11.71 12.32 OK
r-patched-solaris-sparc 2.1 156.70 OK
r-patched-solaris-x86 2.1 33.40 OK
r-release-linux-ix86 2.1 0.96 18.10 19.05 OK
r-release-linux-x86_64 2.1 0.61 10.80 11.41 OK
r-release-osx-x86_64-mavericks 2.1 OK
r-release-osx-x86_64-snowleopard 2.1 OK
r-release-windows-ix86+x86_64 2.1 3.00 18.00 21.00 OK
r-oldrel-windows-ix86+x86_64 2.1 2.00 19.00 21.00 OK

Check Details

Version: 2.1
Check: DESCRIPTION meta-information
Result: NOTE
    Malformed Description field: should contain one or more complete sentences.
Flavors: r-devel-linux-x86_64-debian-clang, r-devel-linux-x86_64-debian-gcc, r-devel-linux-x86_64-fedora-clang, r-devel-linux-x86_64-fedora-gcc, r-devel-osx-x86_64-clang, r-devel-windows-ix86+x86_64