CRAN Package Check Results for Package CTT

Last updated on 2015-04-02 06:46:39.

Flavor Version Tinstall Tcheck Ttotal Status Flags
r-devel-linux-x86_64-debian-clang 2.1 0.58 10.24 10.82 NOTE
r-devel-linux-x86_64-debian-gcc 2.1 0.73 10.19 10.92 NOTE
r-devel-linux-x86_64-fedora-clang 2.1 21.33 NOTE
r-devel-linux-x86_64-fedora-gcc 2.1 19.52 NOTE
r-devel-osx-x86_64-clang 2.1 29.33 NOTE
r-prerel-windows-ix86+x86_64 2.1 4.00 17.00 21.00 NOTE
r-prerel-linux-x86_64 2.1 0.58 10.37 10.95 NOTE
r-prerel-solaris-sparc 2.1 167.50 NOTE
r-prerel-solaris-x86 2.1 30.20 NOTE
r-release-linux-x86_64 2.1 0.62 11.70 12.32 OK
r-release-osx-x86_64-mavericks 2.1 OK
r-release-osx-x86_64-snowleopard 2.1 OK
r-release-windows-ix86+x86_64 2.1 4.00 27.00 31.00 OK
r-oldrel-windows-ix86+x86_64 2.1 2.00 19.00 21.00 OK

Check Details

Version: 2.1
Check: DESCRIPTION meta-information
Result: NOTE
    Malformed Description field: should contain one or more complete sentences.
Flavors: r-devel-linux-x86_64-debian-clang, r-devel-linux-x86_64-debian-gcc, r-devel-linux-x86_64-fedora-clang, r-devel-linux-x86_64-fedora-gcc, r-devel-osx-x86_64-clang, r-prerel-windows-ix86+x86_64, r-prerel-linux-x86_64, r-prerel-solaris-sparc, r-prerel-solaris-x86