CRAN Package Check Results for Package CTT

Last updated on 2015-06-30 12:47:09.

Flavor Version Tinstall Tcheck Ttotal Status Flags
r-devel-linux-x86_64-debian-clang 2.1 0.77 10.29 11.06 NOTE
r-devel-linux-x86_64-debian-gcc 2.1 0.73 9.90 10.63 NOTE
r-devel-linux-x86_64-fedora-clang 2.1 19.51 NOTE
r-devel-linux-x86_64-fedora-gcc 2.1 18.89 NOTE
r-devel-osx-x86_64-clang 2.1 22.15 NOTE
r-devel-windows-ix86+x86_64 2.1 4.00 17.00 21.00 NOTE
r-patched-linux-x86_64 2.1 0.57 10.16 10.73 NOTE
r-patched-solaris-sparc 2.1 147.60 NOTE
r-patched-solaris-x86 2.1 30.40 NOTE
r-release-linux-x86_64 2.1 0.60 10.29 10.89 NOTE
r-release-osx-x86_64-mavericks 2.1 NOTE
r-release-windows-ix86+x86_64 2.1 2.00 17.00 19.00 NOTE
r-oldrel-windows-ix86+x86_64 2.1 4.00 27.00 31.00 OK

Check Details

Version: 2.1
Check: DESCRIPTION meta-information
Result: NOTE
    Malformed Description field: should contain one or more complete sentences.
Flavors: r-devel-linux-x86_64-debian-clang, r-devel-linux-x86_64-debian-gcc, r-devel-linux-x86_64-fedora-clang, r-devel-linux-x86_64-fedora-gcc, r-devel-osx-x86_64-clang, r-devel-windows-ix86+x86_64, r-patched-linux-x86_64, r-patched-solaris-sparc, r-patched-solaris-x86, r-release-linux-x86_64, r-release-osx-x86_64-mavericks, r-release-windows-ix86+x86_64

Version: 2.1
Check: R code for possible problems
Result: NOTE
    cttICC: no visible global function definition for ‘na.omit’
    cttICC: no visible global function definition for ‘jpeg’
    cttICC: no visible global function definition for ‘png’
    cttICC: no visible global function definition for ‘plot’
    cttICC: no visible global function definition for ‘points’
    cttICC: no visible global function definition for ‘dev.off’
    distractor.analysis: no visible global function definition for
     ‘quantile’
    distractor.analysis : itemtab: no visible global function definition
     for ‘xtabs’
    distractor.analysis : itemtabp: no visible global function definition
     for ‘xtabs’
    distractor.analysis: no visible global function definition for
     ‘write.table’
    polyserial: no visible global function definition for ‘complete.cases’
    polyserial: no visible global function definition for ‘qnorm’
    polyserial: no visible global function definition for ‘cor’
    polyserial: no visible global function definition for ‘sd’
    polyserial: no visible global function definition for ‘dnorm’
    polyserial : negLogLik: no visible global function definition for
     ‘pnorm’
    polyserial : negLogLik: no visible global function definition for
     ‘dnorm’
    polyserial: no visible global function definition for ‘optim’
    reliability: no visible global function definition for ‘na.omit’
    reliability: no visible binding for global variable ‘var’
    reliability: no visible global function definition for ‘var’
    reliability: no visible global function definition for ‘cor’
    reliability: no visible global function definition for ‘sd’
    score.transform: no visible global function definition for ‘qnorm’
    score.transform: no visible global function definition for ‘sd’
Flavors: r-devel-linux-x86_64-debian-clang, r-devel-linux-x86_64-debian-gcc