CRAN Package Check Results for Package CTT

Last updated on 2015-05-25 02:47:20.

Flavor Version Tinstall Tcheck Ttotal Status Flags
r-devel-linux-x86_64-debian-clang 2.1 0.58 10.49 11.06 NOTE
r-devel-linux-x86_64-debian-gcc 2.1 0.58 10.16 10.74 NOTE
r-devel-linux-x86_64-fedora-clang 2.1 21.03 NOTE
r-devel-linux-x86_64-fedora-gcc 2.1 19.22 NOTE
r-devel-osx-x86_64-clang 2.1 26.38 NOTE
r-devel-windows-ix86+x86_64 2.1 3.00 17.00 20.00 NOTE
r-patched-linux-x86_64 2.1 0.58 10.61 11.19 NOTE
r-patched-solaris-sparc 2.1 147.60 NOTE
r-patched-solaris-x86 2.1 30.10 NOTE
r-release-linux-x86_64 2.1 0.64 10.47 11.11 NOTE
r-release-osx-x86_64-mavericks 2.1 NOTE
r-release-osx-x86_64-snowleopard 2.1 NOTE
r-release-windows-ix86+x86_64 2.1 2.00 17.00 19.00 NOTE
r-oldrel-windows-ix86+x86_64 2.1 4.00 27.00 31.00 OK

Check Details

Version: 2.1
Check: DESCRIPTION meta-information
Result: NOTE
    Malformed Description field: should contain one or more complete sentences.
Flavors: r-devel-linux-x86_64-debian-clang, r-devel-linux-x86_64-debian-gcc, r-devel-linux-x86_64-fedora-clang, r-devel-linux-x86_64-fedora-gcc, r-devel-osx-x86_64-clang, r-devel-windows-ix86+x86_64, r-patched-linux-x86_64, r-patched-solaris-sparc, r-patched-solaris-x86, r-release-linux-x86_64, r-release-osx-x86_64-mavericks, r-release-osx-x86_64-snowleopard, r-release-windows-ix86+x86_64