CRAN Package Check Results for Package CTTinShiny

Last updated on 2022-06-28 16:54:46 CEST.

Flavor Version Tinstall Tcheck Ttotal Status Flags
r-devel-linux-x86_64-debian-clang 0.1.0 3.72 39.61 43.33 NOTE
r-devel-linux-x86_64-debian-gcc 0.1.0 2.61 30.91 33.52 NOTE
r-devel-linux-x86_64-fedora-clang 0.1.0 65.92 NOTE
r-devel-linux-x86_64-fedora-gcc 0.1.0 64.00 NOTE
r-devel-windows-x86_64 0.1.0 14.00 66.00 80.00 NOTE
r-patched-linux-x86_64 0.1.0 3.31 38.66 41.97 NOTE
r-release-linux-x86_64 0.1.0 4.52 39.01 43.53 NOTE
r-release-macos-arm64 0.1.0 20.00 NOTE
r-release-macos-x86_64 0.1.0 34.00 NOTE
r-release-windows-x86_64 0.1.0 15.00 68.00 83.00 NOTE
r-oldrel-macos-arm64 0.1.0 27.00 NOTE
r-oldrel-macos-x86_64 0.1.0 35.00 NOTE
r-oldrel-windows-ix86+x86_64 0.1.0 12.00 57.00 69.00 NOTE

Check Details

Version: 0.1.0
Check: LazyData
Result: NOTE
     'LazyData' is specified without a 'data' directory
Flavors: r-devel-linux-x86_64-debian-clang, r-devel-linux-x86_64-debian-gcc, r-devel-linux-x86_64-fedora-clang, r-devel-linux-x86_64-fedora-gcc, r-devel-windows-x86_64, r-patched-linux-x86_64, r-release-linux-x86_64, r-release-macos-arm64, r-release-macos-x86_64, r-release-windows-x86_64, r-oldrel-macos-arm64, r-oldrel-macos-x86_64, r-oldrel-windows-ix86+x86_64