CRAN Package Check Results for Package CVR

Last updated on 2022-11-26 13:55:58 CET.

Flavor Version Tinstall Tcheck Ttotal Status Flags
r-devel-linux-x86_64-debian-clang 0.1.1 43.22 37.32 80.54 OK
r-devel-linux-x86_64-debian-gcc 0.1.1 40.44 28.96 69.40 OK
r-devel-linux-x86_64-fedora-clang 0.1.1 133.15 OK
r-devel-windows-x86_64 0.1.1 44.00 84.00 128.00 OK
r-patched-linux-x86_64 0.1.1 OK
r-release-linux-x86_64 0.1.1 45.39 34.97 80.36 OK
r-release-macos-arm64 0.1.1 32.00 NOTE
r-release-macos-x86_64 0.1.1 44.00 NOTE
r-release-windows-x86_64 0.1.1 48.00 87.00 135.00 OK
r-oldrel-macos-arm64 0.1.1 48.00 NOTE
r-oldrel-macos-x86_64 0.1.1 63.00 NOTE
r-oldrel-windows-ix86+x86_64 0.1.1 110.00 85.00 195.00 OK

Check Details

Version: 0.1.1
Check: installed package size
Result: NOTE
     installed size is 5.3Mb
     sub-directories of 1Mb or more:
     libs 4.5Mb
Flavors: r-release-macos-arm64, r-release-macos-x86_64, r-oldrel-macos-arm64, r-oldrel-macos-x86_64