CRAN Package Check Results for Package CVST

Last updated on 2014-10-25 05:48:35.

Flavor Version Tinstall Tcheck Ttotal Status Flags
r-devel-linux-x86_64-debian-clang 0.2-1 4.24 47.13 51.37 NOTE
r-devel-linux-x86_64-debian-gcc 0.2-1 4.12 46.40 50.52 NOTE
r-devel-linux-x86_64-fedora-clang 0.2-1 115.82 NOTE
r-devel-linux-x86_64-fedora-gcc 0.2-1 114.07 NOTE
r-devel-osx-x86_64-clang 0.2-1 96.13 NOTE
r-devel-windows-ix86+x86_64 0.2-1 11.00 61.00 72.00 NOTE
r-patched-linux-x86_64 0.2-1 4.53 50.29 54.82 NOTE
r-patched-solaris-sparc 0.2-1 664.50 NOTE
r-patched-solaris-x86 0.2-1 152.90 NOTE
r-release-linux-ix86 0.2-1 5.28 62.26 67.54 NOTE
r-release-linux-x86_64 0.2-1 4.45 51.39 55.84 NOTE
r-release-osx-x86_64-mavericks 0.2-1 NOTE
r-release-osx-x86_64-snowleopard 0.2-1 OK
r-release-windows-ix86+x86_64 0.2-1 12.00 72.00 84.00 NOTE
r-oldrel-windows-ix86+x86_64 0.2-1 11.00 65.00 76.00 NOTE

Check Details

Version: 0.2-1
Check: dependencies in R code
Result: NOTE
    Packages in Depends field not imported from:
     ‘Matrix’ ‘kernlab’
     These packages need to be imported from (in the NAMESPACE file)
     for when this namespace is loaded but not attached.
    See the information on DESCRIPTION files in the chapter ‘Creating R
    packages’ of the ‘Writing R Extensions’ manual.
Flavors: r-devel-linux-x86_64-debian-clang, r-devel-linux-x86_64-debian-gcc, r-devel-linux-x86_64-fedora-clang, r-devel-linux-x86_64-fedora-gcc, r-devel-osx-x86_64-clang, r-devel-windows-ix86+x86_64, r-patched-linux-x86_64, r-patched-solaris-sparc, r-patched-solaris-x86, r-release-linux-ix86, r-release-linux-x86_64, r-release-osx-x86_64-mavericks, r-release-windows-ix86+x86_64, r-oldrel-windows-ix86+x86_64

Version: 0.2-1
Check: R code for possible problems
Result: NOTE
    .klogreg: no visible global function definition for ‘Matrix’
    .klogreg: no visible global function definition for ‘kernelMatrix’
    .klogreg: no visible global function definition for ‘Diagonal’
    .klogreg.predict: no visible global function definition for
     ‘kernelMult’
    .krr: no visible global function definition for ‘kernelMatrix’
    .krr: no visible global function definition for ‘Matrix’
    .krr.predict: no visible global function definition for ‘kernelMatrix’
    constructSVMLearner : learn.svm: no visible global function definition
     for ‘ksvm’
    constructSVRLearner : learn.svr: no visible global function definition
     for ‘ksvm’
Flavors: r-devel-linux-x86_64-debian-clang, r-devel-linux-x86_64-debian-gcc, r-devel-linux-x86_64-fedora-clang, r-devel-linux-x86_64-fedora-gcc, r-devel-osx-x86_64-clang, r-devel-windows-ix86+x86_64, r-patched-linux-x86_64, r-patched-solaris-sparc, r-patched-solaris-x86