CRAN Package Check Results for Package CVST

Last updated on 2015-03-06 23:48:14.

Flavor Version Tinstall Tcheck Ttotal Status Flags
r-devel-linux-x86_64-debian-clang 0.2-1 3.58 37.47 41.05 NOTE
r-devel-linux-x86_64-debian-gcc 0.2-1 3.25 37.10 40.35 NOTE
r-devel-linux-x86_64-fedora-clang 0.2-1 85.14 NOTE
r-devel-linux-x86_64-fedora-gcc 0.2-1 81.19 NOTE
r-devel-osx-x86_64-clang 0.2-1 79.94 NOTE
r-devel-windows-ix86+x86_64 0.2-1 12.00 56.00 68.00 NOTE
r-patched-linux-x86_64 0.2-1 4.70 48.91 53.62 NOTE
r-patched-solaris-sparc 0.2-1 717.00 NOTE
r-patched-solaris-x86 0.2-1 151.40 NOTE
r-release-linux-ix86 0.2-1 5.62 58.26 63.88 NOTE
r-release-linux-x86_64 0.2-1 4.47 48.87 53.34 NOTE
r-release-osx-x86_64-mavericks 0.2-1 NOTE
r-release-osx-x86_64-snowleopard 0.2-1 OK
r-release-windows-ix86+x86_64 0.2-1 14.00 73.00 87.00 NOTE
r-oldrel-windows-ix86+x86_64 0.2-1 11.00 96.00 107.00 NOTE

Check Details

Version: 0.2-1
Check: dependencies in R code
Result: NOTE
    Packages in Depends field not imported from:
     ‘Matrix’ ‘kernlab’
     These packages need to be imported from (in the NAMESPACE file)
     for when this namespace is loaded but not attached.
Flavors: r-devel-linux-x86_64-debian-clang, r-devel-linux-x86_64-debian-gcc, r-devel-linux-x86_64-fedora-clang, r-devel-linux-x86_64-fedora-gcc, r-devel-osx-x86_64-clang, r-devel-windows-ix86+x86_64, r-patched-linux-x86_64, r-patched-solaris-sparc, r-patched-solaris-x86

Version: 0.2-1
Check: R code for possible problems
Result: NOTE
    .klogreg: no visible global function definition for ‘Matrix’
    .klogreg: no visible global function definition for ‘kernelMatrix’
    .klogreg: no visible global function definition for ‘Diagonal’
    .klogreg.predict: no visible global function definition for
     ‘kernelMult’
    .krr: no visible global function definition for ‘kernelMatrix’
    .krr: no visible global function definition for ‘Matrix’
    .krr.predict: no visible global function definition for ‘kernelMatrix’
    constructSVMLearner : learn.svm: no visible global function definition
     for ‘ksvm’
    constructSVRLearner : learn.svr: no visible global function definition
     for ‘ksvm’
Flavors: r-devel-linux-x86_64-debian-clang, r-devel-linux-x86_64-debian-gcc, r-devel-linux-x86_64-fedora-clang, r-devel-linux-x86_64-fedora-gcc, r-devel-osx-x86_64-clang, r-devel-windows-ix86+x86_64, r-patched-linux-x86_64, r-patched-solaris-sparc, r-patched-solaris-x86, r-release-linux-ix86, r-release-linux-x86_64, r-release-osx-x86_64-mavericks, r-release-windows-ix86+x86_64

Version: 0.2-1
Check: dependencies in R code
Result: NOTE
    Packages in Depends field not imported from:
     ‘Matrix’ ‘kernlab’
     These packages need to be imported from (in the NAMESPACE file)
     for when this namespace is loaded but not attached.
    See the information on DESCRIPTION files in the chapter ‘Creating R
    packages’ of the ‘Writing R Extensions’ manual.
Flavors: r-release-linux-ix86, r-release-linux-x86_64, r-release-osx-x86_64-mavericks, r-release-windows-ix86+x86_64, r-oldrel-windows-ix86+x86_64