CRAN Package Check Results for Package CVST

Last updated on 2015-07-05 22:47:22.

Flavor Version Tinstall Tcheck Ttotal Status Flags
r-devel-linux-x86_64-debian-clang 0.2-1 3.16 36.48 39.64 NOTE
r-devel-linux-x86_64-debian-gcc 0.2-1 3.06 35.43 38.49 NOTE
r-devel-linux-x86_64-fedora-clang 0.2-1 87.28 NOTE
r-devel-linux-x86_64-fedora-gcc 0.2-1 80.09 NOTE
r-devel-osx-x86_64-clang 0.2-1 72.04 NOTE
r-devel-windows-ix86+x86_64 0.2-1 12.00 86.00 98.00 NOTE
r-patched-linux-x86_64 0.2-1 3.31 36.70 40.01 NOTE
r-patched-solaris-sparc 0.2-1 536.30 NOTE
r-patched-solaris-x86 0.2-1 113.90 NOTE
r-release-linux-x86_64 0.2-1 3.26 36.12 39.38 NOTE
r-release-osx-x86_64-mavericks 0.2-1 NOTE
r-release-windows-ix86+x86_64 0.2-1 12.00 84.00 96.00 NOTE
r-oldrel-windows-ix86+x86_64 0.2-1 15.00 72.00 87.00 NOTE

Check Details

Version: 0.2-1
Check: dependencies in R code
Result: NOTE
    Packages in Depends field not imported from:
     ‘Matrix’ ‘kernlab’
     These packages need to be imported from (in the NAMESPACE file)
     for when this namespace is loaded but not attached.
Flavors: r-devel-linux-x86_64-debian-clang, r-devel-linux-x86_64-debian-gcc, r-devel-linux-x86_64-fedora-clang, r-devel-linux-x86_64-fedora-gcc, r-devel-osx-x86_64-clang, r-devel-windows-ix86+x86_64, r-patched-linux-x86_64, r-patched-solaris-sparc, r-patched-solaris-x86, r-release-linux-x86_64, r-release-osx-x86_64-mavericks, r-release-windows-ix86+x86_64, r-oldrel-windows-ix86+x86_64

Version: 0.2-1
Check: R code for possible problems
Result: NOTE
    .klogreg: no visible global function definition for ‘Matrix’
    .klogreg: no visible global function definition for ‘kernelMatrix’
    .klogreg: no visible global function definition for ‘Diagonal’
    .klogreg.predict: no visible global function definition for
     ‘kernelMult’
    .krr: no visible global function definition for ‘kernelMatrix’
    .krr: no visible global function definition for ‘Matrix’
    .krr.predict: no visible global function definition for ‘kernelMatrix’
    cochranq.test: no visible global function definition for ‘pchisq’
    constructSVMLearner : learn.svm: no visible global function definition
     for ‘ksvm’
    constructSVMLearner : predict.svm: no visible global function
     definition for ‘predict’
    constructSVRLearner : learn.svr: no visible global function definition
     for ‘ksvm’
    constructSVRLearner : predict.svr: no visible global function
     definition for ‘predict’
    fastCV: no visible binding for global variable ‘sd’
    fastCV: no visible global function definition for ‘qnorm’
    fastCV: no visible global function definition for ‘friedman.test’
    noisyDonoho: no visible global function definition for ‘runif’
    noisyDonoho: no visible global function definition for ‘rnorm’
    noisySinc: no visible global function definition for ‘runif’
    noisySinc: no visible global function definition for ‘rnorm’
    noisySine: no visible global function definition for ‘runif’
    noisySine: no visible global function definition for ‘rnorm’
    plotSequence: no visible global function definition for ‘plot’
    plotSequence: no visible global function definition for ‘abline’
    plotSequence: no visible global function definition for ‘title’
    Undefined global functions or variables:
     Diagonal Matrix abline friedman.test kernelMatrix kernelMult ksvm
     pchisq plot predict qnorm rnorm runif sd title
Flavors: r-devel-linux-x86_64-debian-clang, r-devel-linux-x86_64-debian-gcc, r-devel-linux-x86_64-fedora-clang, r-devel-linux-x86_64-fedora-gcc, r-devel-windows-ix86+x86_64

Version: 0.2-1
Check: R code for possible problems
Result: NOTE
    .klogreg: no visible global function definition for ‘Matrix’
    .klogreg: no visible global function definition for ‘kernelMatrix’
    .klogreg: no visible global function definition for ‘Diagonal’
    .klogreg.predict: no visible global function definition for
     ‘kernelMult’
    .krr: no visible global function definition for ‘kernelMatrix’
    .krr: no visible global function definition for ‘Matrix’
    .krr.predict: no visible global function definition for ‘kernelMatrix’
    constructSVMLearner : learn.svm: no visible global function definition
     for ‘ksvm’
    constructSVRLearner : learn.svr: no visible global function definition
     for ‘ksvm’
    Undefined global functions or variables:
     Diagonal Matrix kernelMatrix kernelMult ksvm
Flavor: r-devel-osx-x86_64-clang

Version: 0.2-1
Check: R code for possible problems
Result: NOTE
    .klogreg: no visible global function definition for ‘Matrix’
    .klogreg: no visible global function definition for ‘kernelMatrix’
    .klogreg: no visible global function definition for ‘Diagonal’
    .klogreg.predict: no visible global function definition for
     ‘kernelMult’
    .krr: no visible global function definition for ‘kernelMatrix’
    .krr: no visible global function definition for ‘Matrix’
    .krr.predict: no visible global function definition for ‘kernelMatrix’
    constructSVMLearner : learn.svm: no visible global function definition
     for ‘ksvm’
    constructSVRLearner : learn.svr: no visible global function definition
     for ‘ksvm’
Flavors: r-patched-linux-x86_64, r-patched-solaris-sparc, r-patched-solaris-x86, r-release-linux-x86_64, r-release-osx-x86_64-mavericks, r-release-windows-ix86+x86_64, r-oldrel-windows-ix86+x86_64