CRAN Package Check Results for Package CVST

Last updated on 2014-07-23 23:48:22.

Flavor Version Tinstall Tcheck Ttotal Status Flags
r-devel-linux-x86_64-debian-clang 0.2-1 4.42 50.52 54.94 NOTE
r-devel-linux-x86_64-debian-gcc 0.2-1 4.33 48.60 52.93 NOTE
r-devel-linux-x86_64-fedora-clang 0.2-1 130.66 NOTE
r-devel-linux-x86_64-fedora-gcc 0.2-1 123.68 NOTE
r-devel-osx-x86_64-clang 0.2-1 98.22 NOTE
r-devel-windows-ix86+x86_64 0.2-1 11.00 69.00 80.00 NOTE
r-patched-linux-x86_64 0.2-1 4.55 50.02 54.57 NOTE
r-patched-solaris-sparc 0.2-1 698.80 NOTE
r-patched-solaris-x86 0.2-1 156.60 NOTE
r-release-linux-ix86 0.2-1 5.28 61.59 66.87 NOTE
r-release-linux-x86_64 0.2-1 4.55 52.39 56.94 NOTE
r-release-osx-x86_64-mavericks 0.2-1 NOTE
r-release-osx-x86_64-snowleopard 0.2-1 OK
r-release-windows-ix86+x86_64 0.2-1 11.00 74.00 85.00 NOTE
r-oldrel-windows-ix86+x86_64 0.2-1 11.00 63.00 74.00 NOTE

Check Details

Version: 0.2-1
Check: dependencies in R code
Result: NOTE
    Packages in Depends field not imported from:
     ‘Matrix’ ‘kernlab’
     These packages need to be imported from (in the NAMESPACE file)
     for when this namespace is loaded but not attached.
    See the information on DESCRIPTION files in the chapter ‘Creating R
    packages’ of the ‘Writing R Extensions’ manual.
Flavors: r-devel-linux-x86_64-debian-clang, r-devel-linux-x86_64-debian-gcc, r-devel-linux-x86_64-fedora-clang, r-devel-linux-x86_64-fedora-gcc, r-devel-osx-x86_64-clang, r-devel-windows-ix86+x86_64, r-patched-linux-x86_64, r-patched-solaris-sparc, r-patched-solaris-x86, r-release-linux-ix86, r-release-linux-x86_64, r-release-osx-x86_64-mavericks, r-release-windows-ix86+x86_64, r-oldrel-windows-ix86+x86_64