CRAN Package Check Results for Package CVST

Last updated on 2014-04-17 06:46:48.

Flavor Version Tinstall Tcheck Ttotal Status Flags
r-devel-linux-x86_64-debian-clang 0.2-1 4.72 52.50 57.22 NOTE
r-devel-linux-x86_64-debian-gcc 0.2-1 4.59 52.90 57.49 NOTE
r-devel-linux-x86_64-fedora-clang 0.2-1 130.66 NOTE
r-devel-linux-x86_64-fedora-gcc 0.2-1 125.74 NOTE
r-devel-macosx-x86_64-clang 0.2-1 100.18 NOTE
r-devel-macosx-x86_64-gcc 0.2-1 NOTE
r-devel-windows-ix86+x86_64 0.2-1 11.00 71.00 82.00 NOTE
r-patched-linux-x86_64 0.2-1 4.55 53.09 57.64 NOTE
r-patched-solaris-sparc 0.2-1 698.80 NOTE
r-patched-solaris-x86 0.2-1 159.00 NOTE
r-release-linux-ix86 0.2-1 9.00 107.00 116.00 NOTE
r-release-linux-x86_64 0.2-1 4.50 52.63 57.13 NOTE
r-release-macosx-x86_64 0.2-1 OK
r-release-windows-ix86+x86_64 0.2-1 12.00 73.00 85.00 NOTE
r-oldrel-windows-ix86+x86_64 0.2-1 10.00 66.00 76.00 NOTE

Check Details

Version: 0.2-1
Check: dependencies in R code
Result: NOTE
    Packages in Depends field not imported from:
     ‘Matrix’ ‘kernlab’
     These packages need to be imported from (in the NAMESPACE file)
     for when this namespace is loaded but not attached.
    See the information on DESCRIPTION files in the chapter ‘Creating R
    packages’ of the ‘Writing R Extensions’ manual.
Flavors: r-devel-linux-x86_64-debian-clang, r-devel-linux-x86_64-debian-gcc, r-devel-linux-x86_64-fedora-clang, r-devel-linux-x86_64-fedora-gcc, r-devel-macosx-x86_64-clang, r-devel-macosx-x86_64-gcc, r-devel-windows-ix86+x86_64, r-patched-linux-x86_64, r-patched-solaris-sparc, r-patched-solaris-x86, r-release-linux-ix86, r-release-linux-x86_64, r-release-windows-ix86+x86_64, r-oldrel-windows-ix86+x86_64