CRAN Package Check Results for Package CaDENCE

Last updated on 2014-04-25 05:47:12.

Flavor Version Tinstall Tcheck Ttotal Status Flags
r-devel-linux-x86_64-debian-clang 1.2.1 0.74 22.37 23.11 OK
r-devel-linux-x86_64-debian-gcc 1.2.1 0.73 22.54 23.27 OK
r-devel-linux-x86_64-fedora-clang 1.2.1 45.31 OK
r-devel-linux-x86_64-fedora-gcc 1.2.1 43.41 OK
r-devel-osx-x86_64-clang 1.2.1 40.59 OK
r-devel-osx-x86_64-gcc 1.2.1 OK
r-devel-windows-ix86+x86_64 1.2.1 2.00 36.00 38.00 OK
r-patched-linux-x86_64 1.2.1 0.71 22.41 23.12 OK
r-patched-solaris-sparc 1.2.1 244.00 OK
r-patched-solaris-x86 1.2.1 54.50 OK
r-release-linux-ix86 1.2.1 1.00 38.00 39.00 OK
r-release-linux-x86_64 1.2.1 0.72 23.03 23.74 OK
r-release-osx-x86_64-mavericks 1.2.1 WARN
r-release-windows-ix86+x86_64 1.2.1 2.00 34.00 36.00 OK
r-oldrel-windows-ix86+x86_64 1.2.1 3.00 32.00 35.00 OK

Check Details

Version: 1.2.1
Check: PDF version of manual
Result: WARNING
    LaTeX errors when creating PDF version.
    This typically indicates Rd problems.
    LaTeX errors found:
    ! LaTeX Error: File `upquote.sty' not found.
    
    Type X to quit or <RETURN> to proceed,
    or enter new name. (Default extension: sty)
    
    5b1776a/Rd2.tex:8: ==> Fatal error occurred, no output PDF file produced!
Flavor: r-release-osx-x86_64-mavericks