CRAN Package Check Results for Package CaDENCE

Last updated on 2016-05-04 07:47:59.

Flavor Version Tinstall Tcheck Ttotal Status Flags
r-devel-linux-x86_64-debian-gcc 1.2.3 0.70 21.66 22.36 NOTE
r-devel-linux-x86_64-fedora-clang 1.2.3 41.08 NOTE
r-devel-linux-x86_64-fedora-gcc 1.2.3 38.16 NOTE
r-devel-osx-x86_64-clang 1.2.3 45.85 NOTE
r-devel-windows-ix86+x86_64 1.2.3 3.00 46.00 49.00 NOTE
r-patched-linux-x86_64 1.2.3 0.93 21.14 22.08 NOTE
r-patched-solaris-sparc 1.2.3 243.00 NOTE
r-patched-solaris-x86 1.2.3 51.00 NOTE
r-release-linux-x86_64 1.2.3 0.88 22.14 23.03 OK
r-release-osx-x86_64-mavericks 1.2.3 OK
r-release-windows-ix86+x86_64 1.2.3 3.00 53.00 56.00 OK
r-oldrel-windows-ix86+x86_64 1.2.3 3.00 43.00 46.00 OK

Check Details

Version: 1.2.3
Check: DESCRIPTION meta-information
Result: NOTE
    Checking should be performed on sources prepared by ‘R CMD build’.
Flavors: r-devel-linux-x86_64-debian-gcc, r-devel-linux-x86_64-fedora-clang, r-devel-linux-x86_64-fedora-gcc, r-devel-osx-x86_64-clang, r-devel-windows-ix86+x86_64, r-patched-linux-x86_64, r-patched-solaris-sparc, r-patched-solaris-x86