CRAN Package Check Results for Package CaDENCE

Last updated on 2014-12-18 21:47:05.

Flavor Version Tinstall Tcheck Ttotal Status Flags
r-devel-linux-x86_64-debian-clang 1.2.1 0.70 21.64 22.34 NOTE
r-devel-linux-x86_64-debian-gcc 1.2.1 0.67 22.26 22.93 NOTE
r-devel-linux-x86_64-fedora-clang 1.2.1 44.74 NOTE
r-devel-linux-x86_64-fedora-gcc 1.2.1 38.99 NOTE
r-devel-osx-x86_64-clang 1.2.1 40.37 NOTE
r-devel-windows-ix86+x86_64 1.2.1 3.00 33.00 36.00 NOTE
r-patched-linux-x86_64 1.2.1 0.82 22.65 23.46 NOTE
r-patched-solaris-sparc 1.2.1 245.00 NOTE
r-patched-solaris-x86 1.2.1 54.30 NOTE
r-release-linux-ix86 1.2.1 0.98 29.04 30.02 NOTE
r-release-linux-x86_64 1.2.1 0.70 22.17 22.88 NOTE
r-release-osx-x86_64-mavericks 1.2.1 OK
r-release-windows-ix86+x86_64 1.2.1 3.00 33.00 36.00 NOTE
r-oldrel-windows-ix86+x86_64 1.2.1 3.00 36.00 39.00 OK

Check Details

Version: 1.2.1
Check: R code for possible problems
Result: NOTE
    cadence.fit: no visible global function definition for ‘psoptim’
Flavors: r-devel-linux-x86_64-debian-clang, r-devel-linux-x86_64-debian-gcc, r-devel-linux-x86_64-fedora-clang, r-devel-linux-x86_64-fedora-gcc, r-devel-osx-x86_64-clang, r-devel-windows-ix86+x86_64, r-patched-linux-x86_64, r-patched-solaris-sparc, r-patched-solaris-x86, r-release-linux-ix86, r-release-linux-x86_64, r-release-windows-ix86+x86_64