CRAN Package Check Results for Package CaDENCE

Last updated on 2014-09-02 08:47:11.

Flavor Version Tinstall Tcheck Ttotal Status Flags
r-devel-linux-x86_64-debian-clang 1.2.1 0.68 20.56 21.24 NOTE
r-devel-linux-x86_64-debian-gcc 1.2.1 0.68 20.45 21.13 NOTE
r-devel-linux-x86_64-fedora-clang 1.2.1 43.28 NOTE
r-devel-linux-x86_64-fedora-gcc 1.2.1 40.64 NOTE
r-devel-osx-x86_64-clang 1.2.1 37.88 NOTE
r-devel-windows-ix86+x86_64 1.2.1 2.00 33.00 35.00 NOTE
r-patched-linux-x86_64 1.2.1 0.68 22.03 22.72 OK
r-patched-solaris-sparc 1.2.1 246.30 OK
r-patched-solaris-x86 1.2.1 53.20 OK
r-release-linux-ix86 1.2.1 0.98 29.76 30.74 OK
r-release-linux-x86_64 1.2.1 0.71 22.72 23.43 OK
r-release-osx-x86_64-mavericks 1.2.1 OK
r-release-windows-ix86+x86_64 1.2.1 2.00 35.00 37.00 OK
r-oldrel-windows-ix86+x86_64 1.2.1 3.00 33.00 36.00 OK

Check Details

Version: 1.2.1
Check: R code for possible problems
Result: NOTE
    cadence.fit: no visible global function definition for ‘psoptim’
Flavors: r-devel-linux-x86_64-debian-clang, r-devel-linux-x86_64-debian-gcc, r-devel-linux-x86_64-fedora-clang, r-devel-linux-x86_64-fedora-gcc, r-devel-osx-x86_64-clang, r-devel-windows-ix86+x86_64