CRAN Package Check Results for Package CaDENCE

Last updated on 2016-10-01 12:47:40.

Flavor Version Tinstall Tcheck Ttotal Status Flags
r-devel-linux-x86_64-debian-clang 1.2.3 0.92 25.51 26.42 NOTE
r-devel-linux-x86_64-debian-gcc 1.2.3 0.90 24.74 25.64 NOTE
r-devel-linux-x86_64-fedora-clang 1.2.3 51.96 NOTE
r-devel-linux-x86_64-fedora-gcc 1.2.3 40.10 NOTE
r-devel-macos-x86_64-clang 1.2.3 33.60 NOTE
r-devel-windows-ix86+x86_64 1.2.3 3.00 60.00 63.00 NOTE
r-patched-linux-x86_64 1.2.3 0.75 23.17 23.92 NOTE
r-patched-solaris-sparc 1.2.3 244.90 NOTE
r-patched-solaris-x86 1.2.3 51.60 NOTE
r-release-linux-x86_64 1.2.3 0.84 22.90 23.74 NOTE
r-release-osx-x86_64-mavericks 1.2.3 NOTE
r-release-windows-ix86+x86_64 1.2.3 3.00 61.00 64.00 NOTE
r-oldrel-windows-ix86+x86_64 1.2.3 6.00 56.00 62.00 OK

Check Details

Version: 1.2.3
Check: DESCRIPTION meta-information
Result: NOTE
    Checking should be performed on sources prepared by ‘R CMD build’.
Flavors: r-devel-linux-x86_64-debian-clang, r-devel-linux-x86_64-debian-gcc, r-devel-linux-x86_64-fedora-clang, r-devel-linux-x86_64-fedora-gcc, r-devel-macos-x86_64-clang, r-devel-windows-ix86+x86_64, r-patched-linux-x86_64, r-patched-solaris-sparc, r-patched-solaris-x86, r-release-linux-x86_64, r-release-osx-x86_64-mavericks, r-release-windows-ix86+x86_64