CRAN Package Check Results for Package CaDENCE

Last updated on 2015-07-04 23:47:07.

Flavor Version Tinstall Tcheck Ttotal Status Flags
r-devel-linux-x86_64-debian-clang 1.2.2 0.91 22.21 23.12 NOTE
r-devel-linux-x86_64-debian-gcc 1.2.2 0.70 22.13 22.82 NOTE
r-devel-linux-x86_64-fedora-clang 1.2.2 44.17 NOTE
r-devel-linux-x86_64-fedora-gcc 1.2.2 42.68 NOTE
r-devel-osx-x86_64-clang 1.2.2 39.38 OK
r-devel-windows-ix86+x86_64 1.2.2 5.00 36.00 41.00 NOTE
r-patched-linux-x86_64 1.2.2 0.83 23.77 24.60 OK
r-patched-solaris-sparc 1.2.2 273.90 OK
r-patched-solaris-x86 1.2.2 56.20 OK
r-release-linux-x86_64 1.2.2 0.76 22.18 22.94 OK
r-release-osx-x86_64-mavericks 1.2.2 OK
r-release-windows-ix86+x86_64 1.2.2 5.00 39.00 44.00 OK
r-oldrel-windows-ix86+x86_64 1.2.2 6.00 59.00 65.00 OK

Check Details

Version: 1.2.2
Check: R code for possible problems
Result: NOTE
    cadence.cost: no visible global function definition for ‘dnorm’
    cadence.fit: no visible binding for global variable ‘dnorm’
    cadence.fit: no visible global function definition for ‘optim’
    cadence.initialize: no visible global function definition for ‘runif’
    dbgamma: no visible global function definition for ‘dgamma’
    dblnorm: no visible global function definition for ‘dlnorm’
    dbweibull: no visible global function definition for ‘dweibull’
    gam.style: no visible global function definition for ‘dev.new’
    gam.style: no visible global function definition for ‘segments’
    gam.style: no visible global function definition for ‘abline’
    pbgamma: no visible global function definition for ‘pgamma’
    pblnorm: no visible global function definition for ‘plnorm’
    pbweibull: no visible global function definition for ‘pweibull’
    qbgamma: no visible global function definition for ‘qgamma’
    qblnorm: no visible global function definition for ‘qlnorm’
    qbweibull: no visible global function definition for ‘qweibull’
    rbgamma: no visible global function definition for ‘runif’
    rbgamma: no visible global function definition for ‘rgamma’
    rblnorm: no visible global function definition for ‘runif’
    rblnorm: no visible global function definition for ‘rlnorm’
    rbpareto2: no visible global function definition for ‘runif’
    rbweibull: no visible global function definition for ‘runif’
    rbweibull: no visible global function definition for ‘rweibull’
    rpareto2: no visible global function definition for ‘runif’
    Undefined global functions or variables:
     abline dev.new dgamma dlnorm dnorm dweibull optim pgamma plnorm
     pweibull qgamma qlnorm qweibull rgamma rlnorm runif rweibull segments
Flavors: r-devel-linux-x86_64-debian-clang, r-devel-linux-x86_64-debian-gcc, r-devel-linux-x86_64-fedora-clang, r-devel-linux-x86_64-fedora-gcc, r-devel-windows-ix86+x86_64