CRAN Package Check Results for Package CaDENCE

Last updated on 2014-11-21 11:48:34.

Flavor Version Tinstall Tcheck Ttotal Status Flags
r-devel-linux-x86_64-debian-clang 1.2.1 0.75 21.94 22.69 NOTE
r-devel-linux-x86_64-debian-gcc 1.2.1 0.66 22.69 23.36 NOTE
r-devel-linux-x86_64-fedora-clang 1.2.1 46.77 NOTE
r-devel-linux-x86_64-fedora-gcc 1.2.1 42.24 NOTE
r-devel-osx-x86_64-clang 1.2.1 41.89 NOTE
r-devel-windows-ix86+x86_64 1.2.1 2.00 33.00 35.00 NOTE
r-patched-linux-x86_64 1.2.1 0.74 23.09 23.83 NOTE
r-patched-solaris-sparc 1.2.1 245.00 NOTE
r-patched-solaris-x86 1.2.1 54.30 NOTE
r-release-linux-ix86 1.2.1 0.99 28.83 29.82 NOTE
r-release-linux-x86_64 1.2.1 0.68 22.93 23.62 NOTE
r-release-osx-x86_64-mavericks 1.2.1 OK
r-release-windows-ix86+x86_64 1.2.1 4.00 35.00 39.00 NOTE
r-oldrel-windows-ix86+x86_64 1.2.1 2.00 36.00 38.00 OK

Check Details

Version: 1.2.1
Check: R code for possible problems
Result: NOTE
    cadence.fit: no visible global function definition for ‘psoptim’
Flavors: r-devel-linux-x86_64-debian-clang, r-devel-linux-x86_64-debian-gcc, r-devel-linux-x86_64-fedora-clang, r-devel-linux-x86_64-fedora-gcc, r-devel-osx-x86_64-clang, r-devel-windows-ix86+x86_64, r-patched-linux-x86_64, r-patched-solaris-sparc, r-patched-solaris-x86, r-release-linux-ix86, r-release-linux-x86_64, r-release-windows-ix86+x86_64