CRAN Package Check Results for Package CaDENCE

Last updated on 2017-02-25 17:47:12.

Flavor Version Tinstall Tcheck Ttotal Status Flags
r-devel-linux-x86_64-debian-clang 1.2.3 0.85 24.48 25.34 NOTE
r-devel-linux-x86_64-debian-gcc 1.2.3 0.92 24.84 25.76 NOTE
r-devel-linux-x86_64-fedora-clang 1.2.3 45.31 NOTE --no-stop-on-test-error
r-devel-linux-x86_64-fedora-gcc 1.2.3 48.10 NOTE --no-stop-on-test-error
r-devel-macos-x86_64-clang 1.2.3 36.80 NOTE --no-stop-on-test-error
r-devel-windows-ix86+x86_64 1.2.3 7.00 66.00 73.00 NOTE
r-patched-linux-x86_64 1.2.3 0.75 21.42 22.17 NOTE
r-patched-solaris-sparc 1.2.3 246.80 NOTE
r-patched-solaris-x86 1.2.3 50.30 NOTE
r-release-linux-x86_64 1.2.3 0.78 21.32 22.10 NOTE
r-release-osx-x86_64-mavericks 1.2.3 NOTE
r-release-windows-ix86+x86_64 1.2.3 5.00 58.00 63.00 NOTE
r-oldrel-windows-ix86+x86_64 1.2.3 6.00 43.00 49.00 OK

Check Details

Version: 1.2.3
Check: DESCRIPTION meta-information
Result: NOTE
    Checking should be performed on sources prepared by ‘R CMD build’.
Flavors: r-devel-linux-x86_64-debian-clang, r-devel-linux-x86_64-debian-gcc, r-devel-windows-ix86+x86_64, r-patched-linux-x86_64, r-patched-solaris-sparc, r-patched-solaris-x86, r-release-linux-x86_64, r-release-osx-x86_64-mavericks, r-release-windows-ix86+x86_64

Version: 1.2.3
Flags: --no-stop-on-test-error
Check: DESCRIPTION meta-information
Result: NOTE
    Checking should be performed on sources prepared by ‘R CMD build’.
Flavors: r-devel-linux-x86_64-fedora-clang, r-devel-linux-x86_64-fedora-gcc, r-devel-macos-x86_64-clang