CRAN Package Check Results for Package CaDENCE

Last updated on 2014-10-23 12:47:35.

Flavor Version Tinstall Tcheck Ttotal Status Flags
r-devel-linux-x86_64-debian-clang 1.2.1 0.70 21.71 22.41 NOTE
r-devel-linux-x86_64-debian-gcc 1.2.1 0.68 21.32 22.00 NOTE
r-devel-linux-x86_64-fedora-clang 1.2.1 43.47 NOTE
r-devel-linux-x86_64-fedora-gcc 1.2.1 42.53 NOTE
r-devel-osx-x86_64-clang 1.2.1 41.59 NOTE
r-devel-windows-ix86+x86_64 1.2.1 3.00 31.00 34.00 NOTE
r-patched-linux-x86_64 1.2.1 0.80 22.50 23.30 NOTE
r-patched-solaris-sparc 1.2.1 245.00 NOTE
r-patched-solaris-x86 1.2.1 55.50 NOTE
r-release-linux-ix86 1.2.1 0.98 30.05 31.03 OK
r-release-linux-x86_64 1.2.1 0.70 22.92 23.62 OK
r-release-osx-x86_64-mavericks 1.2.1 OK
r-release-windows-ix86+x86_64 1.2.1 3.00 35.00 38.00 OK
r-oldrel-windows-ix86+x86_64 1.2.1 3.00 35.00 38.00 OK

Check Details

Version: 1.2.1
Check: R code for possible problems
Result: NOTE
    cadence.fit: no visible global function definition for ‘psoptim’
Flavors: r-devel-linux-x86_64-debian-clang, r-devel-linux-x86_64-debian-gcc, r-devel-linux-x86_64-fedora-clang, r-devel-linux-x86_64-fedora-gcc, r-devel-osx-x86_64-clang, r-devel-windows-ix86+x86_64, r-patched-linux-x86_64, r-patched-solaris-sparc, r-patched-solaris-x86