CRAN Package Check Results for Package CaDENCE

Last updated on 2015-01-30 09:54:15.

Flavor Version Tinstall Tcheck Ttotal Status Flags
r-devel-linux-x86_64-debian-clang 1.2.1 0.69 21.21 21.90 NOTE
r-devel-linux-x86_64-debian-gcc 1.2.1 0.66 20.08 20.75 NOTE
r-devel-linux-x86_64-fedora-clang 1.2.1 44.03 NOTE
r-devel-linux-x86_64-fedora-gcc 1.2.1 41.98 NOTE
r-devel-osx-x86_64-clang 1.2.1 43.14 NOTE
r-devel-windows-ix86+x86_64 1.2.1 5.00 30.00 35.00 NOTE
r-patched-linux-x86_64 1.2.1 0.70 22.80 23.50 NOTE
r-patched-solaris-sparc 1.2.1 262.00 NOTE
r-patched-solaris-x86 1.2.1 55.20 NOTE
r-release-linux-ix86 1.2.1 1.02 29.08 30.11 NOTE
r-release-linux-x86_64 1.2.1 0.71 22.36 23.06 NOTE
r-release-osx-x86_64-mavericks 1.2.1 NOTE
r-release-windows-ix86+x86_64 1.2.1 3.00 35.00 38.00 NOTE
r-oldrel-windows-ix86+x86_64 1.2.1 4.00 32.00 36.00 OK

Check Details

Version: 1.2.1
Check: dependencies in R code
Result: NOTE
    'library' or 'require' call to ‘pso’ in package code.
     Please use :: or requireNamespace() instead.
     See section 'Suggested packages' in the 'Writing R Extensions' manual.
Flavors: r-devel-linux-x86_64-debian-clang, r-devel-linux-x86_64-debian-gcc, r-devel-linux-x86_64-fedora-clang, r-devel-linux-x86_64-fedora-gcc, r-devel-osx-x86_64-clang, r-devel-windows-ix86+x86_64

Version: 1.2.1
Check: R code for possible problems
Result: NOTE
    cadence.fit: no visible global function definition for ‘psoptim’
Flavors: r-devel-linux-x86_64-debian-clang, r-devel-linux-x86_64-debian-gcc, r-devel-linux-x86_64-fedora-clang, r-devel-linux-x86_64-fedora-gcc, r-devel-osx-x86_64-clang, r-devel-windows-ix86+x86_64, r-patched-linux-x86_64, r-patched-solaris-sparc, r-patched-solaris-x86, r-release-linux-ix86, r-release-linux-x86_64, r-release-osx-x86_64-mavericks, r-release-windows-ix86+x86_64