CRAN Package Check Results for Package CaDENCE

Last updated on 2016-12-08 03:54:06.

Flavor Version Tinstall Tcheck Ttotal Status Flags
r-devel-linux-x86_64-debian-clang 1.2.3 0.84 26.26 27.11 NOTE
r-devel-linux-x86_64-debian-gcc 1.2.3 0.92 24.71 25.63 NOTE
r-devel-linux-x86_64-fedora-clang 1.2.3 46.74 NOTE --no-stop-on-test-error
r-devel-linux-x86_64-fedora-gcc 1.2.3 46.85 NOTE --no-stop-on-test-error
r-devel-macos-x86_64-clang 1.2.3 37.26 NOTE
r-devel-windows-ix86+x86_64 1.2.3 4.00 70.00 74.00 NOTE
r-patched-linux-x86_64 1.2.3 0.82 22.68 23.49 NOTE
r-patched-solaris-sparc 1.2.3 244.90 NOTE
r-patched-solaris-x86 1.2.3 50.20 NOTE
r-release-linux-x86_64 1.2.3 0.74 22.84 23.58 NOTE
r-release-osx-x86_64-mavericks 1.2.3 NOTE
r-release-windows-ix86+x86_64 1.2.3 3.00 66.00 69.00 NOTE
r-oldrel-windows-ix86+x86_64 1.2.3 6.00 45.00 51.00 OK

Check Details

Version: 1.2.3
Check: DESCRIPTION meta-information
Result: NOTE
    Checking should be performed on sources prepared by ‘R CMD build’.
Flavors: r-devel-linux-x86_64-debian-clang, r-devel-linux-x86_64-debian-gcc, r-devel-macos-x86_64-clang, r-devel-windows-ix86+x86_64, r-patched-linux-x86_64, r-patched-solaris-sparc, r-patched-solaris-x86, r-release-linux-x86_64, r-release-osx-x86_64-mavericks, r-release-windows-ix86+x86_64

Version: 1.2.3
Flags: --no-stop-on-test-error
Check: DESCRIPTION meta-information
Result: NOTE
    Checking should be performed on sources prepared by ‘R CMD build’.
Flavors: r-devel-linux-x86_64-fedora-clang, r-devel-linux-x86_64-fedora-gcc