CRAN Package Check Results for Package CaPO4Sim

Last updated on 2019-06-20 13:46:40 CEST.

Flavor Version Tinstall Tcheck Ttotal Status Flags
r-devel-linux-x86_64-debian-clang 0.1.0 4.60 34.98 39.58 OK
r-devel-linux-x86_64-debian-gcc 0.1.0 4.88 28.60 33.48 OK
r-devel-linux-x86_64-fedora-clang 0.1.0 47.91 NOTE
r-devel-linux-x86_64-fedora-gcc 0.1.0 46.89 NOTE
r-devel-windows-ix86+x86_64 0.1.0 28.00 86.00 114.00 OK
r-patched-linux-x86_64 0.1.0 5.36 35.10 40.46 OK
r-patched-solaris-x86 0.1.0 76.60 NOTE
r-release-linux-x86_64 0.1.0 5.77 35.69 41.46 OK
r-release-windows-ix86+x86_64 0.1.0 19.00 79.00 98.00 OK
r-release-osx-x86_64 0.1.0 NOTE
r-oldrel-windows-ix86+x86_64 0.1.0 9.00 74.00 83.00 OK
r-oldrel-osx-x86_64 0.1.0 NOTE

Check Details

Version: 0.1.0
Check: dependencies in R code
Result: NOTE
    Namespace in Imports field not imported from: ‘htmltools’
     All declared Imports should be used.
Flavors: r-devel-linux-x86_64-fedora-clang, r-devel-linux-x86_64-fedora-gcc, r-patched-solaris-x86, r-release-osx-x86_64, r-oldrel-osx-x86_64