CRAN Package Check Results for Package CaPO4Sim

Last updated on 2021-04-15 02:47:33 CEST.

Flavor Version Tinstall Tcheck Ttotal Status Flags
r-devel-linux-x86_64-debian-clang 0.2.0 6.73 43.96 50.69 NOTE
r-devel-linux-x86_64-debian-gcc 0.2.0 5.57 35.17 40.74 NOTE
r-devel-linux-x86_64-fedora-clang 0.2.0 76.03 NOTE
r-devel-linux-x86_64-fedora-gcc 0.2.0 63.18 NOTE
r-devel-windows-ix86+x86_64 0.2.0 23.00 65.00 88.00 NOTE
r-devel-windows-x86_64-gcc10-UCRT 0.2.0 NOTE
r-patched-linux-x86_64 0.2.0 6.33 42.59 48.92 OK
r-patched-solaris-x86 0.2.0 98.10 NOTE
r-release-linux-x86_64 0.2.0 5.16 42.06 47.22 OK
r-release-macos-x86_64 0.2.0 NOTE
r-release-windows-ix86+x86_64 0.2.0 15.00 70.00 85.00 OK
r-oldrel-macos-x86_64 0.2.0 NOTE
r-oldrel-windows-ix86+x86_64 0.2.0 9.00 46.00 55.00 OK

Check Details

Version: 0.2.0
Check: LazyData
Result: NOTE
     'LazyData' is specified without a 'data' directory
Flavors: r-devel-linux-x86_64-debian-clang, r-devel-linux-x86_64-debian-gcc, r-devel-linux-x86_64-fedora-clang, r-devel-linux-x86_64-fedora-gcc, r-devel-windows-ix86+x86_64, r-devel-windows-x86_64-gcc10-UCRT

Version: 0.2.0
Check: dependencies in R code
Result: NOTE
    Namespaces in Imports field not imported from:
     ‘htmltools’ ‘shinydashboard’
     All declared Imports should be used.
Flavors: r-devel-linux-x86_64-fedora-clang, r-devel-linux-x86_64-fedora-gcc, r-devel-windows-x86_64-gcc10-UCRT, r-patched-solaris-x86, r-release-macos-x86_64, r-oldrel-macos-x86_64