CRAN Package Check Results for Package CaPO4Sim

Last updated on 2022-12-02 12:54:47 CET.

Flavor Version Tinstall Tcheck Ttotal Status Flags
r-devel-linux-x86_64-debian-clang 0.2.0 7.38 51.48 58.86 NOTE
r-devel-linux-x86_64-debian-gcc 0.2.0 4.75 40.54 45.29 NOTE
r-devel-linux-x86_64-fedora-clang 0.2.0 89.20 NOTE
r-devel-linux-x86_64-fedora-gcc 0.2.0 81.91 NOTE
r-devel-windows-x86_64 0.2.0 13.00 95.00 108.00 NOTE
r-patched-linux-x86_64 0.2.0 11.85 49.81 61.66 NOTE
r-release-linux-x86_64 0.2.0 7.09 48.40 55.49 NOTE
r-release-macos-arm64 0.2.0 24.00 NOTE
r-release-macos-x86_64 0.2.0 41.00 NOTE
r-release-windows-x86_64 0.2.0 334.00 85.00 419.00 NOTE
r-oldrel-macos-arm64 0.2.0 30.00 NOTE
r-oldrel-macos-x86_64 0.2.0 46.00 NOTE
r-oldrel-windows-ix86+x86_64 0.2.0 19.00 78.00 97.00 NOTE

Check Details

Version: 0.2.0
Check: LazyData
Result: NOTE
     'LazyData' is specified without a 'data' directory
Flavors: r-devel-linux-x86_64-debian-clang, r-devel-linux-x86_64-debian-gcc, r-devel-linux-x86_64-fedora-clang, r-devel-linux-x86_64-fedora-gcc, r-devel-windows-x86_64, r-patched-linux-x86_64, r-release-linux-x86_64, r-release-macos-arm64, r-release-macos-x86_64, r-release-windows-x86_64, r-oldrel-macos-arm64, r-oldrel-macos-x86_64, r-oldrel-windows-ix86+x86_64

Version: 0.2.0
Check: dependencies in R code
Result: NOTE
    Namespaces in Imports field not imported from:
     ‘htmltools’ ‘shinydashboard’
     All declared Imports should be used.
Flavors: r-devel-linux-x86_64-fedora-clang, r-devel-linux-x86_64-fedora-gcc, r-release-macos-arm64, r-release-macos-x86_64, r-oldrel-macos-arm64, r-oldrel-macos-x86_64