CRAN Package Check Results for Package Cairo

Last updated on 2017-01-17 12:50:44.

Flavor Version Tinstall Tcheck Ttotal Status Flags
r-devel-linux-x86_64-debian-clang 1.5-9 5.66 12.12 17.77 NOTE
r-devel-linux-x86_64-debian-gcc 1.5-9 4.16 11.88 16.04 NOTE
r-devel-linux-x86_64-fedora-clang 1.5-9 25.76 NOTE --no-stop-on-test-error
r-devel-linux-x86_64-fedora-gcc 1.5-9 27.80 NOTE --no-stop-on-test-error
r-devel-macos-x86_64-clang 1.5-9 24.72 NOTE --no-stop-on-test-error
r-devel-windows-ix86+x86_64 1.5-9 101.00 30.00 131.00 OK
r-patched-linux-x86_64 1.5-9 3.96 10.27 14.24 NOTE
r-patched-solaris-sparc 1.5-9 130.80 NOTE
r-patched-solaris-x86 1.5-9 30.00 NOTE
r-release-linux-x86_64 1.5-9 3.91 9.88 13.79 NOTE
r-release-osx-x86_64-mavericks 1.5-9 NOTE
r-release-windows-ix86+x86_64 1.5-9 89.00 30.00 119.00 OK
r-oldrel-windows-ix86+x86_64 1.5-9 116.00 29.00 145.00 OK

Check Details

Version: 1.5-9
Check: compiled code
Result: NOTE
    File ‘Cairo/libs/Cairo.so’:
     Found non-API calls to R: ‘R_InputHandlers’, ‘addInputHandler’
    
    Compiled code should not call non-API entry points in R.
    
    See ‘Writing portable packages’ in the ‘Writing R Extensions’ manual.
Flavors: r-devel-linux-x86_64-debian-clang, r-devel-linux-x86_64-debian-gcc, r-patched-linux-x86_64, r-patched-solaris-sparc, r-patched-solaris-x86, r-release-linux-x86_64, r-release-osx-x86_64-mavericks

Version: 1.5-9
Flags: --no-stop-on-test-error
Check: compiled code
Result: NOTE
    File ‘Cairo/libs/Cairo.so’:
     Found non-API calls to R: ‘R_InputHandlers’, ‘addInputHandler’
    
    Compiled code should not call non-API entry points in R.
    
    See ‘Writing portable packages’ in the ‘Writing R Extensions’ manual.
Flavors: r-devel-linux-x86_64-fedora-clang, r-devel-linux-x86_64-fedora-gcc, r-devel-macos-x86_64-clang

Version: 1.5-9
Check: package dependencies
Result: NOTE
    Package which this enhances but not available for checking: ‘FastRWeb’
Flavors: r-patched-solaris-sparc, r-patched-solaris-x86

Version: 1.5-9
Check: installed package size
Result: NOTE
     installed size is 10.1Mb
     sub-directories of 1Mb or more:
     libs 10.0Mb
Flavor: r-release-osx-x86_64-mavericks