CRAN Package Check Results for Package Cairo

Last updated on 2014-04-25 09:52:11.

Flavor Version Tinstall Tcheck Ttotal Status Flags
r-devel-linux-x86_64-debian-clang 1.5-5 3.71 10.10 13.81 NOTE
r-devel-linux-x86_64-debian-gcc 1.5-5 3.59 10.40 13.99 NOTE
r-devel-linux-x86_64-fedora-clang 1.5-5 25.32 NOTE
r-devel-linux-x86_64-fedora-gcc 1.5-5 24.56 NOTE
r-devel-osx-x86_64-clang 1.5-5 81.46 NOTE
r-devel-osx-x86_64-gcc 1.5-5 NOTE
r-devel-windows-ix86+x86_64 1.5-5 26.00 24.00 50.00 OK
r-patched-linux-x86_64 1.5-5 3.56 10.26 13.82 NOTE
r-patched-solaris-sparc 1.5-5 147.90 NOTE
r-patched-solaris-x86 1.5-5 36.90 NOTE
r-release-linux-ix86 1.5-5 9.00 23.00 32.00 NOTE
r-release-linux-x86_64 1.5-5 3.68 10.26 13.94 NOTE
r-release-osx-x86_64-mavericks 1.5-5 NOTE
r-release-osx-x86_64-snowleopard 1.5-5 NOTE
r-release-windows-ix86+x86_64 1.5-5 45.00 29.00 74.00 OK
r-oldrel-windows-ix86+x86_64 1.5-5 25.00 25.00 50.00 OK

Check Details

Version: 1.5-5
Check: compiled code
Result: NOTE
    File ‘/home/hornik/tmp/R.check/r-devel-clang/Work/build/Packages/Cairo/libs/Cairo.so’:
     Found non-API calls to R: ‘R_InputHandlers’, ‘addInputHandler’
    
    Compiled code should not call non-API entry points in R.
    
    See ‘Writing portable packages’ in the ‘Writing R Extensions’ manual.
Flavor: r-devel-linux-x86_64-debian-clang

Version: 1.5-5
Check: compiled code
Result: NOTE
    File ‘/home/hornik/tmp/R.check/r-devel-gcc/Work/build/Packages/Cairo/libs/Cairo.so’:
     Found non-API calls to R: ‘R_InputHandlers’, ‘addInputHandler’
    
    Compiled code should not call non-API entry points in R.
    
    See ‘Writing portable packages’ in the ‘Writing R Extensions’ manual.
Flavor: r-devel-linux-x86_64-debian-gcc

Version: 1.5-5
Check: compiled code
Result: NOTE
    File ‘/data/gannet/ripley/R/packages/tests-clang/Cairo.Rcheck/Cairo/libs/Cairo.so’:
     Found non-API calls to R: ‘R_InputHandlers’, ‘addInputHandler’
    
    Compiled code should not call non-API entry points in R.
    
    See ‘Writing portable packages’ in the ‘Writing R Extensions’ manual.
Flavor: r-devel-linux-x86_64-fedora-clang

Version: 1.5-5
Check: compiled code
Result: NOTE
    File ‘/data/gannet/ripley/R/packages/tests-devel/Cairo.Rcheck/Cairo/libs/Cairo.so’:
     Found non-API calls to R: ‘R_InputHandlers’, ‘addInputHandler’
    
    Compiled code should not call non-API entry points in R.
    
    See ‘Writing portable packages’ in the ‘Writing R Extensions’ manual.
Flavor: r-devel-linux-x86_64-fedora-gcc

Version: 1.5-5
Check: compiled code
Result: NOTE
    File ‘/Users/ripley/R/packages/tests-devel/Cairo.Rcheck/Cairo/libs/Cairo.so’:
     Found non-API calls to R: ‘R_InputHandlers’, ‘addInputHandler’
    
    Compiled code should not call non-API entry points in R.
    
    See ‘Writing portable packages’ in the ‘Writing R Extensions’ manual.
Flavor: r-devel-osx-x86_64-clang

Version: 1.5-5
Check: package dependencies
Result: NOTE
    Package which this enhances but not available for checking: ‘FastRWeb’
Flavors: r-devel-osx-x86_64-gcc, r-patched-solaris-sparc, r-patched-solaris-x86

Version: 1.5-5
Check: installed package size
Result: NOTE
     installed size is 9.4Mb
     sub-directories of 1Mb or more:
     libs 9.3Mb
Flavors: r-devel-osx-x86_64-gcc, r-release-osx-x86_64-mavericks, r-release-osx-x86_64-snowleopard

Version: 1.5-5
Check: compiled code
Result: NOTE
    File ‘/Volumes/XT3/Builds/R-dev-web/QA/Simon/packages/snowleopard-x86_64/results/3.2/Cairo.Rcheck/Cairo/libs/Cairo.so’:
     Found non-API calls to R: ‘R_InputHandlers’, ‘addInputHandler’
    
    Compiled code should not call non-API entry points in R.
    
    See ‘Writing portable packages’ in the ‘Writing R Extensions’ manual.
Flavor: r-devel-osx-x86_64-gcc

Version: 1.5-5
Check: compiled code
Result: NOTE
    File ‘/home/hornik/tmp/R.check/r-patched-gcc/Work/build/Packages/Cairo/libs/Cairo.so’:
     Found non-API calls to R: ‘R_InputHandlers’, ‘addInputHandler’
    
    Compiled code should not call non-API entry points in R.
    
    See ‘Writing portable packages’ in the ‘Writing R Extensions’ manual.
Flavor: r-patched-linux-x86_64

Version: 1.5-5
Check: compiled code
Result: NOTE
    File ‘/home/ripley/R/Lib32/Cairo/libs/Cairo.so’:
     Found non-API calls to R: ‘R_InputHandlers’, ‘addInputHandler’
    
    Compiled code should not call non-API entry points in R.
    
    See ‘Writing portable packages’ in the ‘Writing R Extensions’ manual.
Flavors: r-patched-solaris-sparc, r-patched-solaris-x86

Version: 1.5-5
Check: compiled code
Result: NOTE
    File ‘/home/hornik/tmp/R.check/r-release-gcc/Work/build/Packages/Cairo/libs/Cairo.so’:
     Found non-API calls to R: ‘R_InputHandlers’, ‘addInputHandler’
    
    Compiled code should not call non-API entry points in R.
    
    See ‘Writing portable packages’ in the ‘Writing R Extensions’ manual.
Flavors: r-release-linux-ix86, r-release-linux-x86_64

Version: 1.5-5
Check: compiled code
Result: NOTE
    File ‘/Builds/CRAN-QA-Simon/packages/mavericks-x86_64/results/3.1/Cairo.Rcheck/Cairo/libs/Cairo.so’:
     Found non-API calls to R: ‘R_InputHandlers’, ‘addInputHandler’
    
    Compiled code should not call non-API entry points in R.
    
    See ‘Writing portable packages’ in the ‘Writing R Extensions’ manual.
Flavor: r-release-osx-x86_64-mavericks

Version: 1.5-5
Check: compiled code
Result: NOTE
    File '/Volumes/XT3/Builds/R-dev-web/QA/Simon/packages/snowleopard-x86_64/results/3.1/Cairo.Rcheck/Cairo/libs/Cairo.so':
     Found non-API calls to R: 'R_InputHandlers', 'addInputHandler'
    
    Compiled code should not call non-API entry points in R.
    
    See 'Writing portable packages' in the 'Writing R Extensions' manual.
Flavor: r-release-osx-x86_64-snowleopard