CRAN Package Check Results for Package Cairo

Last updated on 2015-08-04 06:47:30.

Flavor Version Tinstall Tcheck Ttotal Status Flags
r-devel-linux-x86_64-debian-clang 1.5-8 3.93 9.24 13.17 NOTE
r-devel-linux-x86_64-debian-gcc 1.5-8 3.61 9.10 12.71 NOTE
r-devel-linux-x86_64-fedora-clang 1.5-8 25.04 NOTE
r-devel-linux-x86_64-fedora-gcc 1.5-8 23.38 NOTE
r-devel-osx-x86_64-clang 1.5-8 29.35 NOTE
r-devel-windows-ix86+x86_64 1.5-8 26.00 23.00 49.00 OK
r-patched-linux-x86_64 1.5-8 3.71 9.57 13.28 NOTE
r-patched-solaris-sparc 1.5-8 133.70 NOTE
r-patched-solaris-x86 1.5-8 36.20 NOTE
r-release-linux-x86_64 1.5-8 3.67 10.27 13.94 NOTE
r-release-osx-x86_64-mavericks 1.5-8 ERROR
r-release-windows-ix86+x86_64 1.5-8 32.00 34.00 66.00 OK
r-oldrel-windows-ix86+x86_64 1.5-8 23.00 38.00 61.00 OK

Check Details

Version: 1.5-8
Check: compiled code
Result: NOTE
    File ‘Cairo/libs/Cairo.so’:
     Found non-API calls to R: ‘R_InputHandlers’, ‘addInputHandler’
    
    Compiled code should not call non-API entry points in R.
    
    See ‘Writing portable packages’ in the ‘Writing R Extensions’ manual.
Flavors: r-devel-linux-x86_64-debian-clang, r-devel-linux-x86_64-debian-gcc, r-devel-linux-x86_64-fedora-clang, r-devel-linux-x86_64-fedora-gcc, r-devel-osx-x86_64-clang, r-patched-linux-x86_64, r-patched-solaris-sparc, r-patched-solaris-x86, r-release-linux-x86_64

Version: 1.5-8
Check: package dependencies
Result: NOTE
    Package which this enhances but not available for checking: ‘FastRWeb’
Flavors: r-patched-solaris-sparc, r-patched-solaris-x86

Version: 1.5-8
Check: whether package can be installed
Result: ERROR
    Installation failed.
    See ‘/Builds/CRAN-QA-Simon/packages/mavericks-x86_64/results/3.2/Cairo.Rcheck/00install.out’ for details.
    Status: 1 ERROR
    * pre-conf. environment: (PKG_CFLAGS=, PKG_CPPFLAGS=-I/usr/X11R6/include -I/usr/local/include/freetype2, PKG_LIBS=-L/usr/X11R6/lib -lX11 -lXrender)
Flavor: r-release-osx-x86_64-mavericks