CRAN Package Check Results for Package Cairo

Last updated on 2017-11-24 22:50:54 CET.

Flavor Version Tinstall Tcheck Ttotal Status Flags
r-devel-linux-x86_64-debian-clang 1.5-9 6.82 32.78 39.59 NOTE
r-devel-linux-x86_64-debian-gcc 1.5-9 16.52 31.74 48.27 NOTE
r-devel-linux-x86_64-fedora-clang 1.5-9 25.78 NOTE
r-devel-linux-x86_64-fedora-gcc 1.5-9 24.96 NOTE
r-devel-windows-ix86+x86_64 1.5-9 53.00 34.00 87.00 OK
r-patched-linux-x86_64 1.5-9 5.73 37.13 42.86 NOTE
r-patched-solaris-x86 1.5-9 38.90 NOTE
r-release-linux-x86_64 1.5-9 6.36 33.52 39.87 NOTE
r-release-windows-ix86+x86_64 1.5-9 30.00 35.00 65.00 OK
r-release-osx-x86_64 1.5-9 ERROR
r-oldrel-windows-ix86+x86_64 1.5-9 89.00 30.00 119.00 OK
r-oldrel-osx-x86_64 1.5-9 NOTE

Additional issues

rchk

Check Details

Version: 1.5-9
Check: compiled code
Result: NOTE
    File ‘Cairo/libs/Cairo.so’:
     Found non-API calls to R: ‘R_InputHandlers’, ‘addInputHandler’
    File ‘Cairo/libs/Cairo.so’:
     Found no calls to: ‘R_registerRoutines’, ‘R_useDynamicSymbols’
    
    Compiled code should not call non-API entry points in R.
    It is good practice to register native routines and to disable symbol
    search.
    
    See ‘Writing portable packages’ in the ‘Writing R Extensions’ manual.
Flavors: r-devel-linux-x86_64-debian-clang, r-devel-linux-x86_64-debian-gcc, r-devel-linux-x86_64-fedora-clang, r-devel-linux-x86_64-fedora-gcc, r-patched-linux-x86_64, r-release-linux-x86_64

Version: 1.5-9
Check: package dependencies
Result: NOTE
    Package which this enhances but not available for checking: ‘FastRWeb’
Flavor: r-patched-solaris-x86

Version: 1.5-9
Check: compiled code
Result: NOTE
    File ‘Cairo/libs/Cairo.so’:
     Found non-API calls to R: ‘R_InputHandlers’, ‘addInputHandler’
    
    Compiled code should not call non-API entry points in R.
    
    See ‘Writing portable packages’ in the ‘Writing R Extensions’ manual.
Flavors: r-patched-solaris-x86, r-oldrel-osx-x86_64

Version: 1.5-9
Check: whether package can be installed
Result: ERROR
    Installation failed.
Flavor: r-release-osx-x86_64

Version: 1.5-9
Check: installed package size
Result: NOTE
     installed size is 10.1Mb
     sub-directories of 1Mb or more:
     libs 10.0Mb
Flavor: r-oldrel-osx-x86_64