CRAN Package Check Results for Package Cairo

Last updated on 2015-07-06 08:47:58.

Flavor Version Tinstall Tcheck Ttotal Status Flags
r-devel-linux-x86_64-debian-clang 1.5-6 3.95 8.94 12.90 NOTE
r-devel-linux-x86_64-debian-gcc 1.5-6 3.59 8.98 12.58 NOTE
r-devel-linux-x86_64-fedora-clang 1.5-6 22.96 NOTE
r-devel-linux-x86_64-fedora-gcc 1.5-6 22.11 NOTE
r-devel-osx-x86_64-clang 1.5-6 27.30 NOTE
r-devel-windows-ix86+x86_64 1.5-6 26.00 22.00 48.00 NOTE
r-patched-linux-x86_64 1.5-6 3.59 9.28 12.88 NOTE
r-patched-solaris-sparc 1.5-6 153.60 NOTE
r-patched-solaris-x86 1.5-6 34.40 NOTE
r-release-linux-x86_64 1.5-6 3.69 9.14 12.83 NOTE
r-release-osx-x86_64-mavericks 1.5-6 NOTE
r-release-windows-ix86+x86_64 1.5-6 25.00 22.00 47.00 NOTE
r-oldrel-windows-ix86+x86_64 1.5-6 33.00 35.00 68.00 OK

Check Details

Version: 1.5-6
Check: DESCRIPTION meta-information
Result: NOTE
    Malformed Title field: should not end in a period.
Flavors: r-devel-linux-x86_64-debian-clang, r-devel-linux-x86_64-debian-gcc, r-devel-linux-x86_64-fedora-clang, r-devel-linux-x86_64-fedora-gcc, r-devel-osx-x86_64-clang, r-devel-windows-ix86+x86_64, r-patched-linux-x86_64, r-patched-solaris-sparc, r-patched-solaris-x86, r-release-linux-x86_64, r-release-osx-x86_64-mavericks, r-release-windows-ix86+x86_64

Version: 1.5-6
Check: R code for possible problems
Result: NOTE
    Cairo: no visible global function definition for ‘par’
    Cairo.capture: no visible global function definition for ‘dev.cur’
    Cairo.onSave: no visible global function definition for ‘dev.cur’
    Cairo.serial: no visible global function definition for ‘dev.cur’
    Undefined global functions or variables:
     dev.cur par
Flavors: r-devel-linux-x86_64-debian-clang, r-devel-linux-x86_64-debian-gcc, r-devel-linux-x86_64-fedora-clang, r-devel-linux-x86_64-fedora-gcc, r-devel-windows-ix86+x86_64

Version: 1.5-6
Check: compiled code
Result: NOTE
    File ‘Cairo/libs/Cairo.so’:
     Found non-API calls to R: ‘R_InputHandlers’, ‘addInputHandler’
    
    Compiled code should not call non-API entry points in R.
    
    See ‘Writing portable packages’ in the ‘Writing R Extensions’ manual.
Flavors: r-devel-linux-x86_64-debian-clang, r-devel-linux-x86_64-debian-gcc, r-devel-linux-x86_64-fedora-clang, r-devel-linux-x86_64-fedora-gcc, r-devel-osx-x86_64-clang, r-patched-linux-x86_64, r-patched-solaris-sparc, r-patched-solaris-x86, r-release-linux-x86_64, r-release-osx-x86_64-mavericks

Version: 1.5-6
Check: package dependencies
Result: NOTE
    Package which this enhances but not available for checking: ‘FastRWeb’
Flavors: r-patched-solaris-sparc, r-patched-solaris-x86

Version: 1.5-6
Check: installed package size
Result: NOTE
     installed size is 10.1Mb
     sub-directories of 1Mb or more:
     libs 10.0Mb
Flavor: r-release-osx-x86_64-mavericks