CRAN Package Check Results for Package Cairo

Last updated on 2015-09-02 03:48:19.

Flavor Version Tinstall Tcheck Ttotal Status Flags
r-devel-linux-x86_64-debian-clang 1.5-8 3.86 9.43 13.30 NOTE
r-devel-linux-x86_64-debian-gcc 1.5-8 3.66 9.98 13.65 NOTE
r-devel-linux-x86_64-fedora-clang 1.5-8 24.21 NOTE
r-devel-linux-x86_64-fedora-gcc 1.5-8 23.14 NOTE
r-devel-osx-x86_64-clang 1.5-8 28.34 NOTE
r-devel-windows-ix86+x86_64 1.5-8 24.00 25.00 49.00 OK
r-patched-linux-x86_64 1.5-8 3.80 9.80 13.60 NOTE
r-patched-solaris-sparc 1.5-8 133.70 NOTE
r-patched-solaris-x86 1.5-8 37.40 NOTE
r-release-linux-x86_64 1.5-8 3.76 9.84 13.60 NOTE
r-release-osx-x86_64-mavericks 1.5-8 NOTE
r-release-windows-ix86+x86_64 1.5-8 23.00 35.00 58.00 OK
r-oldrel-windows-ix86+x86_64 1.5-8 23.00 38.00 61.00 OK

Check Details

Version: 1.5-8
Check: compiled code
Result: NOTE
    File ‘Cairo/libs/Cairo.so’:
     Found non-API calls to R: ‘R_InputHandlers’, ‘addInputHandler’
    
    Compiled code should not call non-API entry points in R.
    
    See ‘Writing portable packages’ in the ‘Writing R Extensions’ manual.
Flavors: r-devel-linux-x86_64-debian-clang, r-devel-linux-x86_64-debian-gcc, r-devel-linux-x86_64-fedora-clang, r-devel-linux-x86_64-fedora-gcc, r-devel-osx-x86_64-clang, r-patched-linux-x86_64, r-patched-solaris-sparc, r-patched-solaris-x86, r-release-linux-x86_64, r-release-osx-x86_64-mavericks

Version: 1.5-8
Check: package dependencies
Result: NOTE
    Package which this enhances but not available for checking: ‘FastRWeb’
Flavors: r-patched-solaris-sparc, r-patched-solaris-x86

Version: 1.5-8
Check: installed package size
Result: NOTE
     installed size is 10.1Mb
     sub-directories of 1Mb or more:
     libs 10.0Mb
Flavor: r-release-osx-x86_64-mavericks