CRAN Package Check Results for Package Cairo

Last updated on 2015-04-26 10:48:05.

Flavor Version Tinstall Tcheck Ttotal Status Flags
r-devel-linux-x86_64-debian-clang 1.5-6 3.88 9.36 13.24 NOTE
r-devel-linux-x86_64-debian-gcc 1.5-6 7.27 9.25 16.52 NOTE
r-devel-linux-x86_64-fedora-clang 1.5-6 24.65 NOTE
r-devel-linux-x86_64-fedora-gcc 1.5-6 23.91 NOTE
r-devel-osx-x86_64-clang 1.5-6 30.98 NOTE
r-devel-windows-ix86+x86_64 1.5-6 26.00 22.00 48.00 NOTE
r-patched-linux-x86_64 1.5-6 3.64 9.19 12.83 NOTE
r-patched-solaris-sparc 1.5-6 152.70 NOTE
r-patched-solaris-x86 1.5-6 33.90 NOTE
r-release-linux-x86_64 1.5-6 3.62 9.30 12.92 NOTE
r-release-osx-x86_64-mavericks 1.5-6 NOTE
r-release-osx-x86_64-snowleopard 1.5-6 ERROR
r-release-windows-ix86+x86_64 1.5-6 23.00 22.00 45.00 NOTE
r-oldrel-windows-ix86+x86_64 1.5-6 33.00 35.00 68.00 OK

Check Details

Version: 1.5-6
Check: DESCRIPTION meta-information
Result: NOTE
    Malformed Title field: should not end in a period.
Flavors: r-devel-linux-x86_64-fedora-clang, r-devel-linux-x86_64-fedora-gcc, r-devel-osx-x86_64-clang, r-devel-windows-ix86+x86_64, r-release-osx-x86_64-mavericks, r-release-windows-ix86+x86_64

Version: 1.5-6
Check: compiled code
Result: NOTE
    File ‘Cairo/libs/Cairo.so’:
     Found non-API calls to R: ‘R_InputHandlers’, ‘addInputHandler’
    
    Compiled code should not call non-API entry points in R.
    
    See ‘Writing portable packages’ in the ‘Writing R Extensions’ manual.
Flavors: r-devel-linux-x86_64-fedora-clang, r-devel-linux-x86_64-fedora-gcc, r-devel-osx-x86_64-clang, r-release-osx-x86_64-mavericks

Version: 1.5-6
Check: installed package size
Result: NOTE
     installed size is 10.1Mb
     sub-directories of 1Mb or more:
     libs 10.0Mb
Flavor: r-release-osx-x86_64-mavericks