CRAN Package Check Results for Package Cairo

Last updated on 2018-02-20 17:47:32 CET.

Flavor Version Tinstall Tcheck Ttotal Status Flags
r-devel-linux-x86_64-debian-clang 1.5-9 7.14 18.25 25.39 NOTE
r-devel-linux-x86_64-debian-gcc 1.5-9 4.70 14.53 19.23 NOTE
r-devel-linux-x86_64-fedora-clang 1.5-9 28.98 NOTE
r-devel-linux-x86_64-fedora-gcc 1.5-9 28.47 NOTE
r-devel-windows-ix86+x86_64 1.5-9 42.00 44.00 86.00 NOTE
r-patched-linux-x86_64 1.5-9 5.76 17.60 23.36 NOTE
r-patched-solaris-x86 1.5-9 41.00 NOTE
r-release-linux-x86_64 1.5-9 5.70 17.01 22.71 NOTE
r-release-windows-ix86+x86_64 1.5-9 30.00 35.00 65.00 OK
r-release-osx-x86_64 1.5-9 ERROR
r-oldrel-windows-ix86+x86_64 1.5-9 89.00 30.00 119.00 OK
r-oldrel-osx-x86_64 1.5-9 NOTE

Additional issues

rchk

Check Details

Version: 1.5-9
Check: compiled code
Result: NOTE
    File ‘Cairo/libs/Cairo.so’:
     Found non-API calls to R: ‘R_InputHandlers’, ‘addInputHandler’
    File ‘Cairo/libs/Cairo.so’:
     Found no calls to: ‘R_registerRoutines’, ‘R_useDynamicSymbols’
    
    Compiled code should not call non-API entry points in R.
    It is good practice to register native routines and to disable symbol
    search.
    
    See ‘Writing portable packages’ in the ‘Writing R Extensions’ manual.
Flavors: r-devel-linux-x86_64-debian-clang, r-devel-linux-x86_64-debian-gcc, r-devel-linux-x86_64-fedora-clang, r-devel-linux-x86_64-fedora-gcc, r-patched-linux-x86_64, r-release-linux-x86_64

Version: 1.5-9
Check: package dependencies
Result: NOTE
    Package which this enhances but not available for checking: 'FastRWeb'
Flavors: r-devel-windows-ix86+x86_64, r-patched-solaris-x86

Version: 1.5-9
Check: compiled code
Result: NOTE
    File ‘Cairo/libs/Cairo.so’:
     Found non-API calls to R: ‘R_InputHandlers’, ‘addInputHandler’
    
    Compiled code should not call non-API entry points in R.
    
    See ‘Writing portable packages’ in the ‘Writing R Extensions’ manual.
Flavors: r-patched-solaris-x86, r-oldrel-osx-x86_64

Version: 1.5-9
Check: whether package can be installed
Result: ERROR
    Installation failed.
Flavor: r-release-osx-x86_64

Version: 1.5-9
Check: installed package size
Result: NOTE
     installed size is 10.1Mb
     sub-directories of 1Mb or more:
     libs 10.0Mb
Flavor: r-oldrel-osx-x86_64