CRAN Package Check Results for Package Cairo

Last updated on 2016-05-05 23:49:51.

Flavor Version Tinstall Tcheck Ttotal Status Flags
r-devel-linux-x86_64-debian-gcc 1.5-9 4.01 9.95 13.96 NOTE
r-devel-linux-x86_64-fedora-clang 1.5-9 23.34 NOTE
r-devel-linux-x86_64-fedora-gcc 1.5-9 22.34 NOTE
r-devel-osx-x86_64-clang 1.5-9 33.76 NOTE
r-devel-windows-ix86+x86_64 1.5-9 34.00 27.00 61.00 OK
r-patched-linux-x86_64 1.5-9 4.06 9.99 14.05 NOTE
r-patched-solaris-sparc 1.5-9 126.30 NOTE
r-patched-solaris-x86 1.5-9 30.10 NOTE
r-release-linux-x86_64 1.5-9 3.95 9.90 13.85 NOTE
r-release-osx-x86_64-mavericks 1.5-9 NOTE
r-release-windows-ix86+x86_64 1.5-9 34.00 27.00 61.00 OK
r-oldrel-windows-ix86+x86_64 1.5-9 27.00 23.00 50.00 OK

Check Details

Version: 1.5-9
Check: compiled code
Result: NOTE
    File ‘Cairo/libs/Cairo.so’:
     Found non-API calls to R: ‘R_InputHandlers’, ‘addInputHandler’
    
    Compiled code should not call non-API entry points in R.
    
    See ‘Writing portable packages’ in the ‘Writing R Extensions’ manual.
Flavors: r-devel-linux-x86_64-debian-gcc, r-devel-linux-x86_64-fedora-clang, r-devel-linux-x86_64-fedora-gcc, r-devel-osx-x86_64-clang, r-patched-linux-x86_64, r-patched-solaris-sparc, r-patched-solaris-x86, r-release-linux-x86_64, r-release-osx-x86_64-mavericks

Version: 1.5-9
Check: package dependencies
Result: NOTE
    Package which this enhances but not available for checking: ‘FastRWeb’
Flavors: r-patched-solaris-sparc, r-patched-solaris-x86

Version: 1.5-9
Check: installed package size
Result: NOTE
     installed size is 10.1Mb
     sub-directories of 1Mb or more:
     libs 10.0Mb
Flavor: r-release-osx-x86_64-mavericks