CRAN Package Check Results for Package Cairo

Last updated on 2017-02-20 17:48:46.

Flavor Version Tinstall Tcheck Ttotal Status Flags
r-devel-linux-x86_64-debian-clang 1.5-9 5.61 12.16 17.77 NOTE
r-devel-linux-x86_64-debian-gcc 1.5-9 4.24 12.55 16.78 NOTE
r-devel-linux-x86_64-fedora-clang 1.5-9 26.26 NOTE --no-stop-on-test-error
r-devel-linux-x86_64-fedora-gcc 1.5-9 25.33 NOTE --no-stop-on-test-error
r-devel-macos-x86_64-clang 26.19 NOTE --no-stop-on-test-error
r-devel-windows-ix86+x86_64 1.5-9 27.00 43.00 70.00 OK
r-patched-linux-x86_64 1.5-9 3.81 10.01 13.82 NOTE
r-patched-solaris-sparc 1.5-9 130.80 NOTE
r-patched-solaris-x86 1.5-9 32.60 NOTE
r-release-linux-x86_64 1.5-9 4.06 9.89 13.95 NOTE
r-release-osx-x86_64-mavericks 1.5-9 NOTE
r-release-windows-ix86+x86_64 1.5-9 89.00 30.00 119.00 OK
r-oldrel-windows-ix86+x86_64 1.5-9 116.00 29.00 145.00 OK

Check Details

Version: 1.5-9
Check: compiled code
Result: NOTE
    File ‘Cairo/libs/Cairo.so’:
     Found non-API calls to R: ‘R_InputHandlers’, ‘addInputHandler’
    File ‘Cairo/libs/Cairo.so’:
     Found no calls to: ‘R_registerRoutines’, ‘R_useDynamicSymbols’
    
    Compiled code should not call non-API entry points in R.
    It is good practice to register native routines and to disable symbol
    search.
    
    See ‘Writing portable packages’ in the ‘Writing R Extensions’ manual.
Flavors: r-devel-linux-x86_64-debian-clang, r-devel-linux-x86_64-debian-gcc

Version: 1.5-9
Flags: --no-stop-on-test-error
Check: compiled code
Result: NOTE
    File ‘Cairo/libs/Cairo.so’:
     Found non-API calls to R: ‘R_InputHandlers’, ‘addInputHandler’
    File ‘Cairo/libs/Cairo.so’:
     Found no calls to: ‘R_registerRoutines’, ‘R_useDynamicSymbols’
    
    Compiled code should not call non-API entry points in R.
    It is good practice to register native routines and to disable symbol
    search.
    
    See ‘Writing portable packages’ in the ‘Writing R Extensions’ manual.
Flavors: r-devel-linux-x86_64-fedora-clang, r-devel-linux-x86_64-fedora-gcc, r-devel-macos-x86_64-clang

Version: 1.5-9
Check: compiled code
Result: NOTE
    File ‘Cairo/libs/Cairo.so’:
     Found non-API calls to R: ‘R_InputHandlers’, ‘addInputHandler’
    
    Compiled code should not call non-API entry points in R.
    
    See ‘Writing portable packages’ in the ‘Writing R Extensions’ manual.
Flavors: r-patched-linux-x86_64, r-patched-solaris-sparc, r-patched-solaris-x86, r-release-linux-x86_64, r-release-osx-x86_64-mavericks

Version: 1.5-9
Check: package dependencies
Result: NOTE
    Package which this enhances but not available for checking: ‘FastRWeb’
Flavors: r-patched-solaris-sparc, r-patched-solaris-x86

Version: 1.5-9
Check: installed package size
Result: NOTE
     installed size is 10.1Mb
     sub-directories of 1Mb or more:
     libs 10.0Mb
Flavor: r-release-osx-x86_64-mavericks