CRAN Package Check Results for Package Cairo

Last updated on 2015-03-01 12:47:31.

Flavor Version Tinstall Tcheck Ttotal Status Flags
r-devel-linux-x86_64-debian-clang 1.5-6 3.68 9.36 13.04 NOTE
r-devel-linux-x86_64-debian-gcc 1.5-6 3.52 9.07 12.58 NOTE
r-devel-linux-x86_64-fedora-clang 1.5-6 25.21 NOTE
r-devel-linux-x86_64-fedora-gcc 1.5-6 23.10 NOTE
r-devel-osx-x86_64-clang 1.5-6 31.56 NOTE
r-devel-windows-ix86+x86_64 1.5-6 35.00 22.00 57.00 NOTE
r-patched-linux-x86_64 1.5-6 3.62 10.05 13.67 NOTE
r-patched-solaris-sparc 1.5-6 171.90 NOTE
r-patched-solaris-x86 1.5-6 39.10 NOTE
r-release-linux-ix86 1.5-6 6.52 17.67 24.20 NOTE
r-release-linux-x86_64 1.5-6 3.63 10.19 13.82 NOTE
r-release-osx-x86_64-mavericks 1.5-6 NOTE
r-release-osx-x86_64-snowleopard 1.5-6 ERROR
r-release-windows-ix86+x86_64 1.5-6 25.00 24.00 49.00 OK
r-oldrel-windows-ix86+x86_64 1.5-6 22.00 33.00 55.00 OK

Check Details

Version: 1.5-6
Check: DESCRIPTION meta-information
Result: NOTE
    Malformed Title field: should not end in a period.
Flavors: r-devel-linux-x86_64-debian-clang, r-devel-linux-x86_64-debian-gcc, r-devel-linux-x86_64-fedora-clang, r-devel-linux-x86_64-fedora-gcc, r-devel-osx-x86_64-clang, r-devel-windows-ix86+x86_64

Version: 1.5-6
Check: compiled code
Result: NOTE
    File ‘Cairo/libs/Cairo.so’:
     Found non-API calls to R: ‘R_InputHandlers’, ‘addInputHandler’
    
    Compiled code should not call non-API entry points in R.
    
    See ‘Writing portable packages’ in the ‘Writing R Extensions’ manual.
Flavors: r-devel-linux-x86_64-debian-clang, r-devel-linux-x86_64-debian-gcc, r-devel-linux-x86_64-fedora-clang, r-devel-linux-x86_64-fedora-gcc, r-devel-osx-x86_64-clang, r-patched-linux-x86_64, r-patched-solaris-sparc, r-patched-solaris-x86, r-release-linux-ix86, r-release-linux-x86_64, r-release-osx-x86_64-mavericks

Version: 1.5-6
Check: package dependencies
Result: NOTE
    Package which this enhances but not available for checking: ‘FastRWeb’
Flavors: r-patched-solaris-sparc, r-patched-solaris-x86

Version: 1.5-6
Check: installed package size
Result: NOTE
     installed size is 10.1Mb
     sub-directories of 1Mb or more:
     libs 10.0Mb
Flavor: r-release-osx-x86_64-mavericks

Version: 1.5-6
Check: whether package can be installed
Result: ERROR
    Installation failed.
    See ‘/Volumes/XT3/Builds/R-dev-web/QA/Simon/packages/snowleopard-x86_64/results/3.1/Cairo.Rcheck/00install.out’ for details.
    * pre-conf. environment: (PKG_CFLAGS=, PKG_CPPFLAGS=-I/usr/X11R6/include -I/usr/local/include/freetype2, PKG_LIBS=-L/usr/X11R6/lib -lX11 -lXrender)
Flavor: r-release-osx-x86_64-snowleopard