CRAN Package Check Results for Package CalibrateSSB

Last updated on 2022-01-29 01:49:29 CET.

Flavor Version Tinstall Tcheck Ttotal Status Flags
r-devel-linux-x86_64-debian-clang 1.3.0 7.91 118.55 126.46 NOTE
r-devel-linux-x86_64-debian-gcc 1.3.0 8.62 86.90 95.52 NOTE
r-devel-linux-x86_64-fedora-clang 1.3.0 162.07 NOTE
r-devel-linux-x86_64-fedora-gcc 1.3.0 147.43 NOTE
r-devel-windows-x86_64-new-UL 1.3.0 68.00 131.00 199.00 NOTE
r-devel-windows-x86_64-new-TK 1.3.0 NOTE
r-patched-linux-x86_64 1.3.0 10.64 107.02 117.66 NOTE
r-release-linux-x86_64 1.3.0 9.58 107.84 117.42 NOTE
r-release-macos-arm64 1.3.0 NOTE
r-release-macos-x86_64 1.3.0 NOTE
r-release-windows-ix86+x86_64 1.3.0 25.00 125.00 150.00 NOTE
r-oldrel-macos-x86_64 1.3.0 NOTE
r-oldrel-windows-ix86+x86_64 1.3.0 26.00 124.00 150.00 NOTE

Check Details

Version: 1.3.0
Check: package dependencies
Result: NOTE
    Package suggested but not available for checking: 'ReGenesees'
Flavors: r-devel-linux-x86_64-debian-clang, r-devel-linux-x86_64-debian-gcc, r-devel-linux-x86_64-fedora-clang, r-devel-linux-x86_64-fedora-gcc, r-devel-windows-x86_64-new-UL, r-devel-windows-x86_64-new-TK, r-patched-linux-x86_64, r-release-linux-x86_64, r-release-macos-arm64, r-release-macos-x86_64, r-release-windows-ix86+x86_64, r-oldrel-macos-x86_64, r-oldrel-windows-ix86+x86_64