CRAN Package Check Results for Package Canopy

Last updated on 2024-06-19 02:48:26 CEST.

Flavor Version Tinstall Tcheck Ttotal Status Flags
r-devel-linux-x86_64-debian-clang 1.3.0 15.55 172.59 188.14 NOTE
r-devel-linux-x86_64-debian-gcc 1.3.0 11.05 121.67 132.72 NOTE
r-devel-linux-x86_64-fedora-clang 1.3.0 223.46 NOTE
r-devel-linux-x86_64-fedora-gcc 1.3.0 229.07 NOTE
r-devel-windows-x86_64 1.3.0 12.00 144.00 156.00 OK
r-patched-linux-x86_64 1.3.0 12.15 159.02 171.17 NOTE
r-release-linux-x86_64 1.3.0 10.71 161.93 172.64 NOTE
r-release-macos-arm64 1.3.0 67.00 OK
r-release-macos-x86_64 1.3.0 102.00 OK
r-release-windows-x86_64 1.3.0 12.00 144.00 156.00 OK
r-oldrel-macos-arm64 1.3.0 73.00 OK
r-oldrel-macos-x86_64 1.3.0 132.00 OK
r-oldrel-windows-x86_64 1.3.0 17.00 169.00 186.00 OK

Check Details

Version: 1.3.0
Check: for non-standard things in the check directory
Result: NOTE Found the following files/directories: ‘MDA231_tree.pdf’ Flavors: r-devel-linux-x86_64-debian-clang, r-devel-linux-x86_64-debian-gcc, r-devel-linux-x86_64-fedora-clang, r-devel-linux-x86_64-fedora-gcc, r-patched-linux-x86_64, r-release-linux-x86_64