CRAN Package Check Results for Package CatDyn

Last updated on 2015-04-18 03:50:10.

Flavor Version Tinstall Tcheck Ttotal Status Flags
r-devel-linux-x86_64-debian-clang 1.0-6 4.30 557.96 562.27 OK
r-devel-linux-x86_64-debian-gcc 1.0-6 4.24 542.16 546.40 OK
r-devel-linux-x86_64-fedora-clang 1.0-6 1081.91 OK
r-devel-linux-x86_64-fedora-gcc 1.0-6 972.58 OK
r-devel-osx-x86_64-clang 1.0-6 834.87 OK
r-prerel-windows-ix86+x86_64 1.0-6 9.00 623.00 632.00 OK
r-prerel-linux-x86_64 1.0-6 5.48 560.77 566.25 OK
r-prerel-solaris-sparc 1.0-6 43.50 ERROR
r-prerel-solaris-x86 1.0-6 10.60 ERROR
r-release-linux-x86_64 1.0-6 7.49 606.11 613.60 OK
r-release-osx-x86_64-mavericks 1.0-6 OK
r-release-osx-x86_64-snowleopard 1.0-6 OK
r-release-windows-ix86+x86_64 1.0-6 14.00 995.00 1009.00 OK
r-oldrel-windows-ix86+x86_64 1.0-6 22.00 919.00 941.00 OK

Check Details

Version: 1.0-6
Check: whether package can be installed
Result: ERROR
    Installation failed.
Flavors: r-prerel-solaris-sparc, r-prerel-solaris-x86