CRAN Package Check Results for Package CatDyn

Last updated on 2015-01-27 08:50:16.

Flavor Version Tinstall Tcheck Ttotal Status Flags
r-devel-linux-x86_64-debian-clang 1.0-6 4.90 602.88 607.78 OK
r-devel-linux-x86_64-debian-gcc 1.0-6 4.82 565.59 570.42 OK
r-devel-linux-x86_64-fedora-clang 1.0-6 1115.48 OK
r-devel-linux-x86_64-fedora-gcc 1.0-6 1004.02 OK
r-devel-osx-x86_64-clang 1.0-6 937.46 OK
r-devel-windows-ix86+x86_64 1.0-6 10.00 646.00 656.00 OK
r-patched-linux-x86_64 1.0-6 5.14 589.23 594.37 OK
r-patched-solaris-sparc 1.0-6 48.30 ERROR
r-patched-solaris-x86 1.0-6 13.70 ERROR
r-release-linux-ix86 1.0-6 6.33 636.85 643.18 OK
r-release-linux-x86_64 1.0-6 4.98 608.40 613.38 OK
r-release-osx-x86_64-mavericks 1.0-6 OK
r-release-osx-x86_64-snowleopard 1.0-6 OK
r-release-windows-ix86+x86_64 1.0-6 16.00 767.00 783.00 OK
r-oldrel-windows-ix86+x86_64 1.0-6 25.00 767.00 792.00 OK

Check Details

Version: 1.0-6
Check: whether package can be installed
Result: ERROR
    Installation failed.
Flavors: r-patched-solaris-sparc, r-patched-solaris-x86