CRAN Package Check Results for Package CatDyn

Last updated on 2015-03-05 23:48:11.

Flavor Version Tinstall Tcheck Ttotal Status Flags
r-devel-linux-x86_64-debian-clang 1.0-6 4.24 561.52 565.76 OK
r-devel-linux-x86_64-debian-gcc 1.0-6 4.23 570.19 574.42 OK
r-devel-linux-x86_64-fedora-clang 1.0-6 1086.56 OK
r-devel-linux-x86_64-fedora-gcc 1.0-6 1004.27 OK
r-devel-osx-x86_64-clang 1.0-6 914.55 OK
r-devel-windows-ix86+x86_64 1.0-6 10.00 711.00 721.00 OK
r-patched-linux-x86_64 1.0-6 7.77 621.40 629.17 OK
r-patched-solaris-sparc 1.0-6 53.30 ERROR
r-patched-solaris-x86 1.0-6 14.10 ERROR
r-release-linux-ix86 1.0-6 6.49 641.40 647.88 OK
r-release-linux-x86_64 1.0-6 5.08 612.69 617.78 OK
r-release-osx-x86_64-mavericks 1.0-6 OK
r-release-osx-x86_64-snowleopard 1.0-6 OK
r-release-windows-ix86+x86_64 1.0-6 11.00 752.00 763.00 OK
r-oldrel-windows-ix86+x86_64 1.0-6 21.00 690.00 711.00 OK

Check Details

Version: 1.0-6
Check: whether package can be installed
Result: ERROR
    Installation failed.
Flavors: r-patched-solaris-sparc, r-patched-solaris-x86