CRAN Package Check Results for Package CausalFX

Last updated on 2020-09-28 03:47:38 CEST.

Flavor Version Tinstall Tcheck Ttotal Status Flags
r-devel-linux-x86_64-debian-clang 1.0.1 6.01 44.23 50.24 NOTE
r-devel-linux-x86_64-debian-gcc 1.0.1 4.05 33.94 37.99 NOTE
r-devel-linux-x86_64-fedora-clang 1.0.1 71.86 NOTE
r-devel-linux-x86_64-fedora-gcc 1.0.1 68.32 NOTE
r-devel-windows-ix86+x86_64 1.0.1 9.00 64.00 73.00 NOTE
r-patched-linux-x86_64 1.0.1 4.31 42.26 46.57 NOTE
r-patched-solaris-x86 1.0.1 87.00 NOTE
r-release-linux-x86_64 1.0.1 5.59 42.06 47.65 NOTE
r-release-macos-x86_64 1.0.1 NOTE
r-release-windows-ix86+x86_64 1.0.1 10.00 61.00 71.00 NOTE
r-oldrel-macos-x86_64 1.0.1 NOTE
r-oldrel-windows-ix86+x86_64 1.0.1 8.00 63.00 71.00 NOTE

Check Details

Version: 1.0.1
Check: R code for possible problems
Result: NOTE
    binParamPosteriorSampling: no visible global function definition for
     'rbeta'
    bindagMonteCarloCausalEffect: no visible global function definition for
     'runif'
    getBinDAGModelData: no visible global function definition for 'runif'
    logitDist: no visible global function definition for 'runif'
    logitDist: no visible global function definition for 'rnorm'
    simulateWitnessModel: no visible global function definition for 'runif'
    summary.covsearch: no visible global function definition for 'quantile'
    summary.iv: no visible global function definition for 'quantile'
    summary.wpp: no visible global function definition for 'quantile'
    Undefined global functions or variables:
     quantile rbeta rnorm runif
    Consider adding
     importFrom("stats", "quantile", "rbeta", "rnorm", "runif")
    to your NAMESPACE file.
    
    Possibly missing '()' after 'return' in the following functions:
     'print.summary.covsearch' 'print.summary.wpp' 'summary.covsearch'
     'summary.wpp'
Flavors: r-devel-linux-x86_64-debian-clang, r-devel-linux-x86_64-debian-gcc, r-devel-linux-x86_64-fedora-clang, r-devel-linux-x86_64-fedora-gcc

Version: 1.0.1
Check: R code for possible problems
Result: NOTE
    binParamPosteriorSampling: no visible global function definition for
     'rbeta'
    bindagMonteCarloCausalEffect: no visible global function definition for
     'runif'
    getBinDAGModelData: no visible global function definition for 'runif'
    logitDist: no visible global function definition for 'runif'
    logitDist: no visible global function definition for 'rnorm'
    simulateWitnessModel: no visible global function definition for 'runif'
    summary.covsearch: no visible global function definition for 'quantile'
    summary.iv: no visible global function definition for 'quantile'
    summary.wpp: no visible global function definition for 'quantile'
    Undefined global functions or variables:
     quantile rbeta rnorm runif
    Consider adding
     importFrom("stats", "quantile", "rbeta", "rnorm", "runif")
    to your NAMESPACE file.
Flavors: r-devel-windows-ix86+x86_64, r-patched-linux-x86_64, r-patched-solaris-x86, r-release-linux-x86_64, r-release-macos-x86_64, r-release-windows-ix86+x86_64, r-oldrel-macos-x86_64, r-oldrel-windows-ix86+x86_64