CRAN Package Check Results for Package CausalGAM

Last updated on 2015-04-25 03:47:40.

Flavor Version Tinstall Tcheck Ttotal Status Flags
r-devel-linux-x86_64-debian-clang 0.1-3 0.70 9.92 10.62 NOTE
r-devel-linux-x86_64-debian-gcc 0.1-3 0.56 9.91 10.47 NOTE
r-devel-linux-x86_64-fedora-clang 0.1-3 20.61 NOTE
r-devel-linux-x86_64-fedora-gcc 0.1-3 18.98 NOTE
r-devel-osx-x86_64-clang 0.1-3 23.81 NOTE
r-devel-windows-ix86+x86_64 0.1-3 2.00 19.00 21.00 NOTE
r-patched-linux-x86_64 0.1-3 0.57 9.93 10.50 NOTE
r-patched-solaris-sparc 0.1-3 142.60 NOTE
r-patched-solaris-x86 0.1-3 28.60 NOTE
r-release-linux-x86_64 0.1-3 0.57 9.86 10.42 NOTE
r-release-osx-x86_64-mavericks 0.1-3 NOTE
r-release-osx-x86_64-snowleopard 0.1-3 NOTE
r-release-windows-ix86+x86_64 0.1-3 2.00 20.00 22.00 NOTE
r-oldrel-windows-ix86+x86_64 0.1-3 2.00 25.00 27.00 NOTE

Check Details

Version: 0.1-3
Check: top-level files
Result: NOTE
    File
     LICENSE
    is not mentioned in the DESCRIPTION file.
Flavors: r-devel-windows-ix86+x86_64, r-release-windows-ix86+x86_64, r-oldrel-windows-ix86+x86_64

Version: 0.1-3
Check: dependencies in R code
Result: NOTE
    'library' or 'require' call to 'gam' which was already attached by Depends.
     Please remove these calls from your code.
Flavors: r-devel-windows-ix86+x86_64, r-patched-linux-x86_64, r-release-windows-ix86+x86_64, r-oldrel-windows-ix86+x86_64

Version: 0.1-3
Check: R code for possible problems
Result: NOTE
    File 'CausalGAM/R/zzz.R':
     .onAttach calls:
     cat("##\n## CausalGAM Package\n")
     cat("## Copyright (C) 2009", " Adam Glynn and Kevin Quinn\n", sep = "")
     require(gam, quietly = TRUE)
    
    Package startup functions should not change the search path.
    Package startup functions should use 'packageStartupMessage' to
     generate messages.
    See section 'Good practice' in '?.onAttach'.
Flavors: r-devel-windows-ix86+x86_64, r-patched-linux-x86_64, r-release-windows-ix86+x86_64, r-oldrel-windows-ix86+x86_64

Version: 0.1-3
Check: top-level files
Result: NOTE
    File
     LICENSE
    is not mentioned in the DESCRIPTION file.
    Non-standard file/directory found at top level:
     ‘HISTORY’
Flavor: r-patched-linux-x86_64