CRAN Package Check Results for Package CausalGAM

Last updated on 2014-04-16 15:49:24.

Flavor Version Tinstall Tcheck Ttotal Status Flags
r-devel-linux-x86_64-debian-clang 0.1-3 0.61 10.93 11.54 NOTE
r-devel-linux-x86_64-debian-gcc 0.1-3 0.60 11.04 11.64 NOTE
r-devel-linux-x86_64-fedora-clang 0.1-3 23.05 NOTE
r-devel-linux-x86_64-fedora-gcc 0.1-3 21.47 NOTE
r-devel-macosx-x86_64-clang 0.1-3 25.50 NOTE
r-devel-macosx-x86_64-gcc 0.1-3 NOTE
r-devel-windows-ix86+x86_64 0.1-3 3.00 17.00 20.00 NOTE
r-patched-linux-x86_64 0.1-3 0.61 11.32 11.93 NOTE
r-patched-solaris-sparc 0.1-3 140.70 NOTE
r-patched-solaris-x86 0.1-3 33.00 NOTE
r-release-linux-ix86 0.1-3 2.00 32.00 34.00 NOTE
r-release-linux-x86_64 0.1-3 0.63 11.19 11.82 NOTE
r-release-windows-ix86+x86_64 0.1-3 3.00 20.00 23.00 NOTE
r-oldrel-windows-ix86+x86_64 0.1-3 3.00 20.00 23.00 NOTE

Check Details

Version: 0.1-3
Check: top-level files
Result: NOTE
    File
     LICENSE
    is not mentioned in the DESCRIPTION file.
Flavors: r-devel-linux-x86_64-debian-clang, r-devel-linux-x86_64-debian-gcc, r-devel-macosx-x86_64-clang, r-devel-macosx-x86_64-gcc, r-devel-windows-ix86+x86_64, r-patched-linux-x86_64, r-patched-solaris-sparc, r-patched-solaris-x86, r-release-linux-ix86, r-release-linux-x86_64, r-release-windows-ix86+x86_64, r-oldrel-windows-ix86+x86_64

Version: 0.1-3
Check: dependencies in R code
Result: NOTE
    'library' or 'require' call to ‘gam’ which was already attached by Depends.
     Please remove these calls from your code.
    See the information on DESCRIPTION files in the chapter ‘Creating R
    packages’ of the ‘Writing R Extensions’ manual.
Flavors: r-devel-linux-x86_64-debian-clang, r-devel-linux-x86_64-debian-gcc, r-devel-linux-x86_64-fedora-clang, r-devel-linux-x86_64-fedora-gcc, r-devel-macosx-x86_64-clang, r-devel-macosx-x86_64-gcc, r-devel-windows-ix86+x86_64, r-patched-linux-x86_64, r-patched-solaris-sparc, r-patched-solaris-x86, r-release-linux-ix86, r-release-linux-x86_64, r-release-windows-ix86+x86_64, r-oldrel-windows-ix86+x86_64

Version: 0.1-3
Check: R code for possible problems
Result: NOTE
    File ‘CausalGAM/R/zzz.R’:
     .onAttach calls:
     cat("##\n## CausalGAM Package\n")
     cat("## Copyright (C) 2009", " Adam Glynn and Kevin Quinn\n", sep = "")
     require(gam, quietly = TRUE)
    
    Package startup functions should not change the search path.
    Package startup functions should use ‘packageStartupMessage’ to
     generate messages.
    See section ‘Good practice’ in '?.onAttach'.
Flavors: r-devel-linux-x86_64-debian-clang, r-devel-linux-x86_64-debian-gcc, r-devel-linux-x86_64-fedora-clang, r-devel-linux-x86_64-fedora-gcc, r-devel-macosx-x86_64-clang, r-devel-macosx-x86_64-gcc, r-devel-windows-ix86+x86_64, r-patched-linux-x86_64, r-patched-solaris-sparc, r-patched-solaris-x86, r-release-linux-ix86, r-release-linux-x86_64, r-release-windows-ix86+x86_64, r-oldrel-windows-ix86+x86_64

Version: 0.1-3
Check: top-level files
Result: NOTE
    File
     LICENSE
    is not mentioned in the DESCRIPTION file.
    Non-standard file/directory found at top level:
     ‘HISTORY’
Flavors: r-devel-linux-x86_64-fedora-clang, r-devel-linux-x86_64-fedora-gcc