CRAN Package Check Results for Package CausalGAM

Last updated on 2014-12-21 17:48:58.

Flavor Version Tinstall Tcheck Ttotal Status Flags
r-devel-linux-x86_64-debian-clang 0.1-3 0.60 11.21 11.82 NOTE
r-devel-linux-x86_64-debian-gcc 0.1-3 0.59 10.84 11.44 NOTE
r-devel-linux-x86_64-fedora-clang 0.1-3 23.16 NOTE
r-devel-linux-x86_64-fedora-gcc 0.1-3 21.28 NOTE
r-devel-osx-x86_64-clang 0.1-3 25.15 NOTE
r-devel-windows-ix86+x86_64 0.1-3 3.00 19.00 22.00 NOTE
r-patched-linux-x86_64 0.1-3 0.61 10.75 11.36 NOTE
r-patched-solaris-sparc 0.1-3 128.10 NOTE
r-patched-solaris-x86 0.1-3 34.10 NOTE
r-release-linux-ix86 0.1-3 0.89 16.38 17.27 NOTE
r-release-linux-x86_64 0.1-3 0.62 11.05 11.66 NOTE
r-release-osx-x86_64-mavericks 0.1-3 NOTE
r-release-windows-ix86+x86_64 0.1-3 2.00 20.00 22.00 NOTE
r-oldrel-windows-ix86+x86_64 0.1-3 3.00 20.00 23.00 NOTE

Check Details

Version: 0.1-3
Check: top-level files
Result: NOTE
    File
     LICENSE
    is not mentioned in the DESCRIPTION file.
    Non-standard file/directory found at top level:
     ‘HISTORY’
Flavors: r-devel-linux-x86_64-debian-clang, r-devel-linux-x86_64-debian-gcc, r-devel-linux-x86_64-fedora-clang, r-devel-linux-x86_64-fedora-gcc, r-patched-linux-x86_64, r-release-linux-x86_64

Version: 0.1-3
Check: dependencies in R code
Result: NOTE
    'library' or 'require' call to ‘gam’ which was already attached by Depends.
     Please remove these calls from your code.
    See the information on DESCRIPTION files in the chapter ‘Creating R
    packages’ of the ‘Writing R Extensions’ manual.
Flavors: r-devel-linux-x86_64-debian-clang, r-devel-linux-x86_64-debian-gcc, r-devel-linux-x86_64-fedora-clang, r-devel-linux-x86_64-fedora-gcc, r-devel-osx-x86_64-clang, r-devel-windows-ix86+x86_64, r-patched-linux-x86_64, r-patched-solaris-sparc, r-patched-solaris-x86, r-release-linux-ix86, r-release-linux-x86_64, r-release-osx-x86_64-mavericks, r-release-windows-ix86+x86_64, r-oldrel-windows-ix86+x86_64

Version: 0.1-3
Check: R code for possible problems
Result: NOTE
    File ‘CausalGAM/R/zzz.R’:
     .onAttach calls:
     cat("##\n## CausalGAM Package\n")
     cat("## Copyright (C) 2009", " Adam Glynn and Kevin Quinn\n", sep = "")
     require(gam, quietly = TRUE)
    
    Package startup functions should not change the search path.
    Package startup functions should use ‘packageStartupMessage’ to
     generate messages.
    See section ‘Good practice’ in '?.onAttach'.
Flavors: r-devel-linux-x86_64-debian-clang, r-devel-linux-x86_64-debian-gcc, r-devel-linux-x86_64-fedora-clang, r-devel-linux-x86_64-fedora-gcc, r-devel-osx-x86_64-clang, r-devel-windows-ix86+x86_64, r-patched-linux-x86_64, r-patched-solaris-sparc, r-patched-solaris-x86, r-release-linux-ix86, r-release-linux-x86_64, r-release-osx-x86_64-mavericks, r-release-windows-ix86+x86_64, r-oldrel-windows-ix86+x86_64

Version: 0.1-3
Check: top-level files
Result: NOTE
    File
     LICENSE
    is not mentioned in the DESCRIPTION file.
Flavors: r-devel-osx-x86_64-clang, r-devel-windows-ix86+x86_64, r-patched-solaris-sparc, r-patched-solaris-x86, r-release-linux-ix86, r-release-osx-x86_64-mavericks, r-release-windows-ix86+x86_64, r-oldrel-windows-ix86+x86_64