CRAN Package Check Results for Package CausalGAM

Last updated on 2014-08-28 03:48:59.

Flavor Version Tinstall Tcheck Ttotal Status Flags
r-devel-linux-x86_64-debian-clang 0.1-3 0.55 10.57 11.12 NOTE
r-devel-linux-x86_64-debian-gcc 0.1-3 0.56 10.39 10.96 NOTE
r-devel-linux-x86_64-fedora-clang 0.1-3 22.02 NOTE
r-devel-linux-x86_64-fedora-gcc 0.1-3 20.23 NOTE
r-devel-osx-x86_64-clang 0.1-3 24.02 NOTE
r-devel-windows-ix86+x86_64 0.1-3 3.00 18.00 21.00 NOTE
r-patched-linux-x86_64 0.1-3 0.66 10.29 10.95 NOTE
r-patched-solaris-sparc 0.1-3 137.40 NOTE
r-patched-solaris-x86 0.1-3 32.10 NOTE
r-release-linux-ix86 0.1-3 0.94 16.58 17.52 NOTE
r-release-linux-x86_64 0.1-3 0.60 11.17 11.76 NOTE
r-release-osx-x86_64-mavericks 0.1-3 NOTE
r-release-windows-ix86+x86_64 0.1-3 3.00 19.00 22.00 NOTE
r-oldrel-windows-ix86+x86_64 0.1-3 3.00 20.00 23.00 NOTE

Check Details

Version: 0.1-3
Check: top-level files
Result: NOTE
    File
     LICENSE
    is not mentioned in the DESCRIPTION file.
Flavors: r-devel-linux-x86_64-debian-clang, r-devel-linux-x86_64-debian-gcc, r-devel-osx-x86_64-clang, r-devel-windows-ix86+x86_64, r-patched-linux-x86_64, r-patched-solaris-sparc, r-patched-solaris-x86, r-release-linux-ix86, r-release-linux-x86_64, r-release-osx-x86_64-mavericks, r-release-windows-ix86+x86_64, r-oldrel-windows-ix86+x86_64

Version: 0.1-3
Check: dependencies in R code
Result: NOTE
    'library' or 'require' call to ‘gam’ which was already attached by Depends.
     Please remove these calls from your code.
    See the information on DESCRIPTION files in the chapter ‘Creating R
    packages’ of the ‘Writing R Extensions’ manual.
Flavors: r-devel-linux-x86_64-debian-clang, r-devel-linux-x86_64-debian-gcc, r-devel-linux-x86_64-fedora-clang, r-devel-linux-x86_64-fedora-gcc, r-devel-osx-x86_64-clang, r-devel-windows-ix86+x86_64, r-patched-linux-x86_64, r-patched-solaris-sparc, r-patched-solaris-x86, r-release-linux-ix86, r-release-linux-x86_64, r-release-osx-x86_64-mavericks, r-release-windows-ix86+x86_64, r-oldrel-windows-ix86+x86_64

Version: 0.1-3
Check: R code for possible problems
Result: NOTE
    File ‘CausalGAM/R/zzz.R’:
     .onAttach calls:
     cat("##\n## CausalGAM Package\n")
     cat("## Copyright (C) 2009", " Adam Glynn and Kevin Quinn\n", sep = "")
     require(gam, quietly = TRUE)
    
    Package startup functions should not change the search path.
    Package startup functions should use ‘packageStartupMessage’ to
     generate messages.
    See section ‘Good practice’ in '?.onAttach'.
Flavors: r-devel-linux-x86_64-debian-clang, r-devel-linux-x86_64-debian-gcc, r-devel-linux-x86_64-fedora-clang, r-devel-linux-x86_64-fedora-gcc, r-devel-osx-x86_64-clang, r-devel-windows-ix86+x86_64, r-patched-linux-x86_64, r-patched-solaris-sparc, r-patched-solaris-x86, r-release-linux-ix86, r-release-linux-x86_64, r-release-osx-x86_64-mavericks, r-release-windows-ix86+x86_64, r-oldrel-windows-ix86+x86_64

Version: 0.1-3
Check: top-level files
Result: NOTE
    File
     LICENSE
    is not mentioned in the DESCRIPTION file.
    Non-standard file/directory found at top level:
     ‘HISTORY’
Flavors: r-devel-linux-x86_64-fedora-clang, r-devel-linux-x86_64-fedora-gcc