CRAN Package Check Results for Package CausalGAM

Last updated on 2015-09-01 19:47:07.

Flavor Version Tinstall Tcheck Ttotal Status Flags
r-devel-linux-x86_64-debian-clang 0.1-3 0.55 9.94 10.49 NOTE
r-devel-linux-x86_64-debian-gcc 0.1-3 0.54 9.62 10.16 NOTE
r-devel-linux-x86_64-fedora-clang 0.1-3 19.59 NOTE
r-devel-linux-x86_64-fedora-gcc 0.1-3 17.98 NOTE
r-devel-osx-x86_64-clang 0.1-3 19.95 NOTE
r-devel-windows-ix86+x86_64 0.1-3 6.00 25.00 31.00 NOTE
r-patched-linux-x86_64 0.1-3 0.60 10.30 10.89 NOTE
r-patched-solaris-sparc 0.1-3 132.90 NOTE
r-patched-solaris-x86 0.1-3 31.10 NOTE
r-release-linux-x86_64 0.1-3 0.62 10.23 10.85 NOTE
r-release-osx-x86_64-mavericks 0.1-3 NOTE
r-release-windows-ix86+x86_64 0.1-3 3.00 22.00 25.00 NOTE
r-oldrel-windows-ix86+x86_64 0.1-3 6.00 28.00 34.00 NOTE

Check Details

Version: 0.1-3
Check: top-level files
Result: NOTE
    File
     LICENSE
    is not mentioned in the DESCRIPTION file.
    Non-standard file/directory found at top level:
     ‘HISTORY’
Flavors: r-devel-linux-x86_64-debian-clang, r-devel-linux-x86_64-debian-gcc, r-devel-linux-x86_64-fedora-clang, r-devel-linux-x86_64-fedora-gcc, r-patched-linux-x86_64, r-release-linux-x86_64

Version: 0.1-3
Check: dependencies in R code
Result: NOTE
    'library' or 'require' call to ‘gam’ which was already attached by Depends.
     Please remove these calls from your code.
Flavors: r-devel-linux-x86_64-debian-clang, r-devel-linux-x86_64-debian-gcc, r-devel-linux-x86_64-fedora-clang, r-devel-linux-x86_64-fedora-gcc, r-devel-osx-x86_64-clang, r-devel-windows-ix86+x86_64, r-patched-linux-x86_64, r-patched-solaris-sparc, r-patched-solaris-x86, r-release-linux-x86_64, r-release-osx-x86_64-mavericks, r-release-windows-ix86+x86_64, r-oldrel-windows-ix86+x86_64

Version: 0.1-3
Check: R code for possible problems
Result: NOTE
    File ‘CausalGAM/R/zzz.R’:
     .onAttach calls:
     cat("##\n## CausalGAM Package\n")
     cat("## Copyright (C) 2009", " Adam Glynn and Kevin Quinn\n", sep = "")
     require(gam, quietly = TRUE)
    
    Package startup functions should not change the search path.
    Package startup functions should use ‘packageStartupMessage’ to
     generate messages.
    See section ‘Good practice’ in '?.onAttach'.
    
    balance.IPW: no visible global function definition for ‘predict’
    balance.IPW: no visible binding for global variable ‘sd’
    estimate.ATE: no visible global function definition for ‘predict’
    estimate.ATE: no visible global function definition for
     ‘model.response’
    estimate.ATE: no visible global function definition for ‘model.frame’
    estimate.ATE: no visible global function definition for ‘residuals’
    estimate.ATE: no visible global function definition for ‘as.formula’
    estimate.ATE: no visible global function definition for ‘gaussian’
    estimate.ATE: no visible global function definition for ‘par’
    estimate.ATE: no visible global function definition for ‘plot’
    estimate.ATE: no visible global function definition for ‘lines’
    estimate.ATE: no visible global function definition for ‘sd’
    print.CausalGAM: no visible global function definition for ‘pnorm’
    Undefined global functions or variables:
     as.formula gaussian lines model.frame model.response par plot pnorm
     predict residuals sd
    Consider adding
     importFrom("graphics", "lines", "par", "plot")
     importFrom("stats", "as.formula", "gaussian", "model.frame",
     "model.response", "pnorm", "predict", "residuals", "sd")
    to your NAMESPACE.
Flavors: r-devel-linux-x86_64-debian-clang, r-devel-linux-x86_64-debian-gcc, r-devel-linux-x86_64-fedora-clang, r-devel-linux-x86_64-fedora-gcc, r-devel-windows-ix86+x86_64

Version: 0.1-3
Check: top-level files
Result: NOTE
    File
     LICENSE
    is not mentioned in the DESCRIPTION file.
Flavors: r-devel-osx-x86_64-clang, r-devel-windows-ix86+x86_64, r-patched-solaris-sparc, r-patched-solaris-x86, r-release-osx-x86_64-mavericks, r-release-windows-ix86+x86_64, r-oldrel-windows-ix86+x86_64

Version: 0.1-3
Check: R code for possible problems
Result: NOTE
    File ‘CausalGAM/R/zzz.R’:
     .onAttach calls:
     cat("##\n## CausalGAM Package\n")
     cat("## Copyright (C) 2009", " Adam Glynn and Kevin Quinn\n", sep = "")
     require(gam, quietly = TRUE)
    
    Package startup functions should not change the search path.
    Package startup functions should use ‘packageStartupMessage’ to
     generate messages.
    See section ‘Good practice’ in '?.onAttach'.
Flavors: r-devel-osx-x86_64-clang, r-patched-linux-x86_64, r-patched-solaris-sparc, r-patched-solaris-x86, r-release-linux-x86_64, r-release-osx-x86_64-mavericks, r-release-windows-ix86+x86_64, r-oldrel-windows-ix86+x86_64