CRAN Package Check Results for Package CausalGAM

Last updated on 2015-05-25 11:48:17.

Flavor Version Tinstall Tcheck Ttotal Status Flags
r-devel-linux-x86_64-debian-clang 0.1-3 0.78 10.21 10.99 NOTE
r-devel-linux-x86_64-debian-gcc 0.1-3 0.62 10.61 11.23 NOTE
r-devel-linux-x86_64-fedora-clang 0.1-3 20.68 NOTE
r-devel-linux-x86_64-fedora-gcc 0.1-3 19.93 NOTE
r-devel-osx-x86_64-clang 0.1-3 25.59 NOTE
r-devel-windows-ix86+x86_64 0.1-3 3.00 18.00 21.00 NOTE
r-patched-linux-x86_64 0.1-3 0.73 9.98 10.71 NOTE
r-patched-solaris-sparc 0.1-3 138.50 NOTE
r-patched-solaris-x86 0.1-3 30.60 NOTE
r-release-linux-x86_64 0.1-3 0.74 10.46 11.20 NOTE
r-release-osx-x86_64-mavericks 0.1-3 NOTE
r-release-osx-x86_64-snowleopard 0.1-3 NOTE
r-release-windows-ix86+x86_64 0.1-3 3.00 20.00 23.00 NOTE
r-oldrel-windows-ix86+x86_64 0.1-3 4.00 38.00 42.00 NOTE

Check Details

Version: 0.1-3
Check: top-level files
Result: NOTE
    File
     LICENSE
    is not mentioned in the DESCRIPTION file.
    Non-standard file/directory found at top level:
     ‘HISTORY’
Flavors: r-devel-linux-x86_64-debian-clang, r-devel-linux-x86_64-debian-gcc, r-devel-linux-x86_64-fedora-clang, r-devel-linux-x86_64-fedora-gcc, r-patched-linux-x86_64, r-release-linux-x86_64

Version: 0.1-3
Check: dependencies in R code
Result: NOTE
    'library' or 'require' call to ‘gam’ which was already attached by Depends.
     Please remove these calls from your code.
Flavors: r-devel-linux-x86_64-debian-clang, r-devel-linux-x86_64-debian-gcc, r-devel-linux-x86_64-fedora-clang, r-devel-linux-x86_64-fedora-gcc, r-devel-osx-x86_64-clang, r-devel-windows-ix86+x86_64, r-patched-linux-x86_64, r-patched-solaris-sparc, r-patched-solaris-x86, r-release-linux-x86_64, r-release-osx-x86_64-mavericks, r-release-osx-x86_64-snowleopard, r-release-windows-ix86+x86_64, r-oldrel-windows-ix86+x86_64

Version: 0.1-3
Check: R code for possible problems
Result: NOTE
    File ‘CausalGAM/R/zzz.R’:
     .onAttach calls:
     cat("##\n## CausalGAM Package\n")
     cat("## Copyright (C) 2009", " Adam Glynn and Kevin Quinn\n", sep = "")
     require(gam, quietly = TRUE)
    
    Package startup functions should not change the search path.
    Package startup functions should use ‘packageStartupMessage’ to
     generate messages.
    See section ‘Good practice’ in '?.onAttach'.
Flavors: r-devel-linux-x86_64-debian-clang, r-devel-linux-x86_64-debian-gcc, r-devel-linux-x86_64-fedora-clang, r-devel-linux-x86_64-fedora-gcc, r-devel-osx-x86_64-clang, r-devel-windows-ix86+x86_64, r-patched-linux-x86_64, r-patched-solaris-sparc, r-patched-solaris-x86, r-release-linux-x86_64, r-release-osx-x86_64-mavericks, r-release-osx-x86_64-snowleopard, r-release-windows-ix86+x86_64, r-oldrel-windows-ix86+x86_64

Version: 0.1-3
Check: top-level files
Result: NOTE
    File
     LICENSE
    is not mentioned in the DESCRIPTION file.
Flavors: r-devel-osx-x86_64-clang, r-devel-windows-ix86+x86_64, r-patched-solaris-sparc, r-patched-solaris-x86, r-release-osx-x86_64-mavericks, r-release-osx-x86_64-snowleopard, r-release-windows-ix86+x86_64, r-oldrel-windows-ix86+x86_64