CRAN Package Check Results for Package CausalGAM

Last updated on 2016-07-31 06:47:19.

Flavor Version Tinstall Tcheck Ttotal Status Flags
r-devel-linux-x86_64-debian-clang 0.1-3 0.56 10.34 10.90 NOTE
r-devel-linux-x86_64-debian-gcc 0.1-3 0.56 10.25 10.81 NOTE
r-devel-linux-x86_64-fedora-clang 0.1-3 21.10 NOTE
r-devel-linux-x86_64-fedora-gcc 0.1-3 16.86 NOTE
r-devel-osx-x86_64-clang 0.1-3 16.68 NOTE
r-devel-windows-ix86+x86_64 0.1-3 3.00 26.00 29.00 NOTE
r-patched-linux-x86_64 0.1-3 0.67 11.23 11.90 NOTE
r-patched-solaris-sparc 0.1-3 118.70 NOTE
r-patched-solaris-x86 0.1-3 26.40 NOTE
r-release-linux-x86_64 0.1-3 0.86 13.29 14.15 NOTE
r-release-osx-x86_64-mavericks 0.1-3 NOTE
r-release-windows-ix86+x86_64 0.1-3 4.00 33.00 37.00 NOTE
r-oldrel-windows-ix86+x86_64 0.1-3 3.00 35.00 38.00 NOTE

Check Details

Version: 0.1-3
Check: top-level files
Result: NOTE
    File
     LICENSE
    is not mentioned in the DESCRIPTION file.
    Non-standard file/directory found at top level:
     ‘HISTORY’
Flavors: r-devel-linux-x86_64-debian-clang, r-devel-linux-x86_64-debian-gcc, r-devel-linux-x86_64-fedora-clang, r-devel-linux-x86_64-fedora-gcc, r-patched-linux-x86_64, r-release-linux-x86_64

Version: 0.1-3
Check: dependencies in R code
Result: NOTE
    'library' or 'require' call to ‘gam’ which was already attached by Depends.
     Please remove these calls from your code.
Flavors: r-devel-linux-x86_64-debian-clang, r-devel-linux-x86_64-debian-gcc, r-devel-linux-x86_64-fedora-clang, r-devel-linux-x86_64-fedora-gcc, r-devel-osx-x86_64-clang, r-devel-windows-ix86+x86_64, r-patched-linux-x86_64, r-patched-solaris-sparc, r-patched-solaris-x86, r-release-linux-x86_64, r-release-osx-x86_64-mavericks, r-release-windows-ix86+x86_64, r-oldrel-windows-ix86+x86_64

Version: 0.1-3
Check: R code for possible problems
Result: NOTE
    File ‘CausalGAM/R/zzz.R’:
     .onAttach calls:
     cat("##\n## CausalGAM Package\n")
     cat("## Copyright (C) 2009", " Adam Glynn and Kevin Quinn\n", sep = "")
     require(gam, quietly = TRUE)
    
    Package startup functions should not change the search path.
    Package startup functions should use ‘packageStartupMessage’ to
     generate messages.
    See section ‘Good practice’ in '?.onAttach'.
    
    balance.IPW: no visible global function definition for ‘predict’
    balance.IPW: no visible binding for global variable ‘sd’
    estimate.ATE: no visible global function definition for ‘predict’
    estimate.ATE: no visible global function definition for
     ‘model.response’
    estimate.ATE: no visible global function definition for ‘model.frame’
    estimate.ATE: no visible global function definition for ‘residuals’
    estimate.ATE: no visible global function definition for ‘as.formula’
    estimate.ATE: no visible global function definition for ‘gaussian’
    estimate.ATE: no visible global function definition for ‘par’
    estimate.ATE: no visible global function definition for ‘plot’
    estimate.ATE: no visible global function definition for ‘lines’
    estimate.ATE: no visible global function definition for ‘sd’
    print.CausalGAM: no visible global function definition for ‘pnorm’
    Undefined global functions or variables:
     as.formula gaussian lines model.frame model.response par plot pnorm
     predict residuals sd
    Consider adding
     importFrom("graphics", "lines", "par", "plot")
     importFrom("stats", "as.formula", "gaussian", "model.frame",
     "model.response", "pnorm", "predict", "residuals", "sd")
    to your NAMESPACE file.
Flavors: r-devel-linux-x86_64-debian-clang, r-devel-linux-x86_64-debian-gcc, r-devel-linux-x86_64-fedora-clang, r-devel-linux-x86_64-fedora-gcc, r-devel-osx-x86_64-clang, r-devel-windows-ix86+x86_64, r-patched-linux-x86_64, r-patched-solaris-sparc, r-patched-solaris-x86, r-release-linux-x86_64, r-release-osx-x86_64-mavericks, r-release-windows-ix86+x86_64

Version: 0.1-3
Check: top-level files
Result: NOTE
    File
     LICENSE
    is not mentioned in the DESCRIPTION file.
Flavors: r-devel-osx-x86_64-clang, r-devel-windows-ix86+x86_64, r-patched-solaris-sparc, r-patched-solaris-x86, r-release-osx-x86_64-mavericks, r-release-windows-ix86+x86_64, r-oldrel-windows-ix86+x86_64

Version: 0.1-3
Check: R code for possible problems
Result: NOTE
    File 'CausalGAM/R/zzz.R':
     .onAttach calls:
     cat("##\n## CausalGAM Package\n")
     cat("## Copyright (C) 2009", " Adam Glynn and Kevin Quinn\n", sep = "")
     require(gam, quietly = TRUE)
    
    Package startup functions should not change the search path.
    Package startup functions should use 'packageStartupMessage' to
     generate messages.
    See section 'Good practice' in '?.onAttach'.
Flavor: r-oldrel-windows-ix86+x86_64