CRAN Package Check Results for Package CausalKinetiX

Last updated on 2021-12-06 21:51:09 CET.

Flavor Version Tinstall Tcheck Ttotal Status Flags
r-devel-linux-x86_64-debian-clang 0.2.1 12.05 101.82 113.87 NOTE
r-devel-linux-x86_64-debian-gcc 0.2.1 11.20 84.82 96.02 NOTE
r-devel-linux-x86_64-fedora-clang 0.2.1 161.25 NOTE
r-devel-linux-x86_64-fedora-gcc 0.2.1 136.73 NOTE
r-devel-windows-x86_64-new-UL 0.2.1 22.00 138.00 160.00 NOTE
r-devel-windows-x86_64-new-TK 0.2.1 NOTE
r-devel-windows-x86_64-old 0.2.1 18.00 90.00 108.00 NOTE
r-patched-linux-x86_64 0.2.1 11.97 98.59 110.56 NOTE
r-release-linux-x86_64 0.2.1 11.50 106.51 118.01 NOTE
r-release-macos-arm64 0.2.1 NOTE
r-release-macos-x86_64 0.2.1 NOTE
r-release-windows-ix86+x86_64 0.2.1 27.00 131.00 158.00 NOTE
r-oldrel-macos-x86_64 0.2.1 OK
r-oldrel-windows-ix86+x86_64 0.2.1 25.00 128.00 153.00 OK

Check Details

Version: 0.2.1
Check: LazyData
Result: NOTE
     'LazyData' is specified without a 'data' directory
Flavors: r-devel-linux-x86_64-debian-clang, r-devel-linux-x86_64-debian-gcc, r-devel-linux-x86_64-fedora-clang, r-devel-linux-x86_64-fedora-gcc, r-devel-windows-x86_64-new-UL, r-devel-windows-x86_64-new-TK, r-devel-windows-x86_64-old, r-patched-linux-x86_64, r-release-linux-x86_64, r-release-macos-arm64, r-release-macos-x86_64, r-release-windows-ix86+x86_64