CRAN Package Check Results for Package Causata

Last updated on 2015-05-22 12:46:21.

Flavor Version Tinstall Tcheck Ttotal Status Flags
r-devel-linux-x86_64-debian-clang 4.2-0 5.65 146.63 152.28 NOTE
r-devel-linux-x86_64-debian-gcc 4.2-0 4.95 142.97 147.92 NOTE
r-devel-linux-x86_64-fedora-clang 4.2-0 309.40 NOTE
r-devel-linux-x86_64-fedora-gcc 4.2-0 301.27 NOTE
r-devel-osx-x86_64-clang 4.2-0 248.55 NOTE
r-patched-linux-x86_64 4.2-0 5.00 142.92 147.91 NOTE
r-release-linux-x86_64 4.2-0 5.16 145.83 150.99 NOTE
r-release-osx-x86_64-mavericks 4.2-0 WARN
r-release-osx-x86_64-snowleopard 4.2-0 ERROR
r-oldrel-windows-ix86+x86_64 4.1-0 1.00 2.00 3.00 ERROR

Check Details

Version: 4.2-0
Check: DESCRIPTION meta-information
Result: NOTE
    Malformed Title field: should not end in a period.
Flavors: r-devel-linux-x86_64-debian-clang, r-devel-linux-x86_64-debian-gcc, r-devel-linux-x86_64-fedora-clang, r-devel-linux-x86_64-fedora-gcc, r-devel-osx-x86_64-clang, r-patched-linux-x86_64, r-release-linux-x86_64, r-release-osx-x86_64-mavericks

Version: 4.2-0
Check: top-level files
Result: NOTE
    Non-standard file/directory found at top level:
     ‘integration_tests’
Flavors: r-devel-linux-x86_64-debian-clang, r-devel-linux-x86_64-debian-gcc, r-devel-linux-x86_64-fedora-clang, r-devel-linux-x86_64-fedora-gcc, r-patched-linux-x86_64, r-release-linux-x86_64

Version: 4.2-0
Check: R code for possible problems
Result: NOTE
    GetMetadata.Connect: no visible global function definition for
     ‘dbGetQuery’
    GetRawData.Connect: no visible global function definition for
     ‘dbGetQuery’
Flavors: r-devel-linux-x86_64-debian-clang, r-devel-linux-x86_64-debian-gcc, r-devel-linux-x86_64-fedora-clang, r-devel-linux-x86_64-fedora-gcc, r-devel-osx-x86_64-clang, r-patched-linux-x86_64, r-release-linux-x86_64, r-release-osx-x86_64-mavericks

Version: 4.2-0
Check: line endings in Makefiles
Result: NOTE
    Found the following Makefile(s) without a final LF:
     inst/doc/Makefile
    Some ‘make’ programs ignore lines not ending in LF.
Flavors: r-devel-linux-x86_64-debian-clang, r-devel-linux-x86_64-debian-gcc, r-devel-linux-x86_64-fedora-clang, r-devel-linux-x86_64-fedora-gcc, r-devel-osx-x86_64-clang, r-patched-linux-x86_64, r-release-linux-x86_64, r-release-osx-x86_64-mavericks

Version: 4.2-0
Check: files in ‘vignettes’
Result: NOTE
    The following files look like leftovers/mistakes:
     ‘Causata-vignette.log’
    Please remove them from your package.
    The following directory looks like a leftover from 'knitr':
     ‘figure’
    Please remove from your package.
Flavors: r-devel-linux-x86_64-debian-clang, r-devel-linux-x86_64-debian-gcc, r-devel-linux-x86_64-fedora-clang, r-devel-linux-x86_64-fedora-gcc, r-devel-osx-x86_64-clang, r-patched-linux-x86_64

Version: 4.2-0
Check: files in ‘vignettes’
Result: NOTE
    The following files look like leftovers/mistakes:
     ‘Causata-vignette.log’
    Please remove them from your package.
Flavors: r-release-linux-x86_64, r-release-osx-x86_64-mavericks

Version: 4.2-0
Check: package dependencies
Result: NOTE
    Package suggested but not available for checking: ‘pROC’
Flavor: r-release-osx-x86_64-mavericks

Version: 4.2-0
Check: running R code from vignettes
Result: WARN
    Errors in running code in vignettes:
    when running code in ‘Causata-vignette.rnw’
     ...
    Loading required package: Matrix
    Loading required package: foreach
    Loaded glmnet 2.0-2
    
    
    > library(pROC)
    
     When sourcing ‘Causata-vignette.R’:
    Error: there is no package called ‘pROC’
    Execution halted
Flavor: r-release-osx-x86_64-mavericks

Version: 4.2-0
Check: re-building of vignette outputs
Result: NOTE
    Error in re-building vignettes:
     ...
    Loading required package: Matrix
    Loading required package: foreach
    Loaded glmnet 2.0-2
    
    Quitting from lines 113-122 (Causata-vignette.rnw)
    Error: processing vignette 'Causata-vignette.rnw' failed with diagnostics:
    there is no package called 'pROC'
    Execution halted
Flavor: r-release-osx-x86_64-mavericks

Version: 4.2-0
Check: package dependencies
Result: ERROR
    Packages required but not available: ‘XML’ ‘ggplot2’
    
    Package suggested but not available for checking: ‘knitr’
    
    VignetteBuilder package required for checking but not installed: ‘knitr’
    
    Files named as vignettes but with no recognized vignette engine:
     ‘inst/doc/Causata-vignette.rnw’
    (Is a VignetteBuilder field missing?)
    
    See section ‘The DESCRIPTION file’ in the ‘Writing R Extensions’
    manual.
Flavor: r-release-osx-x86_64-snowleopard

Version: 4.1-0
Check: package dependencies
Result: ERROR
    Package required but not available: 'RMySQL'
    
    Package suggested but not available for checking: 'doMC'
    
    See the information on DESCRIPTION files in the chapter 'Creating R
    packages' of the 'Writing R Extensions' manual.
Flavor: r-oldrel-windows-ix86+x86_64