CRAN Package Check Results for Package Causata

Last updated on 2017-08-16 20:47:52.

Flavor Version Tinstall Tcheck Ttotal Status Flags
r-devel-linux-x86_64-debian-clang 4.2-0 5.68 147.36 153.04 NOTE
r-devel-linux-x86_64-debian-gcc 4.2-0 5.18 145.38 150.56 NOTE
r-devel-linux-x86_64-fedora-clang 4.2-0 354.93 NOTE
r-devel-linux-x86_64-fedora-gcc 4.2-0 372.61 NOTE
r-devel-windows-ix86+x86_64 4.2-0 13.00 237.00 250.00 WARN
r-patched-linux-x86_64 4.2-0 5.19 144.53 149.71 NOTE
r-release-linux-x86_64 4.2-0 5.01 147.32 152.33 NOTE
r-release-windows-ix86+x86_64 4.2-0 15.00 258.00 273.00 WARN
r-release-osx-x86_64 4.2-0 NOTE
r-oldrel-windows-ix86+x86_64 4.2-0 12.00 219.00 231.00 NOTE
r-oldrel-osx-x86_64 4.2-0 NOTE

Check Details

Version: 4.2-0
Check: DESCRIPTION meta-information
Result: NOTE
    Malformed Title field: should not end in a period.
Flavors: r-devel-linux-x86_64-debian-clang, r-devel-linux-x86_64-debian-gcc, r-devel-linux-x86_64-fedora-clang, r-devel-linux-x86_64-fedora-gcc, r-devel-windows-ix86+x86_64, r-patched-linux-x86_64, r-release-linux-x86_64, r-release-windows-ix86+x86_64, r-release-osx-x86_64, r-oldrel-windows-ix86+x86_64, r-oldrel-osx-x86_64

Version: 4.2-0
Check: top-level files
Result: NOTE
    Non-standard file/directory found at top level:
     ‘integration_tests’
Flavors: r-devel-linux-x86_64-debian-clang, r-devel-linux-x86_64-debian-gcc, r-devel-linux-x86_64-fedora-clang, r-devel-linux-x86_64-fedora-gcc, r-patched-linux-x86_64, r-release-linux-x86_64

Version: 4.2-0
Check: R code for possible problems
Result: NOTE
    BinaryCut: no visible global function definition for ‘quantile’
    CleanNaFromContinuousFunction: no visible global function definition
     for ‘median’
    CleanNaFromContinuousFunction: no visible global function definition
     for ‘na.omit’
    GetMetadata.Connect: no visible global function definition for
     ‘dbGetQuery’
    GetRawData.Connect: no visible global function definition for
     ‘dbGetQuery’
    Linearity: no visible global function definition for ‘median’
    PredictivePowerCv: no visible global function definition for ‘sd’
    ReadCausataCsv: no visible global function definition for ‘read.csv’
    ToPmml.GlmnetModelDefinition: no visible global function definition for
     ‘coef’
    ToPmml.GlmnetModelDefinition: no visible global function definition for
     ‘terms.formula’
    ValidateModel: no visible global function definition for ‘predict’
    predict.GlmnetModelDefinition: no visible global function definition
     for ‘model.matrix’
    predict.GlmnetModelDefinition: no visible binding for global variable
     ‘contrasts’
    predict.GlmnetModelDefinition: no visible global function definition
     for ‘predict’
    Undefined global functions or variables:
     coef contrasts dbGetQuery median model.matrix na.omit predict
     quantile read.csv sd terms.formula
    Consider adding
     importFrom("stats", "coef", "contrasts", "median", "model.matrix",
     "na.omit", "predict", "quantile", "sd", "terms.formula")
     importFrom("utils", "read.csv")
    to your NAMESPACE file.
Flavors: r-devel-linux-x86_64-debian-clang, r-devel-linux-x86_64-debian-gcc, r-devel-linux-x86_64-fedora-clang, r-devel-linux-x86_64-fedora-gcc, r-devel-windows-ix86+x86_64, r-patched-linux-x86_64, r-release-linux-x86_64, r-release-windows-ix86+x86_64, r-release-osx-x86_64, r-oldrel-windows-ix86+x86_64, r-oldrel-osx-x86_64

Version: 4.2-0
Check: package dependencies
Result: NOTE
    Package suggested but not available for checking: 'doMC'
Flavors: r-devel-windows-ix86+x86_64, r-release-windows-ix86+x86_64, r-oldrel-windows-ix86+x86_64

Version: 4.2-0
Check: line endings in Makefiles
Result: NOTE
    Found the following Makefile(s) without a final LF:
     inst/doc/Makefile
    Some 'make' programs ignore lines not ending in LF.
Flavors: r-devel-windows-ix86+x86_64, r-release-windows-ix86+x86_64, r-oldrel-windows-ix86+x86_64, r-oldrel-osx-x86_64

Version: 4.2-0
Check: files in ‘vignettes’
Result: WARN
    Files in the 'vignettes' directory newer than same file in 'inst/doc':
     'figure/glmnet-diagnostic.pdf', 'figure/roc-plot.pdf'
    The following files look like leftovers/mistakes:
     'Causata-vignette.log'
    Please remove them from your package.
    The following directory looks like a leftover from 'knitr':
     'figure'
    Please remove from your package.
Flavors: r-devel-windows-ix86+x86_64, r-release-windows-ix86+x86_64

Version: 4.2-0
Check: files in ‘vignettes’
Result: NOTE
    The following files look like leftovers/mistakes:
     'Causata-vignette.log'
    Please remove them from your package.
    The following directory looks like a leftover from 'knitr':
     'figure'
    Please remove from your package.
Flavors: r-oldrel-windows-ix86+x86_64, r-oldrel-osx-x86_64