CRAN Package Check Results for Package Causata

Last updated on 2016-05-29 13:47:08.

Flavor Version Tinstall Tcheck Ttotal Status Flags
r-devel-linux-x86_64-debian-gcc 4.2-0 4.71 137.44 142.15 NOTE
r-devel-linux-x86_64-fedora-clang 4.2-0 282.41 NOTE
r-devel-linux-x86_64-fedora-gcc 4.2-0 319.84 NOTE
r-devel-osx-x86_64-clang 4.2-0 295.58 NOTE
r-devel-windows-ix86+x86_64 4.2-0 14.00 218.00 232.00 NOTE
r-patched-linux-x86_64 4.2-0 4.70 137.31 142.01 NOTE
r-release-linux-x86_64 4.2-0 4.70 137.34 142.05 NOTE
r-release-osx-x86_64-mavericks 4.2-0 NOTE
r-release-windows-ix86+x86_64 4.2-0 20.00 246.00 266.00 NOTE

Check Details

Version: 4.2-0
Check: DESCRIPTION meta-information
Result: NOTE
    Malformed Title field: should not end in a period.
Flavors: r-devel-linux-x86_64-debian-gcc, r-devel-linux-x86_64-fedora-clang, r-devel-linux-x86_64-fedora-gcc, r-devel-osx-x86_64-clang, r-devel-windows-ix86+x86_64, r-patched-linux-x86_64, r-release-linux-x86_64, r-release-osx-x86_64-mavericks, r-release-windows-ix86+x86_64

Version: 4.2-0
Check: top-level files
Result: NOTE
    Non-standard file/directory found at top level:
     ‘integration_tests’
Flavors: r-devel-linux-x86_64-debian-gcc, r-devel-linux-x86_64-fedora-clang, r-devel-linux-x86_64-fedora-gcc, r-patched-linux-x86_64, r-release-linux-x86_64

Version: 4.2-0
Check: R code for possible problems
Result: NOTE
    BinaryCut: no visible global function definition for ‘quantile’
    CleanNaFromContinuousFunction: no visible global function definition
     for ‘median’
    CleanNaFromContinuousFunction: no visible global function definition
     for ‘na.omit’
    GetMetadata.Connect: no visible global function definition for
     ‘dbGetQuery’
    GetRawData.Connect: no visible global function definition for
     ‘dbGetQuery’
    Linearity: no visible global function definition for ‘median’
    PredictivePowerCv: no visible global function definition for ‘sd’
    ReadCausataCsv: no visible global function definition for ‘read.csv’
    ToPmml.GlmnetModelDefinition: no visible global function definition for
     ‘coef’
    ToPmml.GlmnetModelDefinition: no visible global function definition for
     ‘terms.formula’
    ValidateModel: no visible global function definition for ‘predict’
    predict.GlmnetModelDefinition: no visible global function definition
     for ‘model.matrix’
    predict.GlmnetModelDefinition: no visible binding for global variable
     ‘contrasts’
    predict.GlmnetModelDefinition: no visible global function definition
     for ‘predict’
    Undefined global functions or variables:
     coef contrasts dbGetQuery median model.matrix na.omit predict
     quantile read.csv sd terms.formula
    Consider adding
     importFrom("stats", "coef", "contrasts", "median", "model.matrix",
     "na.omit", "predict", "quantile", "sd", "terms.formula")
     importFrom("utils", "read.csv")
    to your NAMESPACE file.
Flavors: r-devel-linux-x86_64-debian-gcc, r-devel-linux-x86_64-fedora-clang, r-devel-linux-x86_64-fedora-gcc, r-devel-osx-x86_64-clang, r-devel-windows-ix86+x86_64, r-patched-linux-x86_64, r-release-linux-x86_64, r-release-osx-x86_64-mavericks, r-release-windows-ix86+x86_64

Version: 4.2-0
Check: line endings in Makefiles
Result: NOTE
    Found the following Makefile(s) without a final LF:
     inst/doc/Makefile
    Some ‘make’ programs ignore lines not ending in LF.
Flavors: r-devel-linux-x86_64-debian-gcc, r-devel-linux-x86_64-fedora-clang, r-devel-linux-x86_64-fedora-gcc, r-devel-osx-x86_64-clang, r-devel-windows-ix86+x86_64, r-patched-linux-x86_64, r-release-linux-x86_64, r-release-osx-x86_64-mavericks, r-release-windows-ix86+x86_64

Version: 4.2-0
Check: files in ‘vignettes’
Result: NOTE
    The following files look like leftovers/mistakes:
     ‘Causata-vignette.log’
    Please remove them from your package.
    The following directory looks like a leftover from 'knitr':
     ‘figure’
    Please remove from your package.
Flavors: r-devel-linux-x86_64-debian-gcc, r-devel-linux-x86_64-fedora-clang, r-devel-linux-x86_64-fedora-gcc, r-devel-osx-x86_64-clang, r-devel-windows-ix86+x86_64, r-patched-linux-x86_64, r-release-linux-x86_64, r-release-osx-x86_64-mavericks, r-release-windows-ix86+x86_64

Version: 4.2-0
Check: package dependencies
Result: NOTE
    Package suggested but not available for checking: 'doMC'
Flavors: r-devel-windows-ix86+x86_64, r-release-windows-ix86+x86_64