CRAN Package Check Results for Package Causata

Last updated on 2014-09-16 05:48:17.

Flavor Version Tinstall Tcheck Ttotal Status Flags
r-devel-linux-x86_64-debian-clang 4.2-0 7.16 217.11 224.27 NOTE
r-devel-linux-x86_64-debian-gcc 4.2-0 6.96 216.90 223.87 NOTE
r-devel-linux-x86_64-fedora-clang 4.2-0 516.33 NOTE
r-devel-linux-x86_64-fedora-gcc 4.2-0 631.88 NOTE
r-patched-linux-x86_64 4.2-0 7.92 222.16 230.08 NOTE
r-release-linux-ix86 4.2-0 23.66 276.37 300.04 NOTE
r-release-linux-x86_64 4.2-0 7.80 227.40 235.20 NOTE
r-release-osx-x86_64-mavericks 4.2-0 ERROR
r-release-osx-x86_64-snowleopard 4.2-0 NOTE
r-release-windows-ix86+x86_64 4.1-0 1.00 2.00 3.00 ERROR
r-oldrel-windows-ix86+x86_64 4.1-0 1.00 1.00 2.00 ERROR

Check Details

Version: 4.2-0
Check: top-level files
Result: NOTE
    Non-standard file/directory found at top level:
     ‘integration_tests’
Flavors: r-devel-linux-x86_64-debian-clang, r-devel-linux-x86_64-debian-gcc, r-devel-linux-x86_64-fedora-clang, r-devel-linux-x86_64-fedora-gcc, r-release-linux-x86_64

Version: 4.2-0
Check: files in ‘vignettes’
Result: NOTE
    The following files look like leftovers/mistakes:
     ‘Causata-vignette.log’
    Please remove them from your package.
Flavors: r-devel-linux-x86_64-debian-clang, r-devel-linux-x86_64-debian-gcc, r-devel-linux-x86_64-fedora-clang, r-devel-linux-x86_64-fedora-gcc, r-patched-linux-x86_64, r-release-linux-ix86, r-release-linux-x86_64, r-release-osx-x86_64-snowleopard

Version: 4.2-0
Check: package dependencies
Result: ERROR
    Package required but not available: ‘RMySQL’
    
    See the information on DESCRIPTION files in the chapter ‘Creating R
    packages’ of the ‘Writing R Extensions’ manual.
Flavor: r-release-osx-x86_64-mavericks

Version: 4.1-0
Check: package dependencies
Result: ERROR
    Package required but not available: 'RMySQL'
    
    Package suggested but not available for checking: 'doMC'
    
    See the information on DESCRIPTION files in the chapter 'Creating R
    packages' of the 'Writing R Extensions' manual.
Flavors: r-release-windows-ix86+x86_64, r-oldrel-windows-ix86+x86_64