CRAN Package Check Results for Package Causata

Last updated on 2014-04-17 02:47:43.

Flavor Version Tinstall Tcheck Ttotal Status Flags
r-devel-linux-x86_64-debian-clang 4.2-0 7.58 226.20 233.79 NOTE
r-devel-linux-x86_64-debian-gcc 4.2-0 7.96 225.86 233.82 NOTE
r-devel-linux-x86_64-fedora-clang 4.2-0 522.67 NOTE
r-devel-linux-x86_64-fedora-gcc 4.2-0 497.51 NOTE
r-devel-macosx-x86_64-gcc 4.2-0 ERROR
r-patched-linux-x86_64 4.2-0 7.64 226.02 233.65 NOTE
r-release-linux-ix86 4.2-0 17.00 464.00 481.00 NOTE
r-release-linux-x86_64 4.2-0 7.98 230.79 238.77 NOTE
r-release-macosx-x86_64 4.2-0 NOTE
r-release-windows-ix86+x86_64 4.1-0 1.00 2.00 3.00 ERROR
r-oldrel-windows-ix86+x86_64 4.1-0 1.00 1.00 2.00 ERROR

Check Details

Version: 4.2-0
Check: files in ‘vignettes’
Result: NOTE
    The following files look like leftovers/mistakes:
     ‘Causata-vignette.log’
    Please remove them from your package.
Flavors: r-devel-linux-x86_64-debian-clang, r-devel-linux-x86_64-debian-gcc, r-devel-linux-x86_64-fedora-clang, r-devel-linux-x86_64-fedora-gcc, r-patched-linux-x86_64, r-release-linux-ix86, r-release-linux-x86_64, r-release-macosx-x86_64

Version: 4.2-0
Check: top-level files
Result: NOTE
    Non-standard file/directory found at top level:
     ‘integration_tests’
Flavors: r-devel-linux-x86_64-fedora-clang, r-devel-linux-x86_64-fedora-gcc

Version: 4.2-0
Check: package dependencies
Result: ERROR
    Packages required but not available: ‘XML’ ‘ggplot2’
    
    Package suggested but not available for checking: ‘knitr’
    
    Files named as vignettes but with no recognized vignette engine:
     ‘inst/doc/Causata-vignette.rnw’
    (Is a VignetteBuilder field missing?)
    
    See the information on DESCRIPTION files in the chapter ‘Creating R
    packages’ of the ‘Writing R Extensions’ manual.
Flavor: r-devel-macosx-x86_64-gcc

Version: 4.1-0
Check: package dependencies
Result: ERROR
    Package required but not available: 'RMySQL'
    
    Package suggested but not available for checking: 'doMC'
    
    See the information on DESCRIPTION files in the chapter 'Creating R
    packages' of the 'Writing R Extensions' manual.
Flavors: r-release-windows-ix86+x86_64, r-oldrel-windows-ix86+x86_64