CRAN Package Check Results for Package CellularAutomaton

Last updated on 2016-08-31 21:46:56.

Flavor Version Tinstall Tcheck Ttotal Status Flags
r-devel-linux-x86_64-debian-clang 1.1-1 0.74 19.56 20.30 NOTE
r-devel-linux-x86_64-debian-gcc 1.1-1 0.67 20.66 21.32 NOTE
r-devel-linux-x86_64-fedora-clang 1.1-1 38.24 NOTE
r-devel-linux-x86_64-fedora-gcc 1.1-1 35.68 NOTE
r-devel-osx-x86_64-clang 1.1-1 31.30 NOTE
r-devel-windows-ix86+x86_64 1.1-1 4.00 40.00 44.00 NOTE
r-patched-linux-x86_64 1.1-1 0.76 19.36 20.11 NOTE
r-patched-solaris-sparc 1.1-1 250.80 NOTE
r-patched-solaris-x86 1.1-1 44.80 NOTE
r-release-linux-x86_64 1.1-1 0.66 19.40 20.06 NOTE
r-release-osx-x86_64-mavericks 1.1-1 NOTE
r-release-windows-ix86+x86_64 1.1-1 3.00 43.00 46.00 NOTE
r-oldrel-windows-ix86+x86_64 1.1-1 3.00 39.00 42.00 OK

Check Details

Version: 1.1-1
Check: S3 generic/method consistency
Result: NOTE
    Found the following apparent S3 methods exported but not registered:
     .buildNeighborhood.CellularAutomaton .generateRule.CellularAutomaton
     .initializeGrid.CellularAutomaton .run.CellularAutomaton
     .validateOptions.CellularAutomaton getLattice.CellularAutomaton
     getNumberOfColors.CellularAutomaton getRadius.CellularAutomaton
     getRuleNumber.CellularAutomaton getSteps.CellularAutomaton
     getTotalistic.CellularAutomaton plot.CellularAutomaton
    See section ‘Registering S3 methods’ in the ‘Writing R Extensions’
    manual.
Flavors: r-devel-linux-x86_64-debian-clang, r-devel-linux-x86_64-debian-gcc, r-devel-linux-x86_64-fedora-clang, r-devel-linux-x86_64-fedora-gcc, r-devel-osx-x86_64-clang, r-patched-linux-x86_64, r-patched-solaris-sparc, r-patched-solaris-x86, r-release-linux-x86_64

Version: 1.1-1
Check: R code for possible problems
Result: NOTE
    plot.CellularAutomaton: no visible global function definition for
     ‘image’
    Undefined global functions or variables:
     image
    Consider adding
     importFrom("graphics", "image")
    to your NAMESPACE file.
Flavors: r-devel-linux-x86_64-debian-clang, r-devel-linux-x86_64-debian-gcc, r-devel-linux-x86_64-fedora-clang, r-devel-linux-x86_64-fedora-gcc, r-devel-osx-x86_64-clang, r-devel-windows-ix86+x86_64, r-patched-linux-x86_64, r-patched-solaris-sparc, r-patched-solaris-x86, r-release-linux-x86_64, r-release-osx-x86_64-mavericks, r-release-windows-ix86+x86_64