CRAN Package Check Results for Package CellularAutomaton

Last updated on 2015-05-27 11:49:17.

Flavor Version Tinstall Tcheck Ttotal Status Flags
r-devel-linux-x86_64-debian-clang 1.1-1 0.75 18.74 19.49 NOTE
r-devel-linux-x86_64-debian-gcc 1.1-1 0.68 18.66 19.34 NOTE
r-devel-linux-x86_64-fedora-clang 1.1-1 39.11 NOTE
r-devel-linux-x86_64-fedora-gcc 1.1-1 36.85 NOTE
r-devel-osx-x86_64-clang 1.1-1 41.27 NOTE
r-devel-windows-ix86+x86_64 1.1-1 3.00 32.00 35.00 OK
r-patched-linux-x86_64 1.1-1 0.76 18.46 19.22 NOTE
r-patched-solaris-sparc 1.1-1 267.40 NOTE
r-patched-solaris-x86 1.1-1 49.50 NOTE
r-release-linux-x86_64 1.1-1 0.70 18.89 19.59 NOTE
r-release-osx-x86_64-mavericks 1.1-1 OK
r-release-osx-x86_64-snowleopard 1.1-1 OK
r-release-windows-ix86+x86_64 1.1-1 3.00 29.00 32.00 OK
r-oldrel-windows-ix86+x86_64 1.1-1 5.00 52.00 57.00 OK

Check Details

Version: 1.1-1
Check: S3 generic/method consistency
Result: NOTE
    Found the following apparent S3 methods exported but not registered:
     .buildNeighborhood.CellularAutomaton .generateRule.CellularAutomaton
     .initializeGrid.CellularAutomaton .run.CellularAutomaton
     .validateOptions.CellularAutomaton getLattice.CellularAutomaton
     getNumberOfColors.CellularAutomaton getRadius.CellularAutomaton
     getRuleNumber.CellularAutomaton getSteps.CellularAutomaton
     getTotalistic.CellularAutomaton plot.CellularAutomaton
    See section ‘Registering S3 methods’ in the ‘Writing R Extensions’
    manual.
Flavors: r-devel-linux-x86_64-debian-clang, r-devel-linux-x86_64-debian-gcc, r-devel-linux-x86_64-fedora-clang, r-devel-linux-x86_64-fedora-gcc, r-devel-osx-x86_64-clang, r-patched-linux-x86_64, r-patched-solaris-sparc, r-patched-solaris-x86, r-release-linux-x86_64