CRAN Package Check Results for Package CellularAutomaton

Last updated on 2015-09-04 23:56:03.

Flavor Version Tinstall Tcheck Ttotal Status Flags
r-devel-linux-x86_64-debian-clang 1.1-1 0.66 18.72 19.38 NOTE
r-devel-linux-x86_64-debian-gcc 1.1-1 0.68 18.40 19.08 NOTE
r-devel-linux-x86_64-fedora-clang 1.1-1 37.65 NOTE
r-devel-linux-x86_64-fedora-gcc 1.1-1 35.60 NOTE
r-devel-osx-x86_64-clang 1.1-1 33.66 NOTE
r-devel-windows-ix86+x86_64 1.1-1 3.00 38.00 41.00 NOTE
r-patched-linux-x86_64 1.1-1 0.70 19.61 20.31 NOTE
r-patched-solaris-sparc 1.1-1 257.90 NOTE
r-patched-solaris-x86 1.1-1 49.70 NOTE
r-release-linux-x86_64 1.1-1 0.71 18.41 19.12 NOTE
r-release-osx-x86_64-mavericks 1.1-1 OK
r-release-windows-ix86+x86_64 1.1-1 5.00 52.00 57.00 OK
r-oldrel-windows-ix86+x86_64 1.1-1 5.00 52.00 57.00 OK

Check Details

Version: 1.1-1
Check: S3 generic/method consistency
Result: NOTE
    Found the following apparent S3 methods exported but not registered:
     .buildNeighborhood.CellularAutomaton .generateRule.CellularAutomaton
     .initializeGrid.CellularAutomaton .run.CellularAutomaton
     .validateOptions.CellularAutomaton getLattice.CellularAutomaton
     getNumberOfColors.CellularAutomaton getRadius.CellularAutomaton
     getRuleNumber.CellularAutomaton getSteps.CellularAutomaton
     getTotalistic.CellularAutomaton plot.CellularAutomaton
    See section ‘Registering S3 methods’ in the ‘Writing R Extensions’
    manual.
Flavors: r-devel-linux-x86_64-debian-clang, r-devel-linux-x86_64-debian-gcc, r-devel-linux-x86_64-fedora-clang, r-devel-linux-x86_64-fedora-gcc, r-devel-osx-x86_64-clang, r-patched-linux-x86_64, r-patched-solaris-sparc, r-patched-solaris-x86, r-release-linux-x86_64

Version: 1.1-1
Check: R code for possible problems
Result: NOTE
    plot.CellularAutomaton: no visible global function definition for
     ‘image’
    Undefined global functions or variables:
     image
    Consider adding
     importFrom("graphics", "image")
    to your NAMESPACE.
Flavors: r-devel-linux-x86_64-debian-clang, r-devel-linux-x86_64-debian-gcc, r-devel-linux-x86_64-fedora-clang, r-devel-linux-x86_64-fedora-gcc, r-devel-windows-ix86+x86_64