CRAN Package Check Results for Package CellularAutomaton

Last updated on 2015-01-29 12:47:59.

Flavor Version Tinstall Tcheck Ttotal Status Flags
r-devel-linux-x86_64-debian-clang 1.1-1 0.91 19.06 19.96 NOTE
r-devel-linux-x86_64-debian-gcc 1.1-1 0.96 18.76 19.72 NOTE
r-devel-linux-x86_64-fedora-clang 1.1-1 45.67 NOTE
r-devel-linux-x86_64-fedora-gcc 1.1-1 41.67 NOTE
r-devel-osx-x86_64-clang 1.1-1 43.37 NOTE
r-devel-windows-ix86+x86_64 1.1-1 4.00 35.00 39.00 OK
r-patched-linux-x86_64 1.1-1 0.83 21.50 22.32 OK
r-patched-solaris-sparc 1.1-1 296.90 OK
r-patched-solaris-x86 1.1-1 55.70 OK
r-release-linux-ix86 1.1-1 1.10 27.90 29.01 OK
r-release-linux-x86_64 1.1-1 0.78 21.97 22.74 OK
r-release-osx-x86_64-mavericks 1.1-1 OK
r-release-windows-ix86+x86_64 1.1-1 3.00 36.00 39.00 OK
r-oldrel-windows-ix86+x86_64 1.1-1 3.00 38.00 41.00 OK

Check Details

Version: 1.1-1
Check: S3 generic/method consistency
Result: NOTE
    Found the following apparent S3 methods exported but not registered:
     .buildNeighborhood.CellularAutomaton .generateRule.CellularAutomaton
     .initializeGrid.CellularAutomaton .run.CellularAutomaton
     .validateOptions.CellularAutomaton getLattice.CellularAutomaton
     getNumberOfColors.CellularAutomaton getRadius.CellularAutomaton
     getRuleNumber.CellularAutomaton getSteps.CellularAutomaton
     getTotalistic.CellularAutomaton plot.CellularAutomaton
    See section ‘Registering S3 methods’ in the ‘Writing R Extensions’
    manual.
Flavors: r-devel-linux-x86_64-debian-clang, r-devel-linux-x86_64-debian-gcc, r-devel-linux-x86_64-fedora-clang, r-devel-linux-x86_64-fedora-gcc, r-devel-osx-x86_64-clang