CRAN Package Check Results for Package CellularAutomaton

Last updated on 2018-02-17 21:49:14 CET.

Flavor Version Tinstall Tcheck Ttotal Status Flags
r-devel-linux-x86_64-debian-clang 1.1-1 1.31 34.21 35.52 NOTE
r-devel-linux-x86_64-debian-gcc 1.1-1 1.02 26.29 27.31 NOTE
r-devel-linux-x86_64-fedora-clang 1.1-1 42.37 NOTE
r-devel-linux-x86_64-fedora-gcc 1.1-1 39.54 NOTE
r-devel-windows-ix86+x86_64 1.1-1 5.00 119.00 124.00 NOTE
r-patched-linux-x86_64 1.1-1 1.48 39.45 40.93 NOTE
r-patched-solaris-x86 1.1-1 57.60 NOTE
r-release-linux-x86_64 1.1-1 1.60 38.21 39.81 NOTE
r-release-windows-ix86+x86_64 1.1-1 4.00 50.00 54.00 NOTE
r-release-osx-x86_64 1.1-1 NOTE
r-oldrel-windows-ix86+x86_64 1.1-1 5.00 47.00 52.00 NOTE
r-oldrel-osx-x86_64 1.1-1 NOTE

Check Details

Version: 1.1-1
Check: S3 generic/method consistency
Result: NOTE
    Found the following apparent S3 methods exported but not registered:
     .buildNeighborhood.CellularAutomaton .generateRule.CellularAutomaton
     .initializeGrid.CellularAutomaton .run.CellularAutomaton
     .validateOptions.CellularAutomaton getLattice.CellularAutomaton
     getNumberOfColors.CellularAutomaton getRadius.CellularAutomaton
     getRuleNumber.CellularAutomaton getSteps.CellularAutomaton
     getTotalistic.CellularAutomaton plot.CellularAutomaton
    See section ‘Registering S3 methods’ in the ‘Writing R Extensions’
    manual.
Flavors: r-devel-linux-x86_64-debian-clang, r-devel-linux-x86_64-debian-gcc, r-devel-linux-x86_64-fedora-clang, r-devel-linux-x86_64-fedora-gcc, r-patched-linux-x86_64, r-patched-solaris-x86, r-release-linux-x86_64

Version: 1.1-1
Check: R code for possible problems
Result: NOTE
    plot.CellularAutomaton: no visible global function definition for
     ‘image’
    Undefined global functions or variables:
     image
    Consider adding
     importFrom("graphics", "image")
    to your NAMESPACE file.
Flavors: r-devel-linux-x86_64-debian-clang, r-devel-linux-x86_64-debian-gcc, r-devel-linux-x86_64-fedora-clang, r-devel-linux-x86_64-fedora-gcc, r-devel-windows-ix86+x86_64, r-patched-linux-x86_64, r-patched-solaris-x86, r-release-linux-x86_64, r-release-windows-ix86+x86_64, r-release-osx-x86_64, r-oldrel-windows-ix86+x86_64, r-oldrel-osx-x86_64