CRAN Package Check Results for Package CellularAutomaton

Last updated on 2017-07-25 01:51:30.

Flavor Version Tinstall Tcheck Ttotal Status Flags
r-devel-linux-x86_64-debian-clang 1.1-1 1.11 31.15 32.26 NOTE
r-devel-linux-x86_64-debian-gcc 1.1-1 1.24 29.33 30.57 NOTE
r-devel-linux-x86_64-fedora-clang 1.1-1 49.25 NOTE
r-devel-linux-x86_64-fedora-gcc 1.1-1 52.38 NOTE
r-devel-windows-ix86+x86_64 1.1-1 5.00 61.00 66.00 NOTE
r-patched-linux-x86_64 1.1-1 1.43 29.95 31.38 NOTE
r-patched-solaris-x86 1.1-1 57.40 NOTE
r-release-linux-x86_64 1.1-1 1.19 29.95 31.14 NOTE
r-release-windows-ix86+x86_64 1.1-1 4.00 43.00 47.00 NOTE
r-release-osx-x86_64 1.1-1 NOTE
r-oldrel-windows-ix86+x86_64 1.1-1 5.00 47.00 52.00 NOTE
r-oldrel-osx-x86_64 1.1-1 NOTE

Check Details

Version: 1.1-1
Check: S3 generic/method consistency
Result: NOTE
    Found the following apparent S3 methods exported but not registered:
     .buildNeighborhood.CellularAutomaton .generateRule.CellularAutomaton
     .initializeGrid.CellularAutomaton .run.CellularAutomaton
     .validateOptions.CellularAutomaton getLattice.CellularAutomaton
     getNumberOfColors.CellularAutomaton getRadius.CellularAutomaton
     getRuleNumber.CellularAutomaton getSteps.CellularAutomaton
     getTotalistic.CellularAutomaton plot.CellularAutomaton
    See section ‘Registering S3 methods’ in the ‘Writing R Extensions’
    manual.
Flavors: r-devel-linux-x86_64-debian-clang, r-devel-linux-x86_64-debian-gcc, r-devel-linux-x86_64-fedora-clang, r-devel-linux-x86_64-fedora-gcc, r-patched-linux-x86_64, r-patched-solaris-x86, r-release-linux-x86_64

Version: 1.1-1
Check: R code for possible problems
Result: NOTE
    plot.CellularAutomaton: no visible global function definition for
     ‘image’
    Undefined global functions or variables:
     image
    Consider adding
     importFrom("graphics", "image")
    to your NAMESPACE file.
Flavors: r-devel-linux-x86_64-debian-clang, r-devel-linux-x86_64-debian-gcc, r-devel-linux-x86_64-fedora-clang, r-devel-linux-x86_64-fedora-gcc, r-devel-windows-ix86+x86_64, r-patched-linux-x86_64, r-patched-solaris-x86, r-release-linux-x86_64, r-release-windows-ix86+x86_64, r-release-osx-x86_64, r-oldrel-windows-ix86+x86_64, r-oldrel-osx-x86_64