CRAN Package Check Results for Package CellularAutomaton

Last updated on 2015-07-01 13:47:07.

Flavor Version Tinstall Tcheck Ttotal Status Flags
r-devel-linux-x86_64-debian-clang 1.1-1 0.66 19.37 20.02 NOTE
r-devel-linux-x86_64-debian-gcc 1.1-1 0.66 18.08 18.74 NOTE
r-devel-linux-x86_64-fedora-clang 1.1-1 38.82 NOTE
r-devel-linux-x86_64-fedora-gcc 1.1-1 36.09 NOTE
r-devel-osx-x86_64-clang 1.1-1 36.58 NOTE
r-devel-windows-ix86+x86_64 1.1-1 4.00 33.00 37.00 OK
r-patched-linux-x86_64 1.1-1 0.84 20.00 20.84 NOTE
r-patched-solaris-sparc 1.1-1 267.40 NOTE
r-patched-solaris-x86 1.1-1 49.70 NOTE
r-release-linux-x86_64 1.1-1 0.68 19.24 19.91 NOTE
r-release-osx-x86_64-mavericks 1.1-1 OK
r-release-windows-ix86+x86_64 1.1-1 3.00 35.00 38.00 OK
r-oldrel-windows-ix86+x86_64 1.1-1 5.00 52.00 57.00 OK

Check Details

Version: 1.1-1
Check: S3 generic/method consistency
Result: NOTE
    Found the following apparent S3 methods exported but not registered:
     .buildNeighborhood.CellularAutomaton .generateRule.CellularAutomaton
     .initializeGrid.CellularAutomaton .run.CellularAutomaton
     .validateOptions.CellularAutomaton getLattice.CellularAutomaton
     getNumberOfColors.CellularAutomaton getRadius.CellularAutomaton
     getRuleNumber.CellularAutomaton getSteps.CellularAutomaton
     getTotalistic.CellularAutomaton plot.CellularAutomaton
    See section ‘Registering S3 methods’ in the ‘Writing R Extensions’
    manual.
Flavors: r-devel-linux-x86_64-debian-clang, r-devel-linux-x86_64-debian-gcc, r-devel-linux-x86_64-fedora-clang, r-devel-linux-x86_64-fedora-gcc, r-devel-osx-x86_64-clang, r-patched-linux-x86_64, r-patched-solaris-sparc, r-patched-solaris-x86, r-release-linux-x86_64

Version: 1.1-1
Check: R code for possible problems
Result: NOTE
    plot.CellularAutomaton: no visible global function definition for
     ‘image’
Flavors: r-devel-linux-x86_64-debian-clang, r-devel-linux-x86_64-debian-gcc, r-devel-linux-x86_64-fedora-clang, r-devel-linux-x86_64-fedora-gcc