CRAN Package Check Results for Package CellularAutomaton

Last updated on 2015-03-04 06:48:19.

Flavor Version Tinstall Tcheck Ttotal Status Flags
r-devel-linux-x86_64-debian-clang 1.1-1 0.98 19.12 20.10 NOTE
r-devel-linux-x86_64-debian-gcc 1.1-1 0.92 18.89 19.81 NOTE
r-devel-linux-x86_64-fedora-clang 1.1-1 39.55 NOTE
r-devel-linux-x86_64-fedora-gcc 1.1-1 38.00 NOTE
r-devel-osx-x86_64-clang 1.1-1 38.30 NOTE
r-devel-windows-ix86+x86_64 1.1-1 8.00 37.00 45.00 OK
r-patched-linux-x86_64 1.1-1 1.07 22.18 23.24 OK
r-patched-solaris-sparc 1.1-1 307.50 OK
r-patched-solaris-x86 1.1-1 56.50 OK
r-release-linux-ix86 1.1-1 1.10 28.84 29.95 OK
r-release-linux-x86_64 1.1-1 0.88 21.99 22.88 OK
r-release-osx-x86_64-mavericks 1.1-1 OK
r-release-windows-ix86+x86_64 1.1-1 5.00 37.00 42.00 OK
r-oldrel-windows-ix86+x86_64 1.1-1 5.00 37.00 42.00 OK

Check Details

Version: 1.1-1
Check: S3 generic/method consistency
Result: NOTE
    Found the following apparent S3 methods exported but not registered:
     .buildNeighborhood.CellularAutomaton .generateRule.CellularAutomaton
     .initializeGrid.CellularAutomaton .run.CellularAutomaton
     .validateOptions.CellularAutomaton getLattice.CellularAutomaton
     getNumberOfColors.CellularAutomaton getRadius.CellularAutomaton
     getRuleNumber.CellularAutomaton getSteps.CellularAutomaton
     getTotalistic.CellularAutomaton plot.CellularAutomaton
    See section ‘Registering S3 methods’ in the ‘Writing R Extensions’
    manual.
Flavors: r-devel-linux-x86_64-debian-clang, r-devel-linux-x86_64-debian-gcc, r-devel-linux-x86_64-fedora-clang, r-devel-linux-x86_64-fedora-gcc, r-devel-osx-x86_64-clang