CRAN Package Check Results for Package CensSpatial

Last updated on 2022-01-16 20:48:16 CET.

Flavor Version Tinstall Tcheck Ttotal Status Flags
r-devel-linux-x86_64-debian-clang 2.59 45.54 333.36 378.90 OK
r-devel-linux-x86_64-debian-gcc 2.59 32.69 274.51 307.20 OK
r-devel-linux-x86_64-fedora-clang 2.59 470.36 NOTE
r-devel-linux-x86_64-fedora-gcc 2.59 434.59 NOTE
r-devel-windows-x86_64-new-UL 2.59 54.00 293.00 347.00 OK
r-devel-windows-x86_64-new-TK 2.59 NOTE
r-patched-linux-x86_64 2.59 43.58 315.47 359.05 OK
r-release-linux-x86_64 2.59 OK
r-release-macos-arm64 2.59 NOTE
r-release-macos-x86_64 2.59 NOTE
r-release-windows-ix86+x86_64 2.59 70.00 311.00 381.00 OK
r-oldrel-macos-x86_64 2.58 OK
r-oldrel-windows-ix86+x86_64 2.58 39.00 176.00 215.00 OK

Check Details

Version: 2.59
Check: dependencies in R code
Result: NOTE
    Namespace in Imports field not imported from: ‘Rcpp’
     All declared Imports should be used.
Flavors: r-devel-linux-x86_64-fedora-clang, r-devel-linux-x86_64-fedora-gcc, r-devel-windows-x86_64-new-TK, r-release-macos-arm64, r-release-macos-x86_64