CRAN Package Check Results for Package Census2016

Last updated on 2019-04-19 12:47:29 CEST.

Flavor Version Tinstall Tcheck Ttotal Status Flags
r-devel-linux-x86_64-debian-clang 0.2.0 7.89 42.57 50.46 OK
r-devel-linux-x86_64-debian-gcc 0.2.0 7.09 34.47 41.56 OK
r-devel-linux-x86_64-fedora-clang 0.2.0 64.54 NOTE
r-devel-linux-x86_64-fedora-gcc 0.2.0 60.40 NOTE
r-devel-windows-ix86+x86_64 0.2.0 17.00 79.00 96.00 OK
r-patched-linux-x86_64 0.2.0 7.43 43.10 50.53 OK
r-patched-solaris-x86 0.2.0 77.60 NOTE
r-release-linux-x86_64 0.2.0 6.43 39.87 46.30 OK
r-release-windows-ix86+x86_64 0.2.0 10.00 53.00 63.00 OK
r-release-osx-x86_64 0.2.0 NOTE
r-oldrel-windows-ix86+x86_64 0.2.0 10.00 74.00 84.00 OK
r-oldrel-osx-x86_64 0.2.0 NOTE

Check Details

Version: 0.2.0
Check: dependencies in R code
Result: NOTE
    Namespace in Imports field not imported from: ‘data.table’
     All declared Imports should be used.
Flavors: r-devel-linux-x86_64-fedora-clang, r-devel-linux-x86_64-fedora-gcc, r-patched-solaris-x86, r-release-osx-x86_64, r-oldrel-osx-x86_64