CRAN Package Check Results for Package ChainLadder

Last updated on 2015-04-27 06:46:31.

Flavor Version Tinstall Tcheck Ttotal Status Flags
r-devel-linux-x86_64-debian-clang 0.2.0 5.61 163.44 169.05 OK
r-devel-linux-x86_64-debian-gcc 0.2.0 5.56 163.83 169.39 OK
r-devel-linux-x86_64-fedora-clang 0.2.0 345.27 OK
r-devel-linux-x86_64-fedora-gcc 0.2.0 333.79 OK
r-devel-osx-x86_64-clang 0.2.0 274.58 OK
r-devel-windows-ix86+x86_64 0.2.0 19.00 237.00 256.00 OK
r-patched-linux-x86_64 0.2.0 5.56 161.89 167.45 OK
r-patched-solaris-sparc 0.2.0 1947.10 OK
r-patched-solaris-x86 0.2.0 396.00 OK
r-release-linux-x86_64 0.2.0 5.84 156.14 161.98 OK
r-release-osx-x86_64-mavericks 0.2.0 NOTE
r-release-osx-x86_64-snowleopard 0.2.0 ERROR
r-release-windows-ix86+x86_64 0.2.0 18.00 233.00 251.00 OK
r-oldrel-windows-ix86+x86_64 0.2.0 26.00 271.00 297.00 OK

Check Details

Version: 0.2.0
Check: re-building of vignette outputs
Result: NOTE
    Error in re-building vignettes:
     ...
    More information is available on the ChainLadder project web-site:
    http://code.google.com/p/chainladder/
    
    To suppress this message use the statement:
    suppressPackageStartupMessages(library(ChainLadder))
    
    Error in texi2dvi(file = file, pdf = TRUE, clean = clean, quiet = quiet, :
     Running 'texi2dvi' on 'ChainLadder.tex' failed.
    LaTeX errors:
    ! Undefined control sequence.
    l.16 ...o<0b><a5><d9>l^^B<c0><dd><dd><dd><ea><ea><aa>ܙGGGKKK^^@^^P^^D<c1>^^D^^R<98>\<dd>
     ^^Vxx<fe>^^F<b8>?<d5>bB<fb>SB)}}}<95><b1>eY<85>...
    The control sequence at the end of the top line
    of your error message was never \def'ed. If you have
    ! Extra }, or forgotten \endgroup.
    l.16 ...KKK^^@^^P^^D<c1>^^D^^R<98>\<dd>^^Vxx<fe>^^F<b8>?<d5>bB<fb>SB)}}
     }<95><b1>eY<85>4:<ff>^^S<ac>[<b5>(<a0>n[<ad>V<ad>V<8b><e3><b8>...
    I've deleted a group-closing symbol because it seems to be
    spurious, as in `$x}$'. But perhaps the } is legitimate and
    ! Extra }, or forgotten \endgroup.
    l.16 ...KK^^@^^P^^D<c1>^^D^^R<98>\<dd>^^Vxx<fe>^^F<b8>?<d5>bB<fb>SB)}}}
     <95><b1>eY<85>4:<ff>^^S<ac>[<b5>(<a0>n[<ad>V<ad>V<8b><e3><b8>R...
    I've deleted a group-closing symbol because
    Calls: buildVignettes -> texi2pdf -> texi2dvi
    Execution halted
Flavor: r-release-osx-x86_64-mavericks

Version: 0.2.0
Check: package dependencies
Result: ERROR
    Packages required but not available: ‘systemfit’ ‘Hmisc’
    
    See section ‘The DESCRIPTION file’ in the ‘Writing R Extensions’
    manual.
Flavor: r-release-osx-x86_64-snowleopard