CRAN Package Check Results for Package ChainLadder

Last updated on 2016-02-12 09:50:37.

Flavor Version Tinstall Tcheck Ttotal Status Flags
r-devel-linux-x86_64-debian-gcc 0.2.2 5.90 144.78 150.68 OK
r-devel-linux-x86_64-fedora-clang 0.2.2 291.92 OK
r-devel-linux-x86_64-fedora-gcc 0.2.2 280.16 OK
r-devel-osx-x86_64-clang 0.2.2 309.84 OK
r-devel-windows-ix86+x86_64 0.2.2 25.00 208.00 233.00 OK
r-patched-linux-x86_64 0.2.2 6.12 165.49 171.61 OK
r-patched-solaris-sparc 0.2.2 1998.90 OK
r-patched-solaris-x86 0.2.2 400.40 OK
r-release-linux-x86_64 0.2.2 6.24 165.67 171.90 OK
r-release-osx-x86_64-mavericks 0.2.2 NOTE
r-release-windows-ix86+x86_64 0.2.2 25.00 237.00 262.00 OK
r-oldrel-windows-ix86+x86_64 0.2.2 45.00 392.00 437.00 OK

Check Details

Version: 0.2.2
Check: re-building of vignette outputs
Result: NOTE
    Error in re-building vignettes:
     ...
    
    Error in texi2dvi(file = file, pdf = TRUE, clean = clean, quiet = quiet, :
     Running 'texi2dvi' on 'ChainLadder.tex' failed.
    LaTeX errors:
    ! Undefined control sequence.
    l.39 !<a8>T<98><9f><e7><cd>^^[<da>m67<d9><dd><e5><e0><80><cd>M<84><e0><f9>s<ae>\<e1>
     <dd>;~<fd>bj*<c2><e9><ea>͊^^X<:<92><e2><cf>^^Py<c8><f3>^^P^^B))<97>{<95>=<9f>7<d5>r4...
    The control sequence at the end of the top line
    of your error message was never \def'ed. If you have
    ! Undefined control sequence.
    l.80 ...U<d5>q^^\<c7>qTU<cd>f<b3>+++<aa><aa>r<ce>o޼yг<8d>.<b1>N<bd>r<a2><e4>E<d1>3<ca><fe>\XX
     ^^H<82><e0><ea>ի<b7>nݺy<f3><e6><cc><cc>L^^P^^D^^...
    The control sequence at the end of the top line
    of your error message was never \def'ed. If you have
    ! LaTeX Error: Missing \begin{document}.
    
    See the LaTeX manual or LaTeX Companion for explanation.
    Type H <return> for immediate help.
     ...
    ! Missing $ inserted.
    <inserted text>
     $
    l.93 ...<c2><82>$ID<
    Calls: buildVignettes -> texi2pdf -> texi2dvi
    Execution halted
Flavor: r-release-osx-x86_64-mavericks