CRAN Package Check Results for Package ChainLadder

Last updated on 2017-11-22 22:57:03 CET.

Flavor Version Tinstall Tcheck Ttotal Status Flags
r-devel-linux-x86_64-debian-clang 0.2.5 4.84 154.56 159.41 OK
r-devel-linux-x86_64-debian-gcc 0.2.5 5.57 324.63 330.20 OK
r-devel-linux-x86_64-fedora-clang 0.2.5 289.74 OK
r-devel-linux-x86_64-fedora-gcc 0.2.5 292.56 OK
r-devel-windows-ix86+x86_64 0.2.5 17.00 283.00 300.00 OK
r-patched-linux-x86_64 0.2.5 5.76 163.67 169.43 OK
r-patched-solaris-x86 0.2.5 405.30 OK
r-release-linux-x86_64 0.2.5 5.95 167.20 173.15 OK
r-release-windows-ix86+x86_64 0.2.5 17.00 276.00 293.00 OK
r-release-osx-x86_64 0.2.5 OK
r-oldrel-windows-ix86+x86_64 0.2.5 19.00 233.00 252.00 OK
r-oldrel-osx-x86_64 0.2.5 NOTE

Check Details

Version: 0.2.5
Check: re-building of vignette outputs
Result: NOTE
    Error in re-building vignettes:
     ...
    Warning in grepl("(Rerun to get|biblatex.*\\(re\\)run)", readLines(log, :
     input string 490 is invalid in this locale
    Warning in grepl("(Rerun to get|biblatex.*\\(re\\)run)", readLines(log, :
     input string 491 is invalid in this locale
    Warning in grepl("(Rerun to get|biblatex.*\\(re\\)run)", readLines(log, :
     input string 499 is invalid in this locale
    Error in texi2dvi(file = file, pdf = TRUE, clean = clean, quiet = quiet, :
     Running 'texi2dvi' on 'ChainLadder.tex' failed.
    LaTeX errors:
    ! Undefined control sequence.
    l.16 ...<e5>^^B=<e5>^^B=<e5>^^B=<e5>^^B=<e5>^^B=G<80>R<ca>^^X<9b><e6><89><ff>ʯI\TP
     .<97>5M^^C^^@Ji<a1>P(<97>ˌ<b1>@ ^^P<8b><c5>...
    The control sequence at the end of the top line
    of your error message was never \def'ed. If you have
    ! Undefined control sequence.
    l.18 ...<e5><e2><a7>xNc~<fe><81>^^P<d2><ef><f7>E^^\<8b>ņ{<b3>^^Y^^N<9c><9f>r1<86><ba>-<95>J<b9>\<ce>
     <b6><ed>t:<ad>i<9a>m<db>sss<af><af><af>;;;<b5>Z<ad>^<af><9b><a6><a9>...
    The control sequence at the end of the top line
    of your error message was never \def'ed. If you have
    ! Undefined control sequence.
    l.35 x<9c><ed><9b><cf>k^^SM^^X<c7>?}c)Jh^^XP<90><96>T܃<a4>4<88>^^P<e8><a1>P^^T\<cf>
     <9e><fc>^^S<fc>^^[z-x<ca>^^_P<a4>z<f1>R^^T<aa><c7>^<ca>^^J
    The control sequence at the end of the
    Calls: buildVignettes -> texi2pdf -> texi2dvi
    Execution halted
Flavor: r-oldrel-osx-x86_64