CRAN Package Check Results for Package ChainLadder

Last updated on 2018-10-18 15:49:32 CEST.

Flavor Version Tinstall Tcheck Ttotal Status Flags
r-devel-linux-x86_64-debian-clang 0.2.7 17.53 239.19 256.72 OK
r-devel-linux-x86_64-debian-gcc 0.2.7 OK
r-devel-linux-x86_64-fedora-clang 0.2.7 302.79 OK
r-devel-linux-x86_64-fedora-gcc 0.2.7 298.56 OK
r-devel-windows-ix86+x86_64 0.2.7 36.00 324.00 360.00 WARN
r-patched-linux-x86_64 0.2.7 14.33 217.13 231.46 OK
r-patched-solaris-x86 0.2.7 333.80 OK
r-release-linux-x86_64 0.2.7 12.95 217.12 230.07 OK
r-release-windows-ix86+x86_64 0.2.6 37.00 316.00 353.00 OK
r-release-osx-x86_64 0.2.7 OK
r-oldrel-windows-ix86+x86_64 0.2.7 18.00 242.00 260.00 WARN
r-oldrel-osx-x86_64 0.2.7 OK

Check Details

Version: 0.2.7
Check: whether package can be installed
Result: WARN
    Found the following significant warnings:
     Warning: S3 methods '[.fun_list', '[.grouped_df', 'all.equal.tbl_df', 'anti_join.data.frame', 'anti_join.tbl_df', 'arrange.data.frame', 'arrange.default', 'arrange.grouped_df', 'arrange.tbl_df', 'arrange_.data.frame', 'arrange_.tbl_df', 'as.data.frame.grouped_df', 'as.data.frame.rowwise_df', 'as.data.frame.tbl_cube', 'as.data.frame.tbl_df', 'as.table.tbl_cube', 'as.tbl.data.frame', 'as.tbl.tbl', 'as.tbl_cube.array', 'as.tbl_cube.data.frame', 'as.tbl_cube.matrix', 'as.tbl_cube.table', 'as_data_frame.grouped_df', 'as_data_frame.tbl_cube', 'auto_copy.tbl_cube', 'auto_copy.tbl_df', 'cbind.grouped_df', 'collapse.data.frame', 'collect.data.frame', 'common_by.NULL', 'common_by.character', 'common_by.default', 'common_by.list', 'compute.data.frame', 'copy_to.DBIConnection', 'copy_to.src_local', 'default_missing.data.frame', 'default_missing.default', 'dim.tbl_cube', 'distinct.data.frame', 'distinct.default', 'distinct.grouped_df', 'distinct.tbl_df', 'distinct_.data.frame', 'distinct_.grouped_df', 'dist [... truncated]
Flavors: r-devel-windows-ix86+x86_64, r-oldrel-windows-ix86+x86_64