CRAN Package Check Results for Package ChainLadder

Last updated on 2016-12-08 18:46:51.

Flavor Version Tinstall Tcheck Ttotal Status Flags
r-devel-linux-x86_64-debian-clang 0.2.3 5.70 166.17 171.88 OK
r-devel-linux-x86_64-debian-gcc 0.2.3 7.80 164.33 172.13 OK
r-devel-linux-x86_64-fedora-clang 0.2.3 355.05 OK --no-stop-on-test-error
r-devel-linux-x86_64-fedora-gcc 0.2.3 351.96 OK --no-stop-on-test-error
r-devel-macos-x86_64-clang 0.2.3 257.90 OK --no-stop-on-test-error
r-devel-windows-ix86+x86_64 0.2.3 18.00 236.00 254.00 OK
r-patched-linux-x86_64 0.2.3 5.60 144.85 150.45 OK
r-patched-solaris-sparc 0.2.3 2021.80 OK
r-patched-solaris-x86 0.2.3 338.70 OK
r-release-linux-x86_64 0.2.3 6.07 146.12 152.19 OK
r-release-osx-x86_64-mavericks 0.2.3 NOTE
r-release-windows-ix86+x86_64 0.2.3 4.00 3.00 7.00 ERROR
r-oldrel-windows-ix86+x86_64 0.2.3 29.00 268.00 297.00 OK

Check Details

Version: 0.2.3
Check: re-building of vignette outputs
Result: NOTE
    Error in re-building vignettes:
     ...
     input string 490 is invalid in this locale
    Warning in grepl("(Rerun to get|biblatex.*\\(re\\)run)", readLines(log, :
     input string 491 is invalid in this locale
    Warning in grepl("(Rerun to get|biblatex.*\\(re\\)run)", readLines(log, :
     input string 499 is invalid in this locale
    Error in texi2dvi(file = file, pdf = TRUE, clean = clean, quiet = quiet, :
     Running 'texi2dvi' on 'ChainLadder.tex' failed.
    LaTeX errors:
    ! Undefined control sequence.
    l.36 !<a8>T<98><9f><e7><cd>^^[<da>m67<d9><dd><e5><e0><80><cd>M<84><e0><f9>s<ae>\<e1>
     <dd>;~<fd>bj*<c2><e9><ea>͊^^X<:<92><e2><cf>^^Py<c8><f3>^^P^^B))<97>{<95>=<9f>7<d5>r4...
    The control sequence at the end of the top line
    of your error message was never \def'ed. If you have
    ! Undefined control sequence.
    l.53 ...^AA<c0><ad>[ú^^P<fa> <e7>^^\<a0><fb>Ѕ\b<bf>}<f6><8c><a9>)^^@c<88>"ff<88>c<80>\<8e>
     l<f6><ec><b9><d7>cd<84> <c0>9^^J
    The control sequence at the end of the top line
    of your error message was never \def'ed. If you have
    ! Undefined control sequence.
    l.74 ...U<d5>q^^\<c7>qTU<cd>f<b3>+++<aa><aa>r<ce>o޼yг<8d>.<b1>N<bd>r<a2><e4>E<d1>3<ca><fe>\XX
     ^^H<82><e0><ea>ի<b7>nݺy<f3><e6><cc><cc>L^^P^^D^^...
    The control sequence at the end of the top line
    of yo
    Calls: buildVignettes -> texi2pdf -> texi2dvi
    Execution halted
Flavor: r-release-osx-x86_64-mavericks

Version: 0.2.3
Check: whether package can be installed
Result: ERROR
    Installation failed.
Flavor: r-release-windows-ix86+x86_64