CRAN Package Check Results for Package ChainLadder

Last updated on 2017-02-21 23:50:33.

Flavor Version Tinstall Tcheck Ttotal Status Flags
r-devel-linux-x86_64-debian-clang 0.2.4 5.81 166.96 172.77 OK
r-devel-linux-x86_64-debian-gcc 0.2.4 5.70 162.80 168.49 OK
r-devel-linux-x86_64-fedora-clang 0.2.4 340.44 OK --no-stop-on-test-error
r-devel-linux-x86_64-fedora-gcc 0.2.4 383.00 OK --no-stop-on-test-error
r-devel-macos-x86_64-clang 0.2.4 251.36 OK --no-stop-on-test-error
r-devel-windows-ix86+x86_64 0.2.4 27.00 344.00 371.00 OK
r-patched-linux-x86_64 0.2.4 5.73 146.13 151.85 OK
r-patched-solaris-sparc 0.2.4 1567.50 OK
r-patched-solaris-x86 0.2.4 352.70 OK
r-release-linux-x86_64 0.2.4 5.34 146.06 151.41 OK
r-release-osx-x86_64-mavericks 0.2.4 NOTE
r-release-windows-ix86+x86_64 0.2.4 38.00 299.00 337.00 OK
r-oldrel-windows-ix86+x86_64 0.2.4 29.00 374.00 403.00 OK

Check Details

Version: 0.2.4
Check: re-building of vignette outputs
Result: NOTE
    Error in re-building vignettes:
     ...
     input string 505 is invalid in this locale
    Error in texi2dvi(file = file, pdf = TRUE, clean = clean, quiet = quiet, :
     Running 'texi2dvi' on 'ChainLadder.tex' failed.
    LaTeX errors:
    ! Undefined control sequence.
    l.17 w<ab><b4><b4><90><c1>TQ \nS
     ;<e8><d0>7\x<83><df>/<ef><f1><fa>K<df><f5>|<86>p^^H7<c9><f9><90>s^^?<95>&<d0><ef><f7><e1>^^[^^P<fc><ec>^^D&^^Dz<ca>^^Ez<ca>^^...
    The control sequence at the end of the top line
    of your error message was never \def'ed. If you have
    ! Undefined control sequence.
    l.17 w<ab><b4><b4><90><c1>TQ \nS;<e8><d0>7\x
     <83><df>/<ef><f1><fa>K<df><f5>|<86>p^^H7<c9><f9><90>s^^?<95>&<d0><ef><f7><e1>^^[^^P<fc><ec>^^D&^^Dz<ca>^^Ez<ca>^^...
    The control sequence at the end of the top line
    of your error message was never \def'ed. If you have
    ! LaTeX Error: Missing \begin{document}.
    
    See the LaTeX manual or LaTeX Companion for explanation.
    Type H <return> for immediate help.
     ...
    ! Missing $ inserted.
    <inserted text>
     $
    l.17 ...e3^^X<d8>?<e5>b^^Du[.<97>s<b9><9c>mۙLFUU۶<a7><a
    Calls: buildVignettes -> texi2pdf -> texi2dvi
    Execution halted
Flavor: r-release-osx-x86_64-mavericks