CRAN Package Check Results for Package ChainLadder

Last updated on 2015-07-03 13:46:24.

Flavor Version Tinstall Tcheck Ttotal Status Flags
r-devel-linux-x86_64-debian-clang 0.2.0 5.84 162.07 167.91 NOTE
r-devel-linux-x86_64-debian-gcc 0.2.0 6.59 168.06 174.65 NOTE
r-devel-linux-x86_64-fedora-clang 0.2.0 229.97 NOTE
r-devel-linux-x86_64-fedora-gcc 0.2.0 261.66 NOTE
r-devel-osx-x86_64-clang 0.2.0 298.83 OK
r-devel-windows-ix86+x86_64 0.2.0 20.00 230.00 250.00 NOTE
r-patched-linux-x86_64 0.2.0 5.46 160.29 165.74 OK
r-patched-solaris-sparc 0.2.0 1971.40 OK
r-patched-solaris-x86 0.2.0 405.90 OK
r-release-linux-x86_64 0.2.0 5.79 155.82 161.61 OK
r-release-osx-x86_64-mavericks 0.2.0 NOTE
r-release-windows-ix86+x86_64 0.2.0 20.00 237.00 257.00 OK
r-oldrel-windows-ix86+x86_64 0.2.0 29.00 337.00 366.00 OK

Check Details

Version: 0.2.0
Check: R code for possible problems
Result: NOTE
    .FitGMCL: no visible global function definition for ‘new’
    .FitMCL: no visible global function definition for ‘as’
    .FitMCL: no visible global function definition for ‘new’
    .Join2Triangles: no visible global function definition for ‘as’
    CLFMdelta: no visible global function definition for ‘head’
    ClarkCapeCod: no visible global function definition for ‘head’
    ClarkCapeCod: no visible global function definition for ‘tail’
    ClarkLDF: no visible global function definition for ‘head’
    ClarkLDF: no visible global function definition for ‘tail’
    Join2Fits: no visible global function definition for ‘new’
    JoinFitMse: no visible global function definition for ‘new’
    LL.ODP: no visible global function definition for ‘tail’
    MultiChainLadder: no visible global function definition for ‘as’
    MultiChainLadder: no visible global function definition for ‘new’
    MultiChainLadder2: no visible global function definition for ‘as’
    coef.ChainLadder: no visible global function definition for ‘head’
    getLatestCumulative : <anonymous>: no visible global function
     definition for ‘tail’
    plot.BootChainLadder: no visible global function definition for ‘par’
    plot.BootChainLadder: no visible global function definition for ‘hist’
    plot.BootChainLadder: no visible global function definition for ‘lines’
    plot.BootChainLadder: no visible global function definition for ‘rug’
    plot.MackChainLadder: no visible global function definition for ‘par’
    plot.MackChainLadder: no visible global function definition for
     ‘barplot’
    plot.MackChainLadder: no visible global function definition for
     ‘matplot’
    plot.MackChainLadder: no visible global function definition for ‘lines’
    plot.MackChainLadder: no visible global function definition for
     ‘abline’
    plot.MunichChainLadder: no visible global function definition for ‘par’
    plot.MunichChainLadder: no visible global function definition for
     ‘barplot’
    plot.MunichChainLadder: no visible global function definition for
     ‘abline’
    plot.clark: no visible global function definition for ‘par’
    plot.clark: no visible global function definition for ‘abline’
    plot.clark: no visible global function definition for ‘text’
    plot.clark: no visible global function definition for ‘mtext’
    plot.triangle: no visible global function definition for ‘matplot’
    plotBootstrapUltimates: no visible global function definition for
     ‘boxplot’
    plotBootstrapUltimates: no visible global function definition for
     ‘points’
    plotBootstrapUltimates: no visible global function definition for
     ‘legend’
    plotLatestIncremental: no visible global function definition for
     ‘boxplot’
    plotLatestIncremental: no visible global function definition for
     ‘points’
    plotLatestIncremental: no visible global function definition for
     ‘legend’
    print.ClarkCapeCod: no visible global function definition for ‘head’
    print.ClarkLDF: no visible global function definition for ‘head’
    print.triangle: no visible global function definition for ‘tail’
    tweedieReserve: no visible global function definition for
     ‘txtProgressBar’
    tweedieReserve: no visible global function definition for
     ‘setTxtProgressBar’
    $,MultiChainLadder: no visible global function definition for ‘slot’
    $,MultiChainLadderSummary: no visible global function definition for
     ‘slot’
    Mse,GMCLFit-triangles: no visible global function definition for ‘new’
    [,triangles-missing-numeric-logical: no visible global function
     definition for ‘as’
    [,triangles-numeric-missing-logical: no visible global function
     definition for ‘as’
    [,triangles-numeric-numeric-missing: no visible global function
     definition for ‘as’
    [[,MultiChainLadder-character-missing : <anonymous>: no visible global
     function definition for ‘slot’
    [[,MultiChainLadder-numeric-missing : <anonymous>: no visible global
     function definition for ‘slot’
    [[,MultiChainLadderSummary-character-missing : <anonymous>: no visible
     global function definition for ‘slot’
    [[,MultiChainLadderSummary-numeric-missing : <anonymous>: no visible
     global function definition for ‘slot’
    coerce,list-triangles: no visible global function definition for ‘new’
    names,MultiChainLadder: no visible global function definition for
     ‘slotNames’
    names,MultiChainLadderSummary: no visible global function definition
     for ‘slotNames’
    Undefined global functions or variables:
     abline as barplot boxplot head hist legend lines matplot mtext new
     par points rug setTxtProgressBar slot slotNames tail text
     txtProgressBar
Flavors: r-devel-linux-x86_64-debian-clang, r-devel-linux-x86_64-debian-gcc, r-devel-windows-ix86+x86_64

Version: 0.2.0
Check: R code for possible problems
Result: NOTE
    .FitGMCL: no visible global function definition for ‘new’
    .FitMCL: no visible global function definition for ‘as’
    .FitMCL: no visible global function definition for ‘new’
    .Join2Triangles: no visible global function definition for ‘as’
    CLFMdelta: no visible global function definition for ‘head’
    ClarkCapeCod: no visible global function definition for ‘head’
    ClarkCapeCod: no visible global function definition for ‘tail’
    ClarkLDF: no visible global function definition for ‘head’
    ClarkLDF: no visible global function definition for ‘tail’
    Join2Fits: no visible global function definition for ‘new’
    JoinFitMse: no visible global function definition for ‘new’
    LL.ODP: no visible global function definition for ‘tail’
    MultiChainLadder: no visible global function definition for ‘as’
    MultiChainLadder: no visible global function definition for ‘new’
    MultiChainLadder2: no visible global function definition for ‘as’
    coef.ChainLadder: no visible global function definition for ‘head’
    getLatestCumulative : <anonymous>: no visible global function
     definition for ‘tail’
    plot.BootChainLadder: no visible global function definition for ‘par’
    plot.BootChainLadder: no visible global function definition for ‘hist’
    plot.BootChainLadder: no visible global function definition for ‘lines’
    plot.BootChainLadder: no visible global function definition for ‘rug’
    plot.MackChainLadder: no visible global function definition for ‘par’
    plot.MackChainLadder: no visible global function definition for
     ‘barplot’
    plot.MackChainLadder: no visible global function definition for
     ‘matplot’
    plot.MackChainLadder: no visible global function definition for ‘lines’
    plot.MackChainLadder: no visible global function definition for
     ‘abline’
    plot.MunichChainLadder: no visible global function definition for ‘par’
    plot.MunichChainLadder: no visible global function definition for
     ‘barplot’
    plot.MunichChainLadder: no visible global function definition for
     ‘abline’
    plot.clark: no visible global function definition for ‘par’
    plot.clark: no visible global function definition for ‘abline’
    plot.clark: no visible global function definition for ‘text’
    plot.clark: no visible global function definition for ‘mtext’
    plot.triangle: no visible global function definition for ‘matplot’
    plotBootstrapUltimates: no visible global function definition for
     ‘boxplot’
    plotBootstrapUltimates: no visible global function definition for
     ‘points’
    plotBootstrapUltimates: no visible global function definition for
     ‘legend’
    plotLatestIncremental: no visible global function definition for
     ‘boxplot’
    plotLatestIncremental: no visible global function definition for
     ‘points’
    plotLatestIncremental: no visible global function definition for
     ‘legend’
    print.ClarkCapeCod: no visible global function definition for ‘head’
    print.ClarkLDF: no visible global function definition for ‘head’
    print.triangle: no visible global function definition for ‘tail’
    tweedieReserve: no visible global function definition for
     ‘txtProgressBar’
    tweedieReserve: no visible global function definition for
     ‘setTxtProgressBar’
    $,MultiChainLadder: no visible global function definition for ‘slot’
    $,MultiChainLadderSummary: no visible global function definition for
     ‘slot’
    Mse,GMCLFit-triangles: no visible global function definition for ‘new’
    Mse,MCLFit-triangles: no visible global function definition for ‘new’
    [,triangles-missing-numeric-logical: no visible global function
     definition for ‘as’
    [,triangles-numeric-missing-logical: no visible global function
     definition for ‘as’
    [,triangles-numeric-numeric-missing: no visible global function
     definition for ‘as’
    [[,MultiChainLadder-character-missing : <anonymous>: no visible global
     function definition for ‘slot’
    [[,MultiChainLadder-numeric-missing : <anonymous>: no visible global
     function definition for ‘slot’
    [[,MultiChainLadderSummary-character-missing : <anonymous>: no visible
     global function definition for ‘slot’
    [[,MultiChainLadderSummary-numeric-missing : <anonymous>: no visible
     global function definition for ‘slot’
    coerce,list-triangles: no visible global function definition for ‘new’
    names,MultiChainLadder: no visible global function definition for
     ‘slotNames’
    names,MultiChainLadderSummary: no visible global function definition
     for ‘slotNames’
    plot,MultiChainLadder-missing: no visible global function definition
     for ‘barplot’
    plot,MultiChainLadder-missing: no visible global function definition
     for ‘legend’
    plot,MultiChainLadder-missing: no visible global function definition
     for ‘gray.colors’
    plot,MultiChainLadder-missing: no visible global function definition
     for ‘matplot’
    plot,MultiChainLadder-missing: no visible global function definition
     for ‘text’
    plot,MultiChainLadder-missing: no visible global function definition
     for ‘lines’
    plot,MultiChainLadder-missing: no visible global function definition
     for ‘abline’
    summary,MultiChainLadder: no visible global function definition for
     ‘new’
    Undefined global functions or variables:
     abline as barplot boxplot gray.colors head hist legend lines matplot
     mtext new par points rug setTxtProgressBar slot slotNames tail text
     txtProgressBar
Flavors: r-devel-linux-x86_64-fedora-clang, r-devel-linux-x86_64-fedora-gcc

Version: 0.2.0
Check: re-building of vignette outputs
Result: NOTE
    Error in re-building vignettes:
     ...
    More information is available on the ChainLadder project web-site:
    http://code.google.com/p/chainladder/
    
    To suppress this message use the statement:
    suppressPackageStartupMessages(library(ChainLadder))
    
    Error in texi2dvi(file = file, pdf = TRUE, clean = clean, quiet = quiet, :
     Running 'texi2dvi' on 'ChainLadder.tex' failed.
    LaTeX errors:
    ! Undefined control sequence.
    l.16 ...o<0b><a5><d9>l^^B<c0><dd><dd><dd><ea><ea><aa>ܙGGGKKK^^@^^P^^D<c1>^^D^^R<98>\<dd>
     ^^Vxx<fe>^^F<b8>?<d5>bB<fb>SB)}}}<95><b1>eY<85>...
    The control sequence at the end of the top line
    of your error message was never \def'ed. If you have
    ! Extra }, or forgotten \endgroup.
    l.16 ...KKK^^@^^P^^D<c1>^^D^^R<98>\<dd>^^Vxx<fe>^^F<b8>?<d5>bB<fb>SB)}}
     }<95><b1>eY<85>4:<ff>^^S<ac>[<b5>(<a0>n[<ad>V<ad>V<8b><e3><b8>...
    I've deleted a group-closing symbol because it seems to be
    spurious, as in `$x}$'. But perhaps the } is legitimate and
    ! Extra }, or forgotten \endgroup.
    l.16 ...KK^^@^^P^^D<c1>^^D^^R<98>\<dd>^^Vxx<fe>^^F<b8>?<d5>bB<fb>SB)}}}
     <95><b1>eY<85>4:<ff>^^S<ac>[<b5>(<a0>n[<ad>V<ad>V<8b><e3><b8>R...
    I've deleted a group-closing symbol because
    Calls: buildVignettes -> texi2pdf -> texi2dvi
    Execution halted
Flavor: r-release-osx-x86_64-mavericks