CRAN Package Check Results for Package ChainLadder

Last updated on 2014-07-22 23:48:16.

Flavor Version Tinstall Tcheck Ttotal Status Flags
r-devel-linux-x86_64-debian-clang 0.1.7 6.22 149.72 155.94 OK
r-devel-linux-x86_64-debian-gcc 0.1.7 6.62 148.32 154.94 OK
r-devel-linux-x86_64-fedora-clang 0.1.7 372.30 OK
r-devel-linux-x86_64-fedora-gcc 0.1.7 355.45 OK
r-devel-osx-x86_64-clang 0.1.7 275.83 OK
r-devel-windows-ix86+x86_64 0.1.7 16.00 200.00 216.00 OK
r-patched-linux-x86_64 0.1.7 6.00 148.98 154.98 OK
r-patched-solaris-sparc 0.1.7 1826.30 OK
r-patched-solaris-x86 0.1.7 421.00 OK
r-release-linux-ix86 0.1.7 7.55 178.77 186.32 OK
r-release-linux-x86_64 0.1.7 6.08 155.24 161.31 OK
r-release-osx-x86_64-mavericks 0.1.7 NOTE
r-release-osx-x86_64-snowleopard 0.1.7 NOTE
r-release-windows-ix86+x86_64 0.1.7 18.00 222.00 240.00 OK
r-oldrel-windows-ix86+x86_64 0.1.7 16.00 200.00 216.00 OK

Check Details

Version: 0.1.7
Check: package dependencies
Result: NOTE
    Package suggested but not available for checking: ‘RODBC’
Flavor: r-release-osx-x86_64-mavericks

Version: 0.1.7
Check: re-building of vignette outputs
Result: NOTE
    Error in re-building vignettes:
     ...
    ChainLadder version 0.1.7 by:
    Markus Gesmann <markus.gesmann@gmail.com>
    Wayne Zhang <actuary_zhang@hotmail.com>
    Daniel Murphy <danielmarkmurphy@gmail.com>
    
    Type ?ChainLadder to access overall documentation and
    vignette('ChainLadder') for the package vignette.
    
    Type demo(ChainLadder) to get an idea of the functionality of this package.
    See demo(package='ChainLadder') for a list of more demos.
    
    More information is available on the ChainLadder project web-site:
    http://code.google.com/p/chainladder/
    
    To suppress this message use the statement:
    suppressPackageStartupMessages(library(ChainLadder))
    
    Error in texi2dvi(file = file, pdf = TRUE, clean = clean, quiet = quiet, :
     Running 'texi2dvi' on 'ChainLadder.tex' failed.
    Messages:
    sh: gs: command not found
    !!! Error: Closing Ghostscript (exit status: 127)!
    /usr/bin/texi2dvi: thumbpdf exited with bad status, quitting.
    Calls: buildVignettes -> texi2pdf -> texi2dvi
    Execution halted
Flavor: r-release-osx-x86_64-snowleopard