CRAN Package Check Results for Package ChainLadder

Last updated on 2015-03-06 03:46:30.

Flavor Version Tinstall Tcheck Ttotal Status Flags
r-devel-linux-x86_64-debian-clang 0.2.0 5.87 172.42 178.29 OK
r-devel-linux-x86_64-debian-gcc 0.2.0 5.92 163.28 169.20 OK
r-devel-linux-x86_64-fedora-clang 0.2.0 183.85 OK
r-devel-linux-x86_64-fedora-gcc 0.2.0 215.38 OK
r-devel-osx-x86_64-clang 0.2.0 334.36 OK
r-devel-windows-ix86+x86_64 0.2.0 20.00 213.00 233.00 OK
r-patched-linux-x86_64 0.2.0 12.73 224.48 237.21 OK
r-patched-solaris-sparc 0.2.0 2341.40 OK
r-patched-solaris-x86 0.2.0 489.70 OK
r-release-linux-ix86 0.1.9 10.18 207.96 218.14 OK
r-release-linux-x86_64 0.1.9 11.70 189.62 201.32 OK
r-release-osx-x86_64-mavericks 0.2.0 NOTE
r-release-osx-x86_64-snowleopard 0.2.0 OK
r-release-windows-ix86+x86_64 0.2.0 30.00 281.00 311.00 OK
r-oldrel-windows-ix86+x86_64 0.2.0 29.00 287.00 316.00 OK

Check Details

Version: 0.2.0
Check: re-building of vignette outputs
Result: NOTE
    Error in re-building vignettes:
     ...
    To suppress this message use the statement:
    suppressPackageStartupMessages(library(ChainLadder))
    
    Error in texi2dvi(file = file, pdf = TRUE, clean = clean, quiet = quiet, :
     Running 'texi2dvi' on 'ChainLadder.tex' failed.
    LaTeX errors:
    ! Undefined control sequence.
    l.15 x<9c>훽K<f3>\^^T
     <c0><cf><d3><(Hb<bc>s^^R<91>^^L<a5><83>^^J
    The control sequence at the end of the top line
    of your error message was never \def'ed. If you have
    ! Undefined control sequence.
    l.16 5S^^GQ4<93><83>[&<9d><bb><f4>^^_^^P^^Q<ff>^^Fu^^Q\<a5>
     S<9c><b2>z^^Q<8a>C<a0>pu <b4>t<c8>r<fd><c0><e9><92>4<ba><88><fa>^^L^^W<de>A^x_<9e><a6>...
    The control sequence at the end of the top line
    of your error message was never \def'ed. If you have
    ! Undefined control sequence.
    l.16 ...ز<ac>R^^N:<ff>^^S<9c><9f>jQBݶ<db><ed>F<a3>^^Q<c7>q<ad>V#<84><c4>q|ss<d3>j<b5>\<d7>
     <8d><a2><88>s>77<d7>h48<e7><a6>ifY^^F^^@<cb><cb><cb>^...
    The control sequence at the end of the top line
    of your error message was never \def'ed. If you have
    ! Undefined control sequence.
    l.40 ...<d9><dd><c5>q(<97>^^A^^\<a7
    Calls: buildVignettes -> texi2pdf -> texi2dvi
    Execution halted
Flavor: r-release-osx-x86_64-mavericks