CRAN Package Check Results for Package ChainLadder

Last updated on 2014-08-31 05:50:05.

Flavor Version Tinstall Tcheck Ttotal Status Flags
r-devel-linux-x86_64-debian-clang 0.1.8 6.24 145.19 151.43 OK
r-devel-linux-x86_64-debian-gcc 0.1.8 5.77 140.52 146.29 OK
r-devel-linux-x86_64-fedora-clang 0.1.8 344.12 OK
r-devel-linux-x86_64-fedora-gcc 0.1.8 344.11 OK
r-devel-osx-x86_64-clang 0.1.8 255.94 OK
r-devel-windows-ix86+x86_64 0.1.8 18.00 204.00 222.00 OK
r-patched-linux-x86_64 0.1.8 6.37 151.28 157.65 OK
r-patched-solaris-sparc 0.1.8 1686.50 OK
r-patched-solaris-x86 0.1.8 339.10 OK
r-release-linux-ix86 0.1.8 7.50 180.10 187.60 OK
r-release-linux-x86_64 0.1.8 6.20 154.74 160.94 OK
r-release-osx-x86_64-mavericks 0.1.8 OK
r-release-osx-x86_64-snowleopard 0.1.7 NOTE
r-release-windows-ix86+x86_64 0.1.8 17.00 213.00 230.00 OK
r-oldrel-windows-ix86+x86_64 0.1.8 22.00 208.00 230.00 OK

Check Details

Version: 0.1.7
Check: re-building of vignette outputs
Result: NOTE
    Error in re-building vignettes:
     ...
    ChainLadder version 0.1.7 by:
    Markus Gesmann <markus.gesmann@gmail.com>
    Wayne Zhang <actuary_zhang@hotmail.com>
    Daniel Murphy <danielmarkmurphy@gmail.com>
    
    Type ?ChainLadder to access overall documentation and
    vignette('ChainLadder') for the package vignette.
    
    Type demo(ChainLadder) to get an idea of the functionality of this package.
    See demo(package='ChainLadder') for a list of more demos.
    
    More information is available on the ChainLadder project web-site:
    http://code.google.com/p/chainladder/
    
    To suppress this message use the statement:
    suppressPackageStartupMessages(library(ChainLadder))
    
    Error in texi2dvi(file = file, pdf = TRUE, clean = clean, quiet = quiet, :
     Running 'texi2dvi' on 'ChainLadder.tex' failed.
    Messages:
    sh: gs: command not found
    !!! Error: Closing Ghostscript (exit status: 127)!
    /usr/bin/texi2dvi: thumbpdf exited with bad status, quitting.
    Calls: buildVignettes -> texi2pdf -> texi2dvi
    Execution halted
Flavor: r-release-osx-x86_64-snowleopard