CRAN Package Check Results for Package ChainLadder

Last updated on 2016-09-25 11:47:01.

Flavor Version Tinstall Tcheck Ttotal Status Flags
r-devel-linux-x86_64-debian-clang 0.2.2 5.35 139.70 145.06 OK
r-devel-linux-x86_64-debian-gcc 0.2.2 4.93 134.28 139.21 OK
r-devel-linux-x86_64-fedora-clang 0.2.2 288.99 OK
r-devel-linux-x86_64-fedora-gcc 0.2.2 281.22 OK
r-devel-macos-x86_64-clang 0.2.2 213.38 OK
r-devel-windows-ix86+x86_64 0.2.2 15.00 222.00 237.00 OK
r-patched-linux-x86_64 0.2.2 5.22 139.19 144.40 OK
r-patched-solaris-sparc 0.2.2 1652.20 OK
r-patched-solaris-x86 0.2.2 345.30 OK
r-release-linux-x86_64 0.2.2 5.74 137.95 143.68 OK
r-release-osx-x86_64-mavericks 0.2.2 NOTE
r-release-windows-ix86+x86_64 0.2.2 15.00 204.00 219.00 OK
r-oldrel-windows-ix86+x86_64 0.2.2 24.00 283.00 307.00 OK

Check Details

Version: 0.2.2
Check: re-building of vignette outputs
Result: NOTE
    Error in re-building vignettes:
     ...
     input string 495 is invalid in this locale
    Warning in grepl("(Rerun to get|biblatex.*\\(re\\)run)", readLines(log, :
     input string 503 is invalid in this locale
    Error in texi2dvi(file = file, pdf = TRUE, clean = clean, quiet = quiet, :
     Running 'texi2dvi' on 'ChainLadder.tex' failed.
    LaTeX errors:
    ! LaTeX Error: Missing \begin{document}.
    
    See the LaTeX manual or LaTeX Companion for explanation.
    Type H <return> for immediate help.
     ...
    ! Extra }, or forgotten \endgroup.
    l.16 ...^T6N^^S,^^F^^Bc<e3><82>!<81>mF<85>T<c3>fW^^[^^Qo1p<0b>y<bc><c7><cb>/}
     <e3><f9><8a>0$<93><c9><f9><98>33gB<f2><eb><e3><e3>^^C~^^@3_...
    I've deleted a group-closing symbol because it seems to be
    spurious, as in `$x}$'. But perhaps the } is legitimate and
    ! Extra }, or forgotten \endgroup.
    l.16 ...<f3>Z<ad>^^V^^D<81><94>rvvֶm<df><f7>)<a5><94>RB<88><ef><fb><9c>sB<88><e7>y<9c><f3>b<b1>8<89>`~}
     <e1><f7>&<94>R<cf><f3><a6><f3>Y<e3><c9><db>O<f9>^^VE<91>zT
    I've deleted a group-closing symbol because it seems to be
    spurious, as in `$x}$'. But perhaps the } is legitimate and
    ! Missing $ inserted.
    <inserte
    Calls: buildVignettes -> texi2pdf -> texi2dvi
    Execution halted
Flavor: r-release-osx-x86_64-mavericks