CRAN Package Check Results for Package ChainLadder

Last updated on 2017-03-27 06:47:59.

Flavor Version Tinstall Tcheck Ttotal Status Flags
r-devel-linux-x86_64-debian-clang 0.2.4 5.78 170.50 176.28 OK
r-devel-linux-x86_64-debian-gcc 0.2.4 6.16 158.87 165.03 OK
r-devel-linux-x86_64-fedora-clang 0.2.4 341.88 OK --no-stop-on-test-error
r-devel-linux-x86_64-fedora-gcc 0.2.4 356.62 OK --no-stop-on-test-error
r-devel-macos-x86_64-clang 0.2.4 247.62 OK --no-stop-on-test-error
r-patched-linux-x86_64 0.2.4 5.82 163.84 169.66 OK
r-patched-solaris-sparc 0.2.4 1905.60 OK
r-patched-solaris-x86 0.2.4 403.90 OK
r-release-linux-x86_64 0.2.4 5.57 145.99 151.56 OK
r-release-osx-x86_64-mavericks 0.2.4 NOTE
r-release-windows-ix86+x86_64 0.2.4 24.00 297.00 321.00 OK
r-oldrel-windows-ix86+x86_64 0.2.4 19.00 251.00 270.00 OK

Check Details

Version: 0.2.4
Check: re-building of vignette outputs
Result: NOTE
    Error in re-building vignettes:
     ...
     input string 505 is invalid in this locale
    Error in texi2dvi(file = file, pdf = TRUE, clean = clean, quiet = quiet, :
     Running 'texi2dvi' on 'ChainLadder.tex' failed.
    LaTeX errors:
    ! Undefined control sequence.
    l.17 w<ab><b4><b4><90><c1>TQ \nS
     ;<e8><d0>7\x<83><df>/<ef><f1><fa>K<df><f5>|<86>p^^H7<c9><f9><90>s^^?<95>&<d0><ef><f7><e1>^^[^^P<fc><ec>^^D&^^Dz<ca>^^Ez<ca>^^...
    The control sequence at the end of the top line
    of your error message was never \def'ed. If you have
    ! Undefined control sequence.
    l.17 w<ab><b4><b4><90><c1>TQ \nS;<e8><d0>7\x
     <83><df>/<ef><f1><fa>K<df><f5>|<86>p^^H7<c9><f9><90>s^^?<95>&<d0><ef><f7><e1>^^[^^P<fc><ec>^^D&^^Dz<ca>^^Ez<ca>^^...
    The control sequence at the end of the top line
    of your error message was never \def'ed. If you have
    ! LaTeX Error: Missing \begin{document}.
    
    See the LaTeX manual or LaTeX Companion for explanation.
    Type H <return> for immediate help.
     ...
    ! Missing $ inserted.
    <inserted text>
     $
    l.17 ...e3^^X<d8>?<e5>b^^Du[.<97>s<b9><9c>mۙLFUU۶<a7><a
    Calls: buildVignettes -> texi2pdf -> texi2dvi
    Execution halted
Flavor: r-release-osx-x86_64-mavericks