CRAN Package Check Results for Package ChainLadder

Last updated on 2014-04-20 03:47:25.

Flavor Version Tinstall Tcheck Ttotal Status Flags
r-devel-linux-x86_64-debian-clang 0.1.7 6.69 157.37 164.06 OK
r-devel-linux-x86_64-debian-gcc 0.1.7 6.43 161.48 167.91 OK
r-devel-linux-x86_64-fedora-clang 0.1.7 374.48 OK
r-devel-linux-x86_64-fedora-gcc 0.1.7 359.62 OK
r-devel-macosx-x86_64-clang 0.1.7 282.35 OK
r-devel-macosx-x86_64-gcc 0.1.7 ERROR
r-devel-windows-ix86+x86_64 0.1.7 17.00 212.00 229.00 OK
r-patched-linux-x86_64 0.1.7 6.66 157.20 163.86 OK
r-patched-solaris-sparc 0.1.7 1826.30 OK
r-patched-solaris-x86 0.1.7 409.90 OK
r-release-linux-ix86 OK
r-release-linux-x86_64 0.1.7 6.56 156.97 163.53 OK
r-release-macosx-x86_64 0.1.7 NOTE
r-release-windows-ix86+x86_64 0.1.7 23.00 211.00 234.00 OK
r-oldrel-windows-ix86+x86_64 0.1.7 20.00 194.00 214.00 OK

Check Details

Version: 0.1.7
Check: package dependencies
Result: ERROR
    Packages required but not available: ‘systemfit’ ‘Hmisc’
    
    See the information on DESCRIPTION files in the chapter ‘Creating R
    packages’ of the ‘Writing R Extensions’ manual.
Flavor: r-devel-macosx-x86_64-gcc

Version: 0.1.7
Check: re-building of vignette outputs
Result: NOTE
    Error in re-building vignettes:
     ...
    ChainLadder version 0.1.7 by:
    Markus Gesmann <markus.gesmann@gmail.com>
    Wayne Zhang <actuary_zhang@hotmail.com>
    Daniel Murphy <danielmarkmurphy@gmail.com>
    
    Type ?ChainLadder to access overall documentation and
    vignette('ChainLadder') for the package vignette.
    
    Type demo(ChainLadder) to get an idea of the functionality of this package.
    See demo(package='ChainLadder') for a list of more demos.
    
    More information is available on the ChainLadder project web-site:
    http://code.google.com/p/chainladder/
    
    To suppress this message use the statement:
    suppressPackageStartupMessages(library(ChainLadder))
    
    Error in texi2dvi(file = file, pdf = TRUE, clean = clean, quiet = quiet, :
     Running 'texi2dvi' on 'ChainLadder.tex' failed.
    Messages:
    sh: gs: command not found
    !!! Error: Closing Ghostscript (exit status: 127)!
    /usr/bin/texi2dvi: thumbpdf exited with bad status, quitting.
    Calls: buildVignettes -> texi2pdf -> texi2dvi
    Execution halted
Flavor: r-release-macosx-x86_64