CRAN Package Check Results for Package ChainLadder

Last updated on 2015-01-30 03:48:58.

Flavor Version Tinstall Tcheck Ttotal Status Flags
r-devel-linux-x86_64-debian-clang 0.1.9 5.32 129.30 134.63 OK
r-devel-linux-x86_64-debian-gcc 0.1.9 5.43 127.34 132.77 OK
r-devel-linux-x86_64-fedora-clang 0.1.9 308.21 OK
r-devel-linux-x86_64-fedora-gcc 0.1.9 278.44 OK
r-devel-osx-x86_64-clang 0.1.9 270.98 OK
r-devel-windows-ix86+x86_64 0.1.9 24.00 177.00 201.00 OK
r-patched-linux-x86_64 0.1.9 8.60 150.79 159.39 OK
r-patched-solaris-sparc 0.1.9 1950.40 OK
r-patched-solaris-x86 0.1.9 409.20 OK
r-release-linux-ix86 0.1.9 7.36 170.18 177.54 OK
r-release-linux-x86_64 0.1.9 7.42 159.03 166.45 OK
r-release-osx-x86_64-mavericks 0.1.9 NOTE
r-release-osx-x86_64-snowleopard 0.1.9 OK
r-release-windows-ix86+x86_64 0.1.9 19.00 220.00 239.00 OK
r-oldrel-windows-ix86+x86_64 0.1.9 20.00 210.00 230.00 OK

Check Details

Version: 0.1.9
Check: re-building of vignette outputs
Result: NOTE
    Error in re-building vignettes:
     ...
    http://code.google.com/p/chainladder/
    
    To suppress this message use the statement:
    suppressPackageStartupMessages(library(ChainLadder))
    
    Error in texi2dvi(file = file, pdf = TRUE, clean = clean, quiet = quiet, :
     Running 'texi2dvi' on 'ChainLadder.tex' failed.
    LaTeX errors:
    ! Undefined control sequence.
    l.18 ...(R<a9>T^^H!^^@@)]]]<ad>T*<9c><f3>t:<ad><aa>j<b9>\v^^\<c7>q^^\BH<b9>\<a6>
     <94>^^RB,ˢ<94><ea><ba>>^^J
    The control sequence at the end of the top line
    of your error message was never \def'ed. If you have
    ! Undefined control sequence.
    l.20 ...^\ۭ<cf>J<bd><8d><c1><9f><9b><9b><9b><a5>R<c9>u<dd>B<a1>@^^Hq]<b7>^<af><af><ad><ad><e9><ba>n۶<ef><fb><b9>\<ae>
     T*<f9><be><af>(J^^P^^D^^@p<f5><ea><d5>^^G^^O...
    The control sequence at the end of the top line
    of your error message was never \def'ed. If you have
    ! Undefined control sequence.
    l.20 ...<ad><e9><ba>n۶<ef><fb><b9>\<ae>T*<f9><be><af>(J^^P^^D^^@p<f5><ea><d5>^^G^^O^^^\<be>
     |Y<d3>4<cf><f3>pswxxX,^^V<c3>0<dc><df><df><c7><f9><99>L<a6>...
    The control sequence at the end of the top line
    of yo
    Calls: buildVignettes -> texi2pdf -> texi2dvi
    Execution halted
Flavor: r-release-osx-x86_64-mavericks