CRAN Package Check Results for Package ChannelAttributionApp

Last updated on 2021-04-18 06:46:46 CEST.

Flavor Version Tinstall Tcheck Ttotal Status Flags
r-devel-linux-x86_64-debian-clang 1.3 5.54 55.08 60.62 NOTE
r-devel-linux-x86_64-debian-gcc 1.3 4.62 41.75 46.37 NOTE
r-devel-linux-x86_64-fedora-clang 1.3 81.04 NOTE
r-devel-linux-x86_64-fedora-gcc 1.3 71.29 NOTE
r-devel-windows-ix86+x86_64 1.3 16.00 71.00 87.00 NOTE
r-devel-windows-x86_64-gcc10-UCRT 1.3 NOTE
r-patched-linux-x86_64 1.3 5.18 51.01 56.19 OK
r-patched-solaris-x86 1.3 105.10 OK
r-release-linux-x86_64 1.3 5.34 50.56 55.90 OK
r-release-macos-x86_64 1.3 OK
r-release-windows-ix86+x86_64 1.3 25.00 75.00 100.00 OK
r-oldrel-macos-x86_64 1.3 OK
r-oldrel-windows-ix86+x86_64 1.3 10.00 70.00 80.00 OK

Check Details

Version: 1.3
Check: LazyData
Result: NOTE
     'LazyData' is specified without a 'data' directory
Flavors: r-devel-linux-x86_64-debian-clang, r-devel-linux-x86_64-debian-gcc, r-devel-linux-x86_64-fedora-clang, r-devel-linux-x86_64-fedora-gcc, r-devel-windows-ix86+x86_64, r-devel-windows-x86_64-gcc10-UCRT