CRAN Package Check Results for Package ChemoSpec

Last updated on 2017-08-20 14:46:45.

Flavor Version Tinstall Tcheck Ttotal Status Flags
r-devel-linux-x86_64-debian-clang 4.4.85 3.67 65.84 69.51 OK
r-devel-linux-x86_64-debian-gcc 4.4.85 3.48 62.84 66.32 OK
r-devel-linux-x86_64-fedora-clang 4.4.85 123.22 OK
r-devel-linux-x86_64-fedora-gcc 4.4.85 126.44 OK
r-devel-windows-ix86+x86_64 4.4.85 8.00 111.00 119.00 OK
r-patched-linux-x86_64 4.4.85 3.52 62.67 66.19 OK
r-patched-solaris-x86 4.4.85 142.70 OK
r-release-linux-x86_64 4.4.85 3.61 62.81 66.42 OK
r-release-windows-ix86+x86_64 4.4.85 12.00 108.00 120.00 OK
r-release-osx-x86_64 4.4.85 NOTE
r-oldrel-windows-ix86+x86_64 4.4.85 8.00 91.00 99.00 OK
r-oldrel-osx-x86_64 4.4.85 OK

Check Details

Version: 4.4.85
Check: package dependencies
Result: NOTE
    Package suggested but not available for checking: ‘speaq’
Flavor: r-release-osx-x86_64