CRAN Package Check Results for Package ChemoSpec

Last updated on 2017-12-18 13:47:52 CET.

Flavor Version Tinstall Tcheck Ttotal Status Flags
r-devel-linux-x86_64-debian-clang 4.4.97 4.44 93.28 97.72 OK
r-devel-linux-x86_64-debian-gcc 4.4.97 4.78 85.74 90.52 OK
r-devel-linux-x86_64-fedora-clang 4.4.97 120.40 OK
r-devel-linux-x86_64-fedora-gcc 4.4.97 119.40 OK
r-devel-windows-ix86+x86_64 4.4.97 8.00 117.00 125.00 OK
r-patched-linux-x86_64 4.4.97 5.36 105.37 110.73 OK
r-patched-solaris-x86 4.4.97 143.90 OK
r-release-linux-x86_64 4.4.97 5.02 102.47 107.49 OK
r-release-windows-ix86+x86_64 4.4.97 8.00 115.00 123.00 OK
r-release-osx-x86_64 4.4.97 NOTE
r-oldrel-windows-ix86+x86_64 4.4.97 10.00 130.00 140.00 OK
r-oldrel-osx-x86_64 4.4.97 OK

Check Details

Version: 4.4.97
Check: package dependencies
Result: NOTE
    Package suggested but not available for checking: ‘speaq’
Flavor: r-release-osx-x86_64