CRAN Package Check Results for Package ChemoSpec

Last updated on 2015-05-26 17:47:05.

Flavor Version Tinstall Tcheck Ttotal Status Flags
r-devel-linux-x86_64-debian-clang 4.0.1 3.64 52.66 56.30 OK
r-devel-linux-x86_64-debian-gcc 4.0.1 3.40 51.92 55.32 OK
r-devel-linux-x86_64-fedora-clang 4.0.1 110.60 OK
r-devel-linux-x86_64-fedora-gcc 4.0.1 105.56 OK
r-devel-osx-x86_64-clang 4.0.1 102.94 OK
r-devel-windows-ix86+x86_64 4.0.1 10.00 78.00 88.00 OK
r-patched-linux-x86_64 4.0.1 3.62 51.89 55.50 OK
r-patched-solaris-sparc 4.0.1 576.00 NOTE --no-build-vignettes
r-patched-solaris-x86 4.0.1 135.80 OK
r-release-linux-x86_64 4.0.1 3.72 51.55 55.27 OK
r-release-osx-x86_64-mavericks 4.0.1 ERROR
r-release-osx-x86_64-snowleopard 4.0.1 ERROR
r-release-windows-ix86+x86_64 4.0.1 9.00 85.00 94.00 OK
r-oldrel-windows-ix86+x86_64 4.0.1 10.00 96.00 106.00 OK

Check Details

Version: 4.0.1
Flags: --no-build-vignettes
Check: package dependencies
Result: NOTE
    Package suggested but not available for checking: ‘js’
Flavor: r-patched-solaris-sparc

Version: 4.0.1
Check: package dependencies
Result: NOTE
    Package suggested but not available for checking: ‘speaq’
Flavor: r-release-osx-x86_64-mavericks

Version: 4.0.1
Check: examples
Result: ERROR
    Running examples in ‘ChemoSpec-Ex.R’ failed
    The error most likely occurred in:
    
    > ### Name: clupaSpectra
    > ### Title: Conduct Hierarchical Cluster-Based Peak Alignment on a Spectra
    > ### Object
    > ### Aliases: clupaSpectra
    > ### Keywords: utilities
    >
    > ### ** Examples
    >
    > data(alignMUD)
    > plotSpectra(alignMUD, which = 1:20, lab.pos = 4.5, offset = 0.1,
    + yrange = c(0, 1900), amp = 500, xlim = c(1.5, 1.8),
    + main = "Misaligned NMR Spectra (alignMUD)")
    > aMUD <- clupaSpectra(alignMUD)
    Error in clupaSpectra(alignMUD) :
     You need to install package speaq to use this function
    Execution halted
Flavor: r-release-osx-x86_64-mavericks

Version: 4.0.1
Check: package dependencies
Result: ERROR
    Packages suggested but not available for checking: ‘knitr’ ‘speaq’ ‘js’
    
    VignetteBuilder package required for checking but not installed: ‘knitr’
    
    Files named as vignettes but with no recognized vignette engine:
     ‘inst/doc/ChemoSpec.Rnw’
    (Is a VignetteBuilder field missing?)
    
    See section ‘The DESCRIPTION file’ in the ‘Writing R Extensions’
    manual.
Flavor: r-release-osx-x86_64-snowleopard