CRAN Package Check Results for Package ChemoSpec

Last updated on 2015-03-03 14:47:19.

Flavor Version Tinstall Tcheck Ttotal Status Flags
r-devel-linux-x86_64-debian-clang 3.0-1 5.13 74.56 79.68 OK
r-devel-linux-x86_64-debian-gcc 3.0-1 5.07 72.23 77.30 OK
r-devel-linux-x86_64-fedora-clang 3.0-1 156.59 OK
r-devel-linux-x86_64-fedora-gcc 3.0-1 143.67 OK
r-devel-osx-x86_64-clang 3.0-1 137.47 OK
r-devel-windows-ix86+x86_64 3.0-1 22.00 117.00 139.00 OK
r-patched-linux-x86_64 3.0-1 9.72 106.58 116.29 OK
r-patched-solaris-sparc 3.0-1 1182.00 OK --no-build-vignettes
r-patched-solaris-x86 3.0-1 280.30 OK
r-release-linux-ix86 3.0-1 12.46 123.52 135.98 OK
r-release-linux-x86_64 3.0-1 9.89 114.00 123.89 OK
r-release-osx-x86_64-mavericks 3.0-1 ERROR
r-release-osx-x86_64-snowleopard 3.0-1 ERROR
r-release-windows-ix86+x86_64 3.0-1 29.00 252.00 281.00 OK
r-oldrel-windows-ix86+x86_64 3.0-1 29.00 196.00 225.00 OK

Check Details

Version: 3.0-1
Check: package dependencies
Result: ERROR
    Package required but not available: ‘speaq’
    
    See section ‘The DESCRIPTION file’ in the ‘Writing R Extensions’
    manual.
Flavors: r-release-osx-x86_64-mavericks, r-release-osx-x86_64-snowleopard