CRAN Package Check Results for Package ChemoSpec

Last updated on 2016-12-03 20:46:57.

Flavor Version Tinstall Tcheck Ttotal Status Flags
r-devel-linux-x86_64-debian-clang 4.3.34 3.99 64.29 68.29 OK
r-devel-linux-x86_64-debian-gcc 4.3.34 4.18 62.99 67.17 OK
r-devel-linux-x86_64-fedora-clang 4.3.34 119.66 OK
r-devel-linux-x86_64-fedora-gcc 4.3.34 117.82 OK
r-devel-macos-x86_64-clang 4.3.34 90.76 OK
r-devel-windows-ix86+x86_64 4.3.34 9.00 109.00 118.00 OK
r-patched-linux-x86_64 4.3.34 3.96 50.20 54.16 OK
r-patched-solaris-sparc 4.3.34 459.70 NOTE --no-build-vignettes
r-patched-solaris-x86 4.3.34 120.20 OK
r-release-linux-x86_64 4.3.34 3.56 51.20 54.76 OK
r-release-osx-x86_64-mavericks 4.3.34 WARN
r-release-windows-ix86+x86_64 4.3.34 12.00 125.00 137.00 OK
r-oldrel-windows-ix86+x86_64 4.3.34 14.00 125.00 139.00 OK

Check Details

Version: 4.3.34
Flags: --no-build-vignettes
Check: package dependencies
Result: NOTE
    Package suggested but not available for checking: ‘js’
Flavor: r-patched-solaris-sparc

Version: 4.3.34
Check: whether package can be installed
Result: WARN
    Found the following significant warnings:
     Warning: 'rgl_init' failed, running with rgl.useNULL = TRUE
Flavor: r-release-osx-x86_64-mavericks

Version: 4.3.34
Check: dependencies in R code
Result: NOTE
    Invalid MIT-MAGIC-COOKIE-1 key
Flavor: r-release-osx-x86_64-mavericks

Version: 4.3.34
Check: S3 generic/method consistency
Result: WARN
    Invalid MIT-MAGIC-COOKIE-1 key
    See section ‘Generic functions and methods’ in the ‘Writing R
    Extensions’ manual.
Flavor: r-release-osx-x86_64-mavericks

Version: 4.3.34
Check: replacement functions
Result: WARN
    Invalid MIT-MAGIC-COOKIE-1 key
    The argument of a replacement function which corresponds to the right
    hand side must be named ‘value’.
Flavor: r-release-osx-x86_64-mavericks

Version: 4.3.34
Check: foreign function calls
Result: NOTE
    Invalid MIT-MAGIC-COOKIE-1 key
    See chapter ‘System and foreign language interfaces’ in the ‘Writing R
    Extensions’ manual.
Flavor: r-release-osx-x86_64-mavericks

Version: 4.3.34
Check: R code for possible problems
Result: NOTE
    Invalid MIT-MAGIC-COOKIE-1 key
Flavor: r-release-osx-x86_64-mavericks

Version: 4.3.34
Check: for missing documentation entries
Result: WARN
    Invalid MIT-MAGIC-COOKIE-1 key
    All user-level objects in a package should have documentation entries.
    See chapter ‘Writing R documentation files’ in the ‘Writing R
    Extensions’ manual.
Flavor: r-release-osx-x86_64-mavericks

Version: 4.3.34
Check: for code/documentation mismatches
Result: WARN
    Invalid MIT-MAGIC-COOKIE-1 key
    Invalid MIT-MAGIC-COOKIE-1 key
    Invalid MIT-MAGIC-COOKIE-1 key
Flavor: r-release-osx-x86_64-mavericks

Version: 4.3.34
Check: Rd \usage sections
Result: NOTE
    Invalid MIT-MAGIC-COOKIE-1 key
    The \usage entries for S3 methods should use the \method markup and not
    their full name.
    See chapter ‘Writing R documentation files’ in the ‘Writing R
    Extensions’ manual.
Flavor: r-release-osx-x86_64-mavericks