CRAN Package Check Results for Package ChemoSpec

Last updated on 2014-07-30 23:47:16.

Flavor Version Tinstall Tcheck Ttotal Status Flags
r-devel-linux-x86_64-debian-clang 2.0-2 6.91 95.94 102.86 OK
r-devel-linux-x86_64-debian-gcc 2.0-2 6.69 96.24 102.92 OK
r-devel-linux-x86_64-fedora-clang 2.0-2 210.95 OK
r-devel-linux-x86_64-fedora-gcc 2.0-2 205.01 OK
r-devel-osx-x86_64-clang 2.0-2 177.98 OK
r-devel-windows-ix86+x86_64 2.0-2 21.00 144.00 165.00 OK
r-patched-linux-x86_64 2.0-2 6.88 94.77 101.65 OK
r-patched-solaris-sparc 2.0-2 1067.90 OK --no-build-vignettes
r-patched-solaris-x86 2.0-2 252.10 OK
r-release-linux-ix86 2.0-2 8.72 115.31 124.03 OK
r-release-linux-x86_64 2.0-2 7.03 96.22 103.26 OK
r-release-osx-x86_64-mavericks 2.0-2 NOTE
r-release-osx-x86_64-snowleopard 2.0-2 OK
r-release-windows-ix86+x86_64 2.0-2 18.00 155.00 173.00 OK
r-oldrel-windows-ix86+x86_64 2.0-2 22.00 217.00 239.00 OK

Check Details

Version: 2.0-2
Check: re-building of vignette outputs
Result: NOTE
    Error in re-building vignettes:
     ...
    Warning: running command 'kpsewhich framed.sty' had status 1
    Warning in test_latex_pkg("framed", system.file("misc", "framed.sty", package = "knitr")) :
     unable to find LaTeX package 'framed'; will use a copy from knitr
    Error in texi2dvi(file = file, pdf = TRUE, clean = clean, quiet = quiet, :
     Running 'texi2dvi' on 'ChemoSpec.tex' failed.
    LaTeX errors:
    ! LaTeX Error: File `mhchem.sty' not found.
    
    Type X to quit or <RETURN> to proceed,
    or enter new name. (Default extension: sty)
    
    gn_test/ChemoSpec/vignettes/ChemoSpec.tex:67: ==> Fatal error occurred, no out
    put PDF file produced!
    Calls: buildVignettes -> texi2pdf -> texi2dvi
    Execution halted
Flavor: r-release-osx-x86_64-mavericks