CRAN Package Check Results for Package ChemoSpec

Last updated on 2017-06-23 04:46:56.

Flavor Version Tinstall Tcheck Ttotal Status Flags
r-devel-linux-x86_64-debian-clang 4.4.17 3.65 65.83 69.48 OK
r-devel-linux-x86_64-debian-gcc 4.4.17 3.54 66.01 69.55 OK
r-devel-linux-x86_64-fedora-clang 4.4.17 127.98 OK
r-devel-linux-x86_64-fedora-gcc 4.4.17 120.79 OK
r-devel-windows-ix86+x86_64 4.4.17 13.00 156.00 169.00 OK
r-patched-linux-x86_64 4.4.17 3.76 65.58 69.33 OK
r-patched-solaris-sparc 4.4.17 565.10 NOTE --no-build-vignettes
r-patched-solaris-x86 4.4.17 148.00 OK
r-release-linux-x86_64 4.4.17 3.88 65.87 69.75 OK
r-release-windows-ix86+x86_64 4.4.17 11.00 125.00 136.00 OK
r-release-osx-x86_64 4.4.17 ERROR
r-oldrel-windows-ix86+x86_64 4.4.17 13.00 103.00 116.00 OK
r-oldrel-osx-x86_64 4.4.17 OK

Check Details

Version: 4.4.17
Flags: --no-build-vignettes
Check: package dependencies
Result: NOTE
    Package suggested but not available for checking: ‘js’
Flavor: r-patched-solaris-sparc

Version: 4.4.17
Check: package dependencies
Result: NOTE
    Package suggested but not available for checking: ‘speaq’
Flavor: r-release-osx-x86_64

Version: 4.4.17
Check: examples
Result: ERROR
    Running examples in ‘ChemoSpec-Ex.R’ failed
    The error most likely occurred in:
    
    > ### Name: clupaSpectra
    > ### Title: Hierarchical Cluster-Based Peak Alignment on a Spectra Object
    > ### Aliases: clupaSpectra
    > ### Keywords: utilities
    >
    > ### ** Examples
    >
    >
    > data(alignMUD)
    >
    > plotSpectra(alignMUD, which = 1:20, lab.pos = 4.5, offset = 0.1,
    + yrange = c(0, 1900), amp = 500, xlim = c(1.5, 1.8),
    + main = "Misaligned NMR Spectra (alignMUD)")
    >
    > aMUD <- clupaSpectra(alignMUD)
    Error in clupaSpectra(alignMUD) :
     You need to install package speaq to use this function
    Execution halted
Flavor: r-release-osx-x86_64

Version: 4.4.17
Check: re-building of vignette outputs
Result: WARN
    Error in re-building vignettes:
     ...
    Warning: running command 'kpsewhich framed.sty' had status 1
    Warning in test_latex_pkg("framed", system.file("misc", "framed.sty", package = "knitr")) :
     unable to find LaTeX package 'framed'; will use a copy from knitr
    Error in texi2dvi(file = file, pdf = TRUE, clean = clean, quiet = quiet, :
     Running 'texi2dvi' on 'ChemoSpec.tex' failed.
    LaTeX errors:
    ! LaTeX Error: File `ccaption.sty' not found.
    
    Type X to quit or <RETURN> to proceed,
    or enter new name. (Default extension: sty)
    
    ! Emergency stop.
    <read *>
    
    l.71 \captionnamefont
     {\bfseries\large}^^M
    ! ==> Fatal error occurred, no output PDF file produced!
    Calls: buildVignettes -> texi2pdf -> texi2dvi
    Execution halted
Flavor: r-release-osx-x86_64