CRAN Package Check Results for Package ChemoSpec

Last updated on 2014-04-24 21:47:37.

Flavor Version Tinstall Tcheck Ttotal Status Flags
r-devel-linux-x86_64-debian-clang 1.61-3 7.24 101.29 108.54 OK
r-devel-linux-x86_64-debian-gcc 1.61-3 7.14 101.42 108.56 OK
r-devel-linux-x86_64-fedora-clang 1.61-3 210.44 OK
r-devel-linux-x86_64-fedora-gcc 1.61-3 202.01 OK
r-devel-osx-x86_64-clang 1.61-3 197.12 OK
r-devel-osx-x86_64-gcc 1.61-3 ERROR
r-devel-windows-ix86+x86_64 1.61-3 18.00 142.00 160.00 OK
r-patched-linux-x86_64 1.61-3 7.16 100.46 107.62 OK
r-patched-solaris-sparc 1.61-3 1034.20 OK --no-build-vignettes
r-patched-solaris-x86 1.61-3 284.60 OK
r-release-linux-ix86 1.61-3 12.00 159.00 171.00 OK
r-release-linux-x86_64 1.61-3 7.88 100.26 108.14 OK
r-release-osx-x86_64-mavericks 1.61-3 NOTE
r-release-osx-x86_64-snowleopard 1.61-3 NOTE
r-release-windows-ix86+x86_64 1.61-3 19.00 145.00 164.00 OK
r-oldrel-windows-ix86+x86_64 1.61-3 18.00 151.00 169.00 OK

Check Details

Version: 1.61-3
Check: package dependencies
Result: ERROR
    Packages required but not available:
     ‘chemometrics’ ‘robustbase’ ‘mvoutlier’ ‘seriation’
    
    Package suggested but not available for checking: ‘knitr’
    
    Files named as vignettes but with no recognized vignette engine:
     ‘inst/doc/ChemoSpec.Rnw’
    (Is a VignetteBuilder field missing?)
    
    See the information on DESCRIPTION files in the chapter ‘Creating R
    packages’ of the ‘Writing R Extensions’ manual.
Flavor: r-devel-osx-x86_64-gcc

Version: 1.61-3
Check: re-building of vignette outputs
Result: NOTE
    Error in re-building vignettes:
     ...
    Warning: running command 'kpsewhich framed.sty' had status 1
    Warning in test_latex_pkg("framed", system.file("misc", "framed.sty", package = "knitr")) :
     unable to find LaTeX package 'framed'; will use a copy from knitr
    Error in texi2dvi(file = file, pdf = TRUE, clean = clean, quiet = quiet, :
     Running 'texi2dvi' on 'ChemoSpec.tex' failed.
    LaTeX errors:
    ! LaTeX Error: File `mhchem.sty' not found.
    
    Type X to quit or <RETURN> to proceed,
    or enter new name. (Default extension: sty)
    
    gn_test/ChemoSpec/vignettes/ChemoSpec.tex:67: ==> Fatal error occurred, no out
    put PDF file produced!
    Calls: buildVignettes -> texi2pdf -> texi2dvi
    Execution halted
Flavor: r-release-osx-x86_64-mavericks

Version: 1.61-3
Check: re-building of vignette outputs
Result: NOTE
    Error in re-building vignettes:
     ...
    Warning: running command 'kpsewhich framed.sty' had status 1
    Warning in test_latex_pkg("framed", system.file("misc", "framed.sty", package = "knitr")) :
     unable to find LaTeX package 'framed'; will use a copy from knitr
    Error in texi2dvi(file = file, pdf = TRUE, clean = clean, quiet = quiet, :
     Running 'texi2dvi' on 'ChemoSpec.tex' failed.
    LaTeX errors:
    ! LaTeX Error: File `mhchem.sty' not found.
    
    Type X to quit or <RETURN> to proceed,
    or enter new name. (Default extension: sty)
    Calls: buildVignettes -> texi2pdf -> texi2dvi
    Execution halted
Flavor: r-release-osx-x86_64-snowleopard