CRAN Package Check Results for Package ChemoSpec

Last updated on 2015-01-28 15:47:05.

Flavor Version Tinstall Tcheck Ttotal Status Flags
r-devel-linux-x86_64-debian-clang 3.0-1 5.32 77.86 83.18 OK
r-devel-linux-x86_64-debian-gcc 3.0-1 5.12 74.87 80.00 OK
r-devel-linux-x86_64-fedora-clang 3.0-1 217.57 OK
r-devel-linux-x86_64-fedora-gcc 3.0-1 218.33 OK
r-devel-osx-x86_64-clang 3.0-1 187.80 OK
r-devel-windows-ix86+x86_64 3.0-1 15.00 113.00 128.00 OK
r-patched-linux-x86_64 3.0-1 7.66 105.80 113.45 OK
r-patched-solaris-sparc 3.0-1 1049.20 OK --no-build-vignettes
r-patched-solaris-x86 3.0-1 242.20 OK
r-release-linux-ix86 3.0-1 8.78 118.17 126.94 OK
r-release-linux-x86_64 3.0-1 7.93 105.62 113.54 OK
r-release-osx-x86_64-mavericks 3.0-1 ERROR
r-release-osx-x86_64-snowleopard 3.0-1 ERROR
r-release-windows-ix86+x86_64 3.0-1 26.00 174.00 200.00 OK
r-oldrel-windows-ix86+x86_64 3.0-1 29.00 196.00 225.00 OK

Check Details

Version: 3.0-1
Check: package dependencies
Result: ERROR
    Package required but not available: ‘speaq’
    
    See the information on DESCRIPTION files in the chapter ‘Creating R
    packages’ of the ‘Writing R Extensions’ manual.
Flavors: r-release-osx-x86_64-mavericks, r-release-osx-x86_64-snowleopard