CRAN Package Check Results for Package ChemoSpec

Last updated on 2017-03-01 19:48:23.

Flavor Version Tinstall Tcheck Ttotal Status Flags
r-devel-linux-x86_64-debian-clang 4.4.17 3.71 64.04 67.75 OK
r-devel-linux-x86_64-debian-gcc 4.4.17 3.77 64.84 68.61 OK
r-devel-linux-x86_64-fedora-clang 4.4.17 134.76 OK --no-stop-on-test-error
r-devel-linux-x86_64-fedora-gcc 4.4.17 131.74 OK --no-stop-on-test-error
r-devel-macos-x86_64-clang 4.4.17 95.07 OK --no-stop-on-test-error
r-devel-windows-ix86+x86_64 4.4.17 9.00 163.00 172.00 OK
r-patched-linux-x86_64 4.4.17 3.30 52.87 56.17 OK
r-patched-solaris-sparc 4.4.17 516.80 NOTE --no-build-vignettes
r-patched-solaris-x86 4.4.17 125.80 OK
r-release-linux-x86_64 4.4.17 3.29 54.00 57.29 OK
r-release-osx-x86_64-mavericks 4.4.17 OK
r-release-windows-ix86+x86_64 4.4.17 12.00 140.00 152.00 OK
r-oldrel-windows-ix86+x86_64 4.4.17 20.00 117.00 137.00 OK

Check Details

Version: 4.4.17
Flags: --no-build-vignettes
Check: package dependencies
Result: NOTE
    Package suggested but not available for checking: ‘js’
Flavor: r-patched-solaris-sparc