CRAN Package Check Results for Package ChemoSpec

Last updated on 2014-09-16 14:47:27.

Flavor Version Tinstall Tcheck Ttotal Status Flags
r-devel-linux-x86_64-debian-clang 2.0-2 6.65 96.96 103.62 OK
r-devel-linux-x86_64-debian-gcc 2.0-2 6.49 95.59 102.08 OK
r-devel-linux-x86_64-fedora-clang 2.0-2 212.16 OK
r-devel-linux-x86_64-fedora-gcc 2.0-2 241.18 OK
r-devel-osx-x86_64-clang 2.0-2 165.34 OK
r-devel-windows-ix86+x86_64 2.0-2 21.00 151.00 172.00 OK
r-patched-linux-x86_64 2.0-2 7.10 99.01 106.11 OK
r-patched-solaris-sparc 2.0-2 1067.90 OK --no-build-vignettes
r-patched-solaris-x86 2.0-2 272.80 OK
r-release-linux-ix86 2.0-2 9.03 120.25 129.28 OK
r-release-linux-x86_64 2.0-2 7.20 102.25 109.46 OK
r-release-osx-x86_64-mavericks 2.0-2 NOTE
r-release-osx-x86_64-snowleopard 2.0-2 OK
r-release-windows-ix86+x86_64 2.0-2 24.00 161.00 185.00 OK
r-oldrel-windows-ix86+x86_64 2.0-2 21.00 172.00 193.00 OK

Check Details

Version: 2.0-2
Check: re-building of vignette outputs
Result: NOTE
    Error in re-building vignettes:
     ...
    Warning: running command 'kpsewhich framed.sty' had status 1
    Warning in test_latex_pkg("framed", system.file("misc", "framed.sty", package = "knitr")) :
     unable to find LaTeX package 'framed'; will use a copy from knitr
    Error in texi2dvi(file = file, pdf = TRUE, clean = clean, quiet = quiet, :
     Running 'texi2dvi' on 'ChemoSpec.tex' failed.
    LaTeX errors:
    ! LaTeX Error: File `mhchem.sty' not found.
    
    Type X to quit or <RETURN> to proceed,
    or enter new name. (Default extension: sty)
    
    gn_test/ChemoSpec/vignettes/ChemoSpec.tex:67: ==> Fatal error occurred, no out
    put PDF file produced!
    Calls: buildVignettes -> texi2pdf -> texi2dvi
    Execution halted
Flavor: r-release-osx-x86_64-mavericks