CRAN Package Check Results for Package ChemoSpec

Last updated on 2017-01-22 19:46:49.

Flavor Version Tinstall Tcheck Ttotal Status Flags
r-devel-linux-x86_64-debian-clang 4.4.1 3.80 67.49 71.30 OK
r-devel-linux-x86_64-debian-gcc 4.4.1 3.70 65.97 69.66 OK
r-devel-linux-x86_64-fedora-clang 4.4.1 122.54 OK --no-stop-on-test-error
r-devel-linux-x86_64-fedora-gcc 4.4.1 129.26 OK --no-stop-on-test-error
r-devel-macos-x86_64-clang 4.4.1 95.55 OK --no-stop-on-test-error
r-devel-windows-ix86+x86_64 4.4.1 10.00 127.00 137.00 OK
r-patched-linux-x86_64 4.4.1 3.26 54.10 57.36 OK
r-patched-solaris-sparc 4.4.1 554.20 NOTE --no-build-vignettes
r-patched-solaris-x86 4.4.1 129.50 OK
r-release-linux-x86_64 4.4.1 3.30 55.32 58.62 OK
r-release-osx-x86_64-mavericks 4.4.1 OK
r-release-windows-ix86+x86_64 4.4.1 19.00 128.00 147.00 OK
r-oldrel-windows-ix86+x86_64 4.4.1 18.00 134.00 152.00 OK

Check Details

Version: 4.4.1
Flags: --no-build-vignettes
Check: package dependencies
Result: NOTE
    Package suggested but not available for checking: ‘js’
Flavor: r-patched-solaris-sparc