CRAN Package Check Results for Package ChemoSpec

Last updated on 2017-10-21 00:51:36.

Flavor Version Tinstall Tcheck Ttotal Status Flags
r-devel-linux-x86_64-debian-clang 4.4.85 3.68 66.07 69.75 OK
r-devel-linux-x86_64-debian-gcc 4.4.85 3.54 68.96 72.50 OK
r-devel-linux-x86_64-fedora-clang 4.4.85 125.92 OK
r-devel-linux-x86_64-fedora-gcc 4.4.85 129.17 OK
r-devel-windows-ix86+x86_64 4.4.85 7.00 120.00 127.00 OK
r-patched-linux-x86_64 4.4.85 3.95 64.98 68.93 OK
r-patched-solaris-x86 4.4.85 145.40 OK
r-release-linux-x86_64 4.4.85 3.57 63.88 67.45 OK
r-release-windows-ix86+x86_64 4.4.85 13.00 154.00 167.00 OK
r-release-osx-x86_64 4.4.85 NOTE
r-oldrel-windows-ix86+x86_64 4.4.85 8.00 134.00 142.00 OK
r-oldrel-osx-x86_64 4.4.85 OK

Check Details

Version: 4.4.85
Check: package dependencies
Result: NOTE
    Package suggested but not available for checking: ‘speaq’
Flavor: r-release-osx-x86_64