CRAN Package Check Results for Package ChemometricsWithR

Last updated on 2015-05-25 03:47:34.

Flavor Version Tinstall Tcheck Ttotal Status Flags
r-devel-linux-x86_64-debian-clang 0.1.8 0.72 14.42 15.13 NOTE
r-devel-linux-x86_64-debian-gcc 0.1.8 0.71 14.05 14.76 NOTE
r-devel-linux-x86_64-fedora-clang 0.1.8 28.47 NOTE
r-devel-linux-x86_64-fedora-gcc 0.1.8 27.43 NOTE
r-devel-osx-x86_64-clang 0.1.8 32.46 NOTE
r-devel-windows-ix86+x86_64 0.1.8 3.00 25.00 28.00 OK
r-patched-linux-x86_64 0.1.8 0.71 13.91 14.62 NOTE
r-patched-solaris-sparc 0.1.8 189.40 NOTE
r-patched-solaris-x86 0.1.8 38.90 NOTE
r-release-linux-x86_64 0.1.8 0.96 14.12 15.08 NOTE
r-release-osx-x86_64-mavericks 0.1.8 NOTE
r-release-osx-x86_64-snowleopard 0.1.8 NOTE
r-release-windows-ix86+x86_64 0.1.8 4.00 24.00 28.00 OK
r-oldrel-windows-ix86+x86_64 0.1.8 4.00 30.00 34.00 OK

Check Details

Version: 0.1.8
Check: S3 generic/method consistency
Result: NOTE
    Found the following apparent S3 methods exported but not registered:
     biplot.PCA loadingplot.PCA loadings.PCA scoreplot.PCA scores.PCA
     summary.PCA
    See section ‘Registering S3 methods’ in the ‘Writing R Extensions’
    manual.
Flavors: r-devel-linux-x86_64-debian-clang, r-devel-linux-x86_64-debian-gcc, r-devel-linux-x86_64-fedora-clang, r-devel-linux-x86_64-fedora-gcc, r-devel-osx-x86_64-clang, r-patched-linux-x86_64, r-patched-solaris-sparc, r-patched-solaris-x86, r-release-linux-x86_64

Version: 0.1.8
Check: package dependencies
Result: NOTE
    Packages suggested but not available for checking: ‘rrcov’ ‘ipred’ ‘TIMP’
Flavor: r-release-osx-x86_64-mavericks

Version: 0.1.8
Check: Rd cross-references
Result: NOTE
    Package unavailable to check Rd xrefs: ‘chemometrics’
Flavor: r-release-osx-x86_64-mavericks

Version: 0.1.8
Check: package dependencies
Result: NOTE
    Packages suggested but not available for checking: ‘TIMP’ ‘dtw’
Flavor: r-release-osx-x86_64-snowleopard