CRAN Package Check Results for Package ChemometricsWithR

Last updated on 2015-07-29 21:46:41.

Flavor Version Tinstall Tcheck Ttotal Status Flags
r-devel-linux-x86_64-debian-clang 0.1.8 0.74 14.14 14.88 NOTE
r-devel-linux-x86_64-debian-gcc 0.1.8 0.70 13.60 14.30 NOTE
r-devel-linux-x86_64-fedora-clang 0.1.8 28.38 NOTE
r-devel-linux-x86_64-fedora-gcc 0.1.8 27.01 NOTE
r-devel-osx-x86_64-clang 0.1.8 28.41 NOTE
r-devel-windows-ix86+x86_64 0.1.8 6.00 23.00 29.00 NOTE
r-patched-linux-x86_64 0.1.8 0.75 14.12 14.87 NOTE
r-patched-solaris-sparc 0.1.8 180.70 NOTE
r-patched-solaris-x86 0.1.8 38.60 NOTE
r-release-linux-x86_64 0.1.8 0.71 14.18 14.89 NOTE
r-release-osx-x86_64-mavericks 0.1.8 NOTE
r-release-windows-ix86+x86_64 0.1.8 5.00 32.00 37.00 OK
r-oldrel-windows-ix86+x86_64 0.1.8 5.00 30.00 35.00 OK

Check Details

Version: 0.1.8
Check: S3 generic/method consistency
Result: NOTE
    Found the following apparent S3 methods exported but not registered:
     biplot.PCA loadingplot.PCA loadings.PCA scoreplot.PCA scores.PCA
     summary.PCA
    See section ‘Registering S3 methods’ in the ‘Writing R Extensions’
    manual.
Flavors: r-devel-linux-x86_64-debian-clang, r-devel-linux-x86_64-debian-gcc, r-devel-linux-x86_64-fedora-clang, r-devel-linux-x86_64-fedora-gcc, r-devel-osx-x86_64-clang, r-patched-linux-x86_64, r-patched-solaris-sparc, r-patched-solaris-x86, r-release-linux-x86_64

Version: 0.1.8
Check: R code for possible problems
Result: NOTE
    GA.mut: no visible global function definition for ‘runif’
    GA.select: no visible global function definition for ‘quantile’
    GAfun2: no visible global function definition for ‘quantile’
    SAfun: no visible global function definition for ‘runif’
    SAfun2: no visible global function definition for ‘runif’
    loadingplot.PCA: no visible global function definition for ‘par’
    loadingplot.PCA: no visible global function definition for ‘plot’
    loadingplot.PCA: no visible global function definition for ‘abline’
    loadingplot.PCA: no visible global function definition for ‘text’
    loadingplot.PCA: no visible global function definition for ‘points’
    loadingplot.PCA: no visible global function definition for ‘arrows’
    loadingplot.PCA: no visible global function definition for ‘axis’
    loadingplot.PCA: no visible global function definition for ‘box’
    pick.peaks: no visible global function definition for ‘embed’
    scoreplot.PCA: no visible global function definition for ‘par’
    scoreplot.PCA: no visible global function definition for ‘plot’
    scoreplot.PCA: no visible global function definition for ‘abline’
    scoreplot.PCA: no visible global function definition for ‘text’
    scoreplot.PCA: no visible global function definition for ‘points’
    screeplot: no visible global function definition for ‘barplot’
    Undefined global functions or variables:
     abline arrows axis barplot box embed par plot points quantile runif
     text
    Consider adding
     importFrom("graphics", "abline", "arrows", "axis", "barplot", "box",
     "par", "plot", "points", "text")
     importFrom("stats", "embed", "quantile", "runif")
    to your NAMESPACE.
Flavors: r-devel-linux-x86_64-debian-clang, r-devel-linux-x86_64-debian-gcc, r-devel-linux-x86_64-fedora-clang, r-devel-linux-x86_64-fedora-gcc, r-devel-windows-ix86+x86_64

Version: 0.1.8
Check: package dependencies
Result: NOTE
    Packages suggested but not available for checking: ‘rrcov’ ‘ipred’ ‘TIMP’
Flavor: r-release-osx-x86_64-mavericks

Version: 0.1.8
Check: Rd cross-references
Result: NOTE
    Package unavailable to check Rd xrefs: ‘chemometrics’
Flavor: r-release-osx-x86_64-mavericks