CRAN Package Check Results for Package ChemometricsWithR

Last updated on 2014-07-24 22:48:34.

Flavor Version Tinstall Tcheck Ttotal Status Flags
r-devel-linux-x86_64-debian-clang 0.1.7 1.02 19.47 20.48 NOTE
r-devel-linux-x86_64-debian-gcc 0.1.7 0.78 19.35 20.13 NOTE
r-devel-linux-x86_64-fedora-clang 0.1.7 40.38 NOTE
r-devel-linux-x86_64-fedora-gcc 0.1.7 38.88 NOTE
r-devel-osx-x86_64-clang 0.1.7 38.40 NOTE
r-devel-windows-ix86+x86_64 0.1.7 3.00 29.00 32.00 NOTE
r-patched-linux-x86_64 0.1.7 0.82 18.43 19.25 NOTE
r-patched-solaris-sparc 0.1.7 218.20 NOTE
r-patched-solaris-x86 0.1.7 50.10 NOTE
r-release-linux-ix86 0.1.7 1.19 27.40 28.59 NOTE
r-release-linux-x86_64 0.1.7 0.82 19.21 20.03 NOTE
r-release-osx-x86_64-mavericks 0.1.7 NOTE
r-release-windows-ix86+x86_64 0.1.7 3.00 35.00 38.00 NOTE
r-oldrel-windows-ix86+x86_64 0.1.7 4.00 33.00 37.00 NOTE

Check Details

Version: 0.1.7
Check: dependencies in R code
Result: NOTE
    Packages in Depends field not imported from:
     ‘MASS’ ‘pls’
     These packages need to be imported from (in the NAMESPACE file)
     for when this namespace is loaded but not attached.
    See the information on DESCRIPTION files in the chapter ‘Creating R
    packages’ of the ‘Writing R Extensions’ manual.
Flavors: r-devel-linux-x86_64-debian-clang, r-devel-linux-x86_64-debian-gcc, r-devel-linux-x86_64-fedora-clang, r-devel-linux-x86_64-fedora-gcc, r-devel-osx-x86_64-clang, r-devel-windows-ix86+x86_64, r-patched-linux-x86_64, r-patched-solaris-sparc, r-patched-solaris-x86, r-release-linux-ix86, r-release-linux-x86_64, r-release-osx-x86_64-mavericks, r-release-windows-ix86+x86_64, r-oldrel-windows-ix86+x86_64