CRAN Package Check Results for Package ChemometricsWithR

Last updated on 2015-03-06 09:49:28.

Flavor Version Tinstall Tcheck Ttotal Status Flags
r-devel-linux-x86_64-debian-clang 0.1.8 0.81 14.40 15.22 NOTE
r-devel-linux-x86_64-debian-gcc 0.1.8 0.70 14.39 15.08 NOTE
r-devel-linux-x86_64-fedora-clang 0.1.8 29.08 NOTE
r-devel-linux-x86_64-fedora-gcc 0.1.8 27.41 NOTE
r-devel-osx-x86_64-clang 0.1.8 31.97 NOTE
r-devel-windows-ix86+x86_64 0.1.8 3.00 25.00 28.00 OK
r-patched-linux-x86_64 0.1.8 0.98 17.86 18.84 OK
r-patched-solaris-sparc 0.1.8 231.90 OK
r-patched-solaris-x86 0.1.8 45.60 OK
r-release-linux-ix86 0.1.8 1.29 25.57 26.86 OK
r-release-linux-x86_64 0.1.8 0.87 16.77 17.64 OK
r-release-osx-x86_64-mavericks 0.1.8 OK
r-release-osx-x86_64-snowleopard 0.1.8 OK
r-release-windows-ix86+x86_64 0.1.8 4.00 29.00 33.00 OK
r-oldrel-windows-ix86+x86_64 0.1.8 4.00 35.00 39.00 OK

Check Details

Version: 0.1.8
Check: S3 generic/method consistency
Result: NOTE
    Found the following apparent S3 methods exported but not registered:
     biplot.PCA loadingplot.PCA loadings.PCA scoreplot.PCA scores.PCA
     summary.PCA
    See section ‘Registering S3 methods’ in the ‘Writing R Extensions’
    manual.
Flavors: r-devel-linux-x86_64-debian-clang, r-devel-linux-x86_64-debian-gcc, r-devel-linux-x86_64-fedora-clang, r-devel-linux-x86_64-fedora-gcc, r-devel-osx-x86_64-clang