CRAN Package Check Results for Package ChemometricsWithR

Last updated on 2020-08-05 05:48:41 CEST.

Flavor Version Tinstall Tcheck Ttotal Status Flags
r-devel-linux-x86_64-debian-clang 0.1.13 7.16 62.20 69.36 NOTE
r-devel-linux-x86_64-debian-gcc 0.1.13 5.61 45.81 51.42 NOTE
r-devel-linux-x86_64-fedora-clang 0.1.13 93.89 NOTE
r-devel-linux-x86_64-fedora-gcc 0.1.13 86.41 NOTE
r-devel-windows-ix86+x86_64 0.1.13 31.00 80.00 111.00 OK
r-patched-linux-x86_64 0.1.13 8.33 60.33 68.66 NOTE
r-patched-solaris-x86 0.1.13 110.50 NOTE
r-release-linux-x86_64 0.1.13 6.35 59.83 66.18 NOTE
r-release-macos-x86_64 0.1.13 NOTE
r-release-windows-ix86+x86_64 0.1.13 28.00 79.00 107.00 OK
r-oldrel-macos-x86_64 0.1.13 OK
r-oldrel-windows-ix86+x86_64 0.1.13 16.00 61.00 77.00 OK

Check Details

Version: 0.1.13
Check: package dependencies
Result: NOTE
    Package suggested but not available for checking: 'rda'
Flavors: r-devel-linux-x86_64-debian-clang, r-devel-linux-x86_64-debian-gcc, r-devel-linux-x86_64-fedora-clang, r-devel-linux-x86_64-fedora-gcc, r-patched-linux-x86_64, r-patched-solaris-x86, r-release-linux-x86_64, r-release-macos-x86_64