CRAN Package Check Results for Package ChemometricsWithR

Last updated on 2017-03-23 23:50:34.

Flavor Version Tinstall Tcheck Ttotal Status Flags
r-devel-linux-x86_64-debian-clang 0.1.9 1.02 20.31 21.32 OK
r-devel-linux-x86_64-debian-gcc 0.1.9 0.98 19.81 20.79 OK
r-devel-linux-x86_64-fedora-clang 0.1.9 36.24 OK --no-stop-on-test-error
r-devel-linux-x86_64-fedora-gcc 0.1.9 37.24 OK --no-stop-on-test-error
r-devel-macos-x86_64-clang 0.1.9 30.73 OK --no-stop-on-test-error
r-devel-windows-ix86+x86_64 0.1.9 4.00 43.00 47.00 OK
r-patched-linux-x86_64 0.1.9 0.99 17.73 18.72 OK
r-patched-solaris-sparc 0.1.9 194.50 OK
r-patched-solaris-x86 0.1.9 49.70 OK
r-release-linux-x86_64 0.1.9 1.17 17.33 18.51 OK
r-release-osx-x86_64-mavericks 0.1.9 OK
r-release-windows-ix86+x86_64 0.1.9 3.00 8.00 11.00 ERROR
r-oldrel-windows-ix86+x86_64 0.1.9 6.00 49.00 55.00 OK

Check Details

Version: 0.1.9
Check: whether package can be installed
Result: ERROR
    Installation failed.
Flavor: r-release-windows-ix86+x86_64