CRAN Package Check Results for Package ChemometricsWithR

Last updated on 2015-04-27 14:46:40.

Flavor Version Tinstall Tcheck Ttotal Status Flags
r-devel-linux-x86_64-debian-clang 0.1.8 0.72 14.37 15.09 NOTE
r-devel-linux-x86_64-debian-gcc 0.1.8 0.70 14.19 14.89 NOTE
r-devel-linux-x86_64-fedora-clang 0.1.8 28.93 NOTE
r-devel-linux-x86_64-fedora-gcc 0.1.8 28.09 NOTE
r-devel-osx-x86_64-clang 0.1.8 30.59 NOTE
r-devel-windows-ix86+x86_64 0.1.8 3.00 26.00 29.00 OK
r-patched-linux-x86_64 0.1.8 0.70 14.10 14.80 NOTE
r-patched-solaris-sparc 0.1.8 183.50 OK
r-patched-solaris-x86 0.1.8 39.30 NOTE
r-release-linux-x86_64 0.1.8 0.70 13.95 14.65 NOTE
r-release-osx-x86_64-mavericks 0.1.8 NOTE
r-release-osx-x86_64-snowleopard 0.1.8 NOTE
r-release-windows-ix86+x86_64 0.1.8 5.00 32.00 37.00 OK
r-oldrel-windows-ix86+x86_64 0.1.8 3.00 29.00 32.00 OK

Check Details

Version: 0.1.8
Check: S3 generic/method consistency
Result: NOTE
    Found the following apparent S3 methods exported but not registered:
     biplot.PCA loadingplot.PCA loadings.PCA scoreplot.PCA scores.PCA
     summary.PCA
    See section ‘Registering S3 methods’ in the ‘Writing R Extensions’
    manual.
Flavors: r-devel-linux-x86_64-debian-clang, r-devel-linux-x86_64-debian-gcc, r-devel-linux-x86_64-fedora-clang, r-devel-linux-x86_64-fedora-gcc, r-devel-osx-x86_64-clang, r-patched-solaris-x86, r-release-linux-x86_64

Version: 0.1.8
Check: package dependencies
Result: NOTE
    Packages suggested but not available for checking: ‘rrcov’ ‘ipred’ ‘TIMP’
Flavor: r-release-osx-x86_64-mavericks

Version: 0.1.8
Check: Rd cross-references
Result: NOTE
    Package unavailable to check Rd xrefs: ‘chemometrics’
Flavor: r-release-osx-x86_64-mavericks

Version: 0.1.8
Check: package dependencies
Result: NOTE
    Packages suggested but not available for checking: ‘TIMP’ ‘dtw’
Flavor: r-release-osx-x86_64-snowleopard