CRAN Package Check Results for Package ChemometricsWithR

Last updated on 2017-06-25 16:51:53.

Flavor Version Tinstall Tcheck Ttotal Status Flags
r-devel-linux-x86_64-debian-clang 0.1.9 0.99 19.76 20.75 OK
r-devel-linux-x86_64-debian-gcc 0.1.9 0.98 20.47 21.44 NOTE
r-devel-linux-x86_64-fedora-clang 0.1.9 39.15 OK
r-devel-linux-x86_64-fedora-gcc 0.1.9 34.67 OK
r-devel-windows-ix86+x86_64 0.1.9 5.00 59.00 64.00 OK
r-patched-linux-x86_64 0.1.9 1.03 20.12 21.15 OK
r-patched-solaris-sparc 0.1.9 194.50 OK
r-patched-solaris-x86 0.1.9 50.30 OK
r-release-linux-x86_64 0.1.9 1.08 19.43 20.51 OK
r-release-windows-ix86+x86_64 0.1.9 7.00 56.00 63.00 OK
r-release-osx-x86_64 0.1.9 OK
r-oldrel-windows-ix86+x86_64 0.1.9 3.00 52.00 55.00 OK
r-oldrel-osx-x86_64 0.1.9 OK

Check Details

Version: 0.1.9
Check: package dependencies
Result: NOTE
    Package suggested but not available for checking: ‘rrcov’
Flavor: r-devel-linux-x86_64-debian-gcc