CRAN Package Check Results for Package ChemometricsWithR

Last updated on 2014-04-23 12:48:15.

Flavor Version Tinstall Tcheck Ttotal Status Flags
r-devel-linux-x86_64-debian-clang 0.1.7 0.92 20.16 21.08 NOTE
r-devel-linux-x86_64-debian-gcc 0.1.7 0.84 19.94 20.78 NOTE
r-devel-linux-x86_64-fedora-clang 0.1.7 38.85 NOTE
r-devel-linux-x86_64-fedora-gcc 0.1.7 37.71 NOTE
r-devel-osx-x86_64-clang 0.1.7 42.45 NOTE
r-devel-osx-x86_64-gcc 0.1.7 NOTE
r-devel-windows-ix86+x86_64 0.1.7 3.00 30.00 33.00 NOTE
r-patched-linux-x86_64 0.1.7 0.88 19.76 20.64 NOTE
r-patched-solaris-sparc 0.1.7 218.20 NOTE
r-patched-solaris-x86 0.1.7 53.10 NOTE
r-release-linux-ix86 0.1.7 2.00 37.00 39.00 NOTE
r-release-linux-x86_64 0.1.7 0.85 19.91 20.76 NOTE
r-release-osx-x86_64-mavericks 0.1.7 WARN
r-release-windows-ix86+x86_64 0.1.7 3.00 31.00 34.00 NOTE
r-oldrel-windows-ix86+x86_64 0.1.7 4.00 34.00 38.00 NOTE

Check Details

Version: 0.1.7
Check: dependencies in R code
Result: NOTE
    Packages in Depends field not imported from:
     ‘MASS’ ‘pls’
     These packages need to be imported from (in the NAMESPACE file)
     for when this namespace is loaded but not attached.
    See the information on DESCRIPTION files in the chapter ‘Creating R
    packages’ of the ‘Writing R Extensions’ manual.
Flavors: r-devel-linux-x86_64-debian-clang, r-devel-linux-x86_64-debian-gcc, r-devel-linux-x86_64-fedora-clang, r-devel-linux-x86_64-fedora-gcc, r-devel-osx-x86_64-clang, r-devel-osx-x86_64-gcc, r-devel-windows-ix86+x86_64, r-patched-linux-x86_64, r-patched-solaris-sparc, r-patched-solaris-x86, r-release-linux-ix86, r-release-linux-x86_64, r-release-osx-x86_64-mavericks, r-release-windows-ix86+x86_64, r-oldrel-windows-ix86+x86_64

Version: 0.1.7
Check: package dependencies
Result: NOTE
    Packages suggested but not available for checking:
     ‘rrcov’ ‘ipred’ ‘TIMP’ ‘dtw’
Flavor: r-devel-osx-x86_64-gcc

Version: 0.1.7
Check: Rd cross-references
Result: NOTE
    Package unavailable to check Rd xrefs: ‘chemometrics’
Flavors: r-devel-osx-x86_64-gcc, r-release-osx-x86_64-mavericks

Version: 0.1.7
Check: package dependencies
Result: NOTE
    Packages suggested but not available for checking: ‘rrcov’ ‘ipred’
Flavor: r-release-osx-x86_64-mavericks

Version: 0.1.7
Check: PDF version of manual
Result: WARNING
    LaTeX errors when creating PDF version.
    This typically indicates Rd problems.
    LaTeX errors found:
    ! LaTeX Error: File `upquote.sty' not found.
    
    Type X to quit or <RETURN> to proceed,
    or enter new name. (Default extension: sty)
    
    587b27f/Rd2.tex:8: ==> Fatal error occurred, no output PDF file produced!
Flavor: r-release-osx-x86_64-mavericks