CRAN Package Check Results for Package ChemometricsWithR

Last updated on 2020-01-18 17:46:25 CET.

Flavor Version Tinstall Tcheck Ttotal Status Flags
r-devel-linux-x86_64-debian-clang 0.1.13 8.27 59.80 68.07 NOTE
r-devel-linux-x86_64-debian-gcc 0.1.13 6.28 45.25 51.53 NOTE
r-devel-linux-x86_64-fedora-clang 0.1.13 86.65 NOTE
r-devel-linux-x86_64-fedora-gcc 0.1.13 80.54 NOTE
r-devel-windows-ix86+x86_64 0.1.13 34.00 115.00 149.00 OK
r-devel-windows-ix86+x86_64-gcc8 0.1.13 19.00 84.00 103.00 OK
r-patched-linux-x86_64 0.1.13 6.28 51.95 58.23 NOTE
r-patched-solaris-x86 0.1.13 95.30 NOTE
r-release-linux-x86_64 0.1.13 6.47 52.36 58.83 NOTE
r-release-windows-ix86+x86_64 0.1.13 23.00 102.00 125.00 OK
r-release-osx-x86_64 0.1.13 OK
r-oldrel-windows-ix86+x86_64 0.1.13 16.00 88.00 104.00 OK
r-oldrel-osx-x86_64 0.1.13 OK

Check Details

Version: 0.1.13
Check: package dependencies
Result: NOTE
    Package suggested but not available for checking: 'rda'
Flavors: r-devel-linux-x86_64-debian-clang, r-devel-linux-x86_64-debian-gcc, r-devel-linux-x86_64-fedora-clang, r-devel-linux-x86_64-fedora-gcc, r-patched-linux-x86_64, r-patched-solaris-x86, r-release-linux-x86_64