CRAN Package Check Results for Package ChemometricsWithRData

Last updated on 2017-10-20 00:52:31.

Flavor Version Tinstall Tcheck Ttotal Status Flags
r-release-osx-x86_64 0.1.3 NOTE

Check Details

Version: 0.1.3
Check: installed package size
Result: NOTE
     installed size is 59.7Mb
     sub-directories of 1Mb or more:
     data 59.6Mb
Flavor: r-release-osx-x86_64