CRAN Package Check Results for Package ChemometricsWithRData

Last updated on 2014-11-27 20:46:51.

Flavor Version Tinstall Tcheck Ttotal Status Flags
r-devel-linux-x86_64-debian-clang 0.1.3 3.28 13.39 16.66 NOTE
r-devel-linux-x86_64-debian-gcc 0.1.3 3.06 13.49 16.55 NOTE
r-devel-linux-x86_64-fedora-clang 0.1.3 27.03 NOTE
r-devel-linux-x86_64-fedora-gcc 0.1.3 25.46 NOTE
r-devel-osx-x86_64-clang 0.1.3 29.08 NOTE
r-devel-windows-ix86+x86_64 0.1.3 8.00 17.00 25.00 NOTE
r-patched-linux-x86_64 0.1.3 3.48 13.76 17.24 NOTE
r-patched-solaris-sparc 0.1.3 198.80 NOTE
r-patched-solaris-x86 0.1.3 42.20 NOTE
r-release-linux-ix86 0.1.3 4.53 18.15 22.68 NOTE
r-release-linux-x86_64 0.1.3 3.17 12.82 15.99 NOTE
r-release-osx-x86_64-mavericks 0.1.3 NOTE
r-release-windows-ix86+x86_64 0.1.3 8.00 19.00 27.00 NOTE
r-oldrel-windows-ix86+x86_64 0.1.3 12.00 23.00 35.00 NOTE

Check Details

Version: 0.1.3
Check: installed package size
Result: NOTE
     installed size is 59.7Mb
     sub-directories of 1Mb or more:
     data 59.6Mb
Flavors: r-devel-linux-x86_64-debian-clang, r-devel-linux-x86_64-debian-gcc, r-devel-linux-x86_64-fedora-clang, r-devel-linux-x86_64-fedora-gcc, r-devel-osx-x86_64-clang, r-devel-windows-ix86+x86_64, r-patched-linux-x86_64, r-patched-solaris-sparc, r-patched-solaris-x86, r-release-linux-ix86, r-release-linux-x86_64, r-release-osx-x86_64-mavericks, r-release-windows-ix86+x86_64, r-oldrel-windows-ix86+x86_64