CRAN Package Check Results for Package ChemometricsWithRData

Last updated on 2014-08-22 22:46:34.

Flavor Version Tinstall Tcheck Ttotal Status Flags
r-devel-linux-x86_64-debian-clang 0.1.3 3.26 12.10 15.36 NOTE
r-devel-linux-x86_64-debian-gcc 0.1.3 3.62 12.22 15.84 NOTE
r-devel-linux-x86_64-fedora-clang 0.1.3 22.84 NOTE
r-devel-linux-x86_64-fedora-gcc 0.1.3 20.70 NOTE
r-devel-osx-x86_64-clang 0.1.3 25.96 NOTE
r-devel-windows-ix86+x86_64 0.1.3 7.00 17.00 24.00 NOTE
r-patched-linux-x86_64 0.1.3 3.19 12.28 15.47 NOTE
r-patched-solaris-sparc 0.1.3 198.80 NOTE
r-patched-solaris-x86 0.1.3 39.40 NOTE
r-release-linux-ix86 0.1.3 4.55 18.74 23.30 NOTE
r-release-linux-x86_64 0.1.3 3.22 12.46 15.68 NOTE
r-release-osx-x86_64-mavericks 0.1.3 NOTE
r-release-windows-ix86+x86_64 0.1.3 9.00 21.00 30.00 NOTE
r-oldrel-windows-ix86+x86_64 0.1.3 12.00 23.00 35.00 NOTE

Check Details

Version: 0.1.3
Check: installed package size
Result: NOTE
     installed size is 59.7Mb
     sub-directories of 1Mb or more:
     data 59.6Mb
Flavors: r-devel-linux-x86_64-debian-clang, r-devel-linux-x86_64-debian-gcc, r-devel-linux-x86_64-fedora-clang, r-devel-linux-x86_64-fedora-gcc, r-devel-osx-x86_64-clang, r-devel-windows-ix86+x86_64, r-patched-linux-x86_64, r-patched-solaris-sparc, r-patched-solaris-x86, r-release-linux-ix86, r-release-linux-x86_64, r-release-osx-x86_64-mavericks, r-release-windows-ix86+x86_64, r-oldrel-windows-ix86+x86_64