CRAN Package Check Results for Package ChemometricsWithRData

Last updated on 2016-08-28 03:47:01.

Flavor Version Tinstall Tcheck Ttotal Status Flags
r-devel-linux-x86_64-debian-clang 0.1.3 3.59 13.57 17.17 NOTE
r-devel-linux-x86_64-debian-gcc 0.1.3 3.34 13.41 16.75 NOTE
r-devel-linux-x86_64-fedora-clang 0.1.3 21.55 NOTE
r-devel-linux-x86_64-fedora-gcc 0.1.3 22.09 NOTE
r-devel-osx-x86_64-clang 0.1.3 19.27 NOTE
r-devel-windows-ix86+x86_64 0.1.3 11.00 26.00 37.00 NOTE
r-patched-linux-x86_64 0.1.3 3.29 13.18 16.47 NOTE
r-patched-solaris-sparc 0.1.3 170.00 NOTE
r-patched-solaris-x86 0.1.3 36.50 NOTE
r-release-linux-x86_64 0.1.3 2.99 14.19 17.18 NOTE
r-release-osx-x86_64-mavericks 0.1.3 NOTE
r-release-windows-ix86+x86_64 0.1.3 9.00 29.00 38.00 NOTE
r-oldrel-windows-ix86+x86_64 0.1.3 8.00 20.00 28.00 NOTE

Check Details

Version: 0.1.3
Check: installed package size
Result: NOTE
     installed size is 59.7Mb
     sub-directories of 1Mb or more:
     data 59.6Mb
Flavors: r-devel-linux-x86_64-debian-clang, r-devel-linux-x86_64-debian-gcc, r-devel-linux-x86_64-fedora-clang, r-devel-linux-x86_64-fedora-gcc, r-devel-osx-x86_64-clang, r-devel-windows-ix86+x86_64, r-patched-linux-x86_64, r-patched-solaris-sparc, r-patched-solaris-x86, r-release-linux-x86_64, r-release-osx-x86_64-mavericks, r-release-windows-ix86+x86_64, r-oldrel-windows-ix86+x86_64