CRAN Package Check Results for Package ChemometricsWithRData

Last updated on 2014-07-22 23:48:16.

Flavor Version Tinstall Tcheck Ttotal Status Flags
r-devel-linux-x86_64-debian-clang 0.1.3 3.52 12.37 15.89 NOTE
r-devel-linux-x86_64-debian-gcc 0.1.3 2.92 12.28 15.20 NOTE
r-devel-linux-x86_64-fedora-clang 0.1.3 23.06 NOTE
r-devel-linux-x86_64-fedora-gcc 0.1.3 22.90 NOTE
r-devel-osx-x86_64-clang 0.1.3 26.37 NOTE
r-devel-windows-ix86+x86_64 0.1.3 9.00 17.00 26.00 NOTE
r-patched-linux-x86_64 0.1.3 3.12 11.90 15.02 NOTE
r-patched-solaris-sparc 0.1.3 171.80 NOTE
r-patched-solaris-x86 0.1.3 38.80 NOTE
r-release-linux-ix86 0.1.3 4.52 18.38 22.90 NOTE
r-release-linux-x86_64 0.1.3 3.18 12.39 15.57 NOTE
r-release-osx-x86_64-mavericks 0.1.3 NOTE
r-release-windows-ix86+x86_64 0.1.3 9.00 18.00 27.00 NOTE
r-oldrel-windows-ix86+x86_64 0.1.3 4.00 18.00 22.00 NOTE

Check Details

Version: 0.1.3
Check: installed package size
Result: NOTE
     installed size is 59.7Mb
     sub-directories of 1Mb or more:
     data 59.6Mb
Flavors: r-devel-linux-x86_64-debian-clang, r-devel-linux-x86_64-debian-gcc, r-devel-linux-x86_64-fedora-clang, r-devel-linux-x86_64-fedora-gcc, r-devel-osx-x86_64-clang, r-devel-windows-ix86+x86_64, r-patched-linux-x86_64, r-patched-solaris-sparc, r-patched-solaris-x86, r-release-linux-ix86, r-release-linux-x86_64, r-release-osx-x86_64-mavericks, r-release-windows-ix86+x86_64, r-oldrel-windows-ix86+x86_64