CRAN Package Check Results for Package ChemometricsWithRData

Last updated on 2017-04-29 08:48:40.

Flavor Version Tinstall Tcheck Ttotal Status Flags
r-devel-linux-x86_64-debian-clang 0.1.3 3.62 13.33 16.95 OK
r-devel-linux-x86_64-debian-gcc 0.1.3 3.46 13.57 17.03 OK
r-devel-linux-x86_64-fedora-clang 0.1.3 22.81 NOTE --no-stop-on-test-error
r-devel-linux-x86_64-fedora-gcc 0.1.3 22.61 NOTE --no-stop-on-test-error
r-devel-windows-ix86+x86_64 0.1.3 10.00 37.00 47.00 NOTE
r-patched-linux-x86_64 0.1.3 3.00 13.46 16.45 OK
r-patched-solaris-sparc 0.1.3 177.70 NOTE
r-patched-solaris-x86 0.1.3 40.90 NOTE
r-release-linux-x86_64 0.1.3 3.01 13.70 16.71 OK
r-release-windows-ix86+x86_64 0.1.3 7.00 31.00 38.00 NOTE
r-release-osx-x86_64 0.1.3 NOTE
r-oldrel-windows-ix86+x86_64 0.1.3 7.00 29.00 36.00 NOTE
r-oldrel-osx-x86_64 0.1.3 NOTE

Check Details

Version: 0.1.3
Flags: --no-stop-on-test-error
Check: installed package size
Result: NOTE
     installed size is 59.7Mb
     sub-directories of 1Mb or more:
     data 59.6Mb
Flavors: r-devel-linux-x86_64-fedora-clang, r-devel-linux-x86_64-fedora-gcc

Version: 0.1.3
Check: installed package size
Result: NOTE
     installed size is 59.7Mb
     sub-directories of 1Mb or more:
     data 59.6Mb
Flavors: r-devel-windows-ix86+x86_64, r-patched-solaris-sparc, r-patched-solaris-x86, r-release-windows-ix86+x86_64, r-release-osx-x86_64, r-oldrel-windows-ix86+x86_64, r-oldrel-osx-x86_64