CRAN Package Check Results for Package ChemometricsWithRData

Last updated on 2014-12-26 12:48:44.

Flavor Version Tinstall Tcheck Ttotal Status Flags
r-devel-linux-x86_64-debian-clang 0.1.3 3.30 14.17 17.47 NOTE
r-devel-linux-x86_64-debian-gcc 0.1.3 2.88 13.32 16.20 NOTE
r-devel-linux-x86_64-fedora-clang 0.1.3 25.44 NOTE
r-devel-linux-x86_64-fedora-gcc 0.1.3 24.95 NOTE
r-devel-osx-x86_64-clang 0.1.3 28.53 NOTE
r-devel-windows-ix86+x86_64 0.1.3 10.00 24.00 34.00 NOTE
r-patched-linux-x86_64 0.1.3 3.11 12.62 15.74 NOTE
r-patched-solaris-sparc 0.1.3 190.00 NOTE
r-patched-solaris-x86 0.1.3 41.80 NOTE
r-release-linux-ix86 0.1.3 4.58 18.44 23.01 NOTE
r-release-linux-x86_64 0.1.3 3.12 12.92 16.04 NOTE
r-release-osx-x86_64-mavericks 0.1.3 NOTE
r-release-windows-ix86+x86_64 0.1.3 8.00 19.00 27.00 NOTE
r-oldrel-windows-ix86+x86_64 0.1.3 12.00 23.00 35.00 NOTE

Check Details

Version: 0.1.3
Check: installed package size
Result: NOTE
     installed size is 59.7Mb
     sub-directories of 1Mb or more:
     data 59.6Mb
Flavors: r-devel-linux-x86_64-debian-clang, r-devel-linux-x86_64-debian-gcc, r-devel-linux-x86_64-fedora-clang, r-devel-linux-x86_64-fedora-gcc, r-devel-osx-x86_64-clang, r-devel-windows-ix86+x86_64, r-patched-linux-x86_64, r-patched-solaris-sparc, r-patched-solaris-x86, r-release-linux-ix86, r-release-linux-x86_64, r-release-osx-x86_64-mavericks, r-release-windows-ix86+x86_64, r-oldrel-windows-ix86+x86_64