CRAN Package Check Results for Package ChemometricsWithRData

Last updated on 2016-12-05 14:47:03.

Flavor Version Tinstall Tcheck Ttotal Status Flags
r-devel-linux-x86_64-debian-clang 0.1.3 3.38 13.88 17.26 OK
r-devel-linux-x86_64-debian-gcc 0.1.3 5.14 13.52 18.66 OK
r-devel-linux-x86_64-fedora-clang 0.1.3 23.04 NOTE --no-stop-on-test-error
r-devel-linux-x86_64-fedora-gcc 0.1.3 23.45 NOTE --no-stop-on-test-error
r-devel-macos-x86_64-clang 0.1.3 20.90 NOTE
r-devel-windows-ix86+x86_64 0.1.3 10.00 33.00 43.00 NOTE
r-patched-linux-x86_64 0.1.3 3.36 12.85 16.21 OK
r-patched-solaris-sparc 0.1.3 170.00 NOTE
r-patched-solaris-x86 0.1.3 36.20 NOTE
r-release-linux-x86_64 0.1.3 3.38 13.31 16.69 OK
r-release-osx-x86_64-mavericks 0.1.3 NOTE
r-release-windows-ix86+x86_64 0.1.3 7.00 29.00 36.00 NOTE
r-oldrel-windows-ix86+x86_64 0.1.3 7.00 25.00 32.00 NOTE

Check Details

Version: 0.1.3
Flags: --no-stop-on-test-error
Check: installed package size
Result: NOTE
     installed size is 59.7Mb
     sub-directories of 1Mb or more:
     data 59.6Mb
Flavors: r-devel-linux-x86_64-fedora-clang, r-devel-linux-x86_64-fedora-gcc

Version: 0.1.3
Check: installed package size
Result: NOTE
     installed size is 59.7Mb
     sub-directories of 1Mb or more:
     data 59.6Mb
Flavors: r-devel-macos-x86_64-clang, r-devel-windows-ix86+x86_64, r-patched-solaris-sparc, r-patched-solaris-x86, r-release-osx-x86_64-mavericks, r-release-windows-ix86+x86_64, r-oldrel-windows-ix86+x86_64