CRAN Package Check Results for Package ChemometricsWithRData

Last updated on 2015-05-30 03:48:33.

Flavor Version Tinstall Tcheck Ttotal Status Flags
r-devel-linux-x86_64-debian-clang 0.1.3 3.19 12.47 15.66 NOTE
r-devel-linux-x86_64-debian-gcc 0.1.3 3.41 12.80 16.21 NOTE
r-devel-linux-x86_64-fedora-clang 0.1.3 23.03 NOTE
r-devel-linux-x86_64-fedora-gcc 0.1.3 23.10 NOTE
r-devel-osx-x86_64-clang 0.1.3 28.18 NOTE
r-devel-windows-ix86+x86_64 0.1.3 8.00 21.00 29.00 NOTE
r-patched-linux-x86_64 0.1.3 2.85 13.06 15.91 NOTE
r-patched-solaris-sparc 0.1.3 199.10 NOTE
r-patched-solaris-x86 0.1.3 40.10 NOTE
r-release-linux-x86_64 0.1.3 2.92 12.88 15.80 NOTE
r-release-osx-x86_64-mavericks 0.1.3 NOTE
r-release-osx-x86_64-snowleopard 0.1.3 NOTE
r-release-windows-ix86+x86_64 0.1.3 7.00 19.00 26.00 NOTE
r-oldrel-windows-ix86+x86_64 0.1.3 10.00 25.00 35.00 NOTE

Check Details

Version: 0.1.3
Check: installed package size
Result: NOTE
     installed size is 59.7Mb
     sub-directories of 1Mb or more:
     data 59.6Mb
Flavors: r-devel-linux-x86_64-debian-clang, r-devel-linux-x86_64-debian-gcc, r-devel-linux-x86_64-fedora-clang, r-devel-linux-x86_64-fedora-gcc, r-devel-osx-x86_64-clang, r-devel-windows-ix86+x86_64, r-patched-linux-x86_64, r-patched-solaris-sparc, r-patched-solaris-x86, r-release-linux-x86_64, r-release-osx-x86_64-mavericks, r-release-osx-x86_64-snowleopard, r-release-windows-ix86+x86_64, r-oldrel-windows-ix86+x86_64