CRAN Package Check Results for Package ChemometricsWithRData

Last updated on 2015-07-07 15:46:23.

Flavor Version Tinstall Tcheck Ttotal Status Flags
r-devel-linux-x86_64-debian-clang 0.1.3 3.06 12.93 15.99 NOTE
r-devel-linux-x86_64-debian-gcc 0.1.3 3.60 13.62 17.22 NOTE
r-devel-linux-x86_64-fedora-clang 0.1.3 22.33 NOTE
r-devel-linux-x86_64-fedora-gcc 0.1.3 21.95 NOTE
r-devel-osx-x86_64-clang 0.1.3 22.97 NOTE
r-devel-windows-ix86+x86_64 0.1.3 9.00 21.00 30.00 NOTE
r-patched-linux-x86_64 0.1.3 2.91 12.86 15.77 NOTE
r-patched-solaris-sparc 0.1.3 199.10 NOTE
r-patched-solaris-x86 0.1.3 40.20 NOTE
r-release-linux-x86_64 0.1.3 2.89 12.80 15.68 NOTE
r-release-osx-x86_64-mavericks 0.1.3 NOTE
r-release-windows-ix86+x86_64 0.1.3 8.00 20.00 28.00 NOTE
r-oldrel-windows-ix86+x86_64 0.1.3 10.00 25.00 35.00 NOTE

Check Details

Version: 0.1.3
Check: installed package size
Result: NOTE
     installed size is 59.7Mb
     sub-directories of 1Mb or more:
     data 59.6Mb
Flavors: r-devel-linux-x86_64-debian-clang, r-devel-linux-x86_64-debian-gcc, r-devel-linux-x86_64-fedora-clang, r-devel-linux-x86_64-fedora-gcc, r-devel-osx-x86_64-clang, r-devel-windows-ix86+x86_64, r-patched-linux-x86_64, r-patched-solaris-sparc, r-patched-solaris-x86, r-release-linux-x86_64, r-release-osx-x86_64-mavericks, r-release-windows-ix86+x86_64, r-oldrel-windows-ix86+x86_64