CRAN Package Check Results for Package ChemometricsWithRData

Last updated on 2014-04-23 12:48:15.

Flavor Version Tinstall Tcheck Ttotal Status Flags
r-devel-linux-x86_64-debian-clang 0.1.3 3.60 12.42 16.02 NOTE
r-devel-linux-x86_64-debian-gcc 0.1.3 3.28 11.93 15.20 NOTE
r-devel-linux-x86_64-fedora-clang 0.1.3 22.05 NOTE
r-devel-linux-x86_64-fedora-gcc 0.1.3 22.80 NOTE
r-devel-osx-x86_64-clang 0.1.3 26.52 NOTE
r-devel-osx-x86_64-gcc 0.1.3 NOTE
r-devel-windows-ix86+x86_64 0.1.3 8.00 17.00 25.00 NOTE
r-patched-linux-x86_64 0.1.3 3.66 11.76 15.41 NOTE
r-patched-solaris-sparc 0.1.3 171.80 NOTE
r-patched-solaris-x86 0.1.3 37.60 NOTE
r-release-linux-ix86 0.1.3 6.00 24.00 30.00 NOTE
r-release-linux-x86_64 0.1.3 3.46 12.08 15.54 NOTE
r-release-osx-x86_64-mavericks 0.1.3 NOTE
r-release-windows-ix86+x86_64 0.1.3 10.00 23.00 33.00 NOTE
r-oldrel-windows-ix86+x86_64 0.1.3 4.00 18.00 22.00 NOTE

Check Details

Version: 0.1.3
Check: installed package size
Result: NOTE
     installed size is 59.7Mb
     sub-directories of 1Mb or more:
     data 59.6Mb
Flavors: r-devel-linux-x86_64-debian-clang, r-devel-linux-x86_64-debian-gcc, r-devel-linux-x86_64-fedora-clang, r-devel-linux-x86_64-fedora-gcc, r-devel-osx-x86_64-clang, r-devel-osx-x86_64-gcc, r-devel-windows-ix86+x86_64, r-patched-linux-x86_64, r-patched-solaris-sparc, r-patched-solaris-x86, r-release-linux-ix86, r-release-linux-x86_64, r-release-osx-x86_64-mavericks, r-release-windows-ix86+x86_64, r-oldrel-windows-ix86+x86_64