CRAN Package Check Results for Package ChemometricsWithRData

Last updated on 2016-07-28 05:50:06.

Flavor Version Tinstall Tcheck Ttotal Status Flags
r-devel-linux-x86_64-debian-clang 0.1.3 3.87 15.08 18.95 NOTE
r-devel-linux-x86_64-debian-gcc 0.1.3 3.32 15.53 18.85 NOTE
r-devel-linux-x86_64-fedora-clang 0.1.3 23.99 NOTE
r-devel-linux-x86_64-fedora-gcc 0.1.3 20.89 NOTE
r-devel-osx-x86_64-clang 0.1.3 19.11 NOTE
r-devel-windows-ix86+x86_64 0.1.3 8.00 28.00 36.00 NOTE
r-patched-linux-x86_64 0.1.3 3.38 15.71 19.09 NOTE
r-patched-solaris-sparc 0.1.3 170.00 NOTE
r-patched-solaris-x86 0.1.3 37.20 NOTE
r-release-linux-x86_64 0.1.3 3.10 15.69 18.79 NOTE
r-release-osx-x86_64-mavericks 0.1.3 NOTE
r-release-windows-ix86+x86_64 0.1.3 9.00 29.00 38.00 NOTE
r-oldrel-windows-ix86+x86_64 0.1.3 8.00 20.00 28.00 NOTE

Check Details

Version: 0.1.3
Check: installed package size
Result: NOTE
     installed size is 59.7Mb
     sub-directories of 1Mb or more:
     data 59.6Mb
Flavors: r-devel-linux-x86_64-debian-clang, r-devel-linux-x86_64-debian-gcc, r-devel-linux-x86_64-fedora-clang, r-devel-linux-x86_64-fedora-gcc, r-devel-osx-x86_64-clang, r-devel-windows-ix86+x86_64, r-patched-linux-x86_64, r-patched-solaris-sparc, r-patched-solaris-x86, r-release-linux-x86_64, r-release-osx-x86_64-mavericks, r-release-windows-ix86+x86_64, r-oldrel-windows-ix86+x86_64