CRAN Package Check Results for Package ChemometricsWithRData

Last updated on 2014-10-26 05:47:12.

Flavor Version Tinstall Tcheck Ttotal Status Flags
r-devel-linux-x86_64-debian-clang 0.1.3 4.50 13.30 17.80 NOTE
r-devel-linux-x86_64-debian-gcc 0.1.3 2.88 13.38 16.26 NOTE
r-devel-linux-x86_64-fedora-clang 0.1.3 25.05 NOTE
r-devel-linux-x86_64-fedora-gcc 0.1.3 24.12 NOTE
r-devel-osx-x86_64-clang 0.1.3 28.98 NOTE
r-devel-windows-ix86+x86_64 0.1.3 7.00 18.00 25.00 NOTE
r-patched-linux-x86_64 0.1.3 3.12 13.27 16.40 NOTE
r-patched-solaris-sparc 0.1.3 198.80 NOTE
r-patched-solaris-x86 0.1.3 42.80 NOTE
r-release-linux-ix86 0.1.3 4.59 18.50 23.09 NOTE
r-release-linux-x86_64 0.1.3 3.16 12.50 15.65 NOTE
r-release-osx-x86_64-mavericks 0.1.3 NOTE
r-release-windows-ix86+x86_64 0.1.3 9.00 21.00 30.00 NOTE
r-oldrel-windows-ix86+x86_64 0.1.3 12.00 23.00 35.00 NOTE

Check Details

Version: 0.1.3
Check: installed package size
Result: NOTE
     installed size is 59.7Mb
     sub-directories of 1Mb or more:
     data 59.6Mb
Flavors: r-devel-linux-x86_64-debian-clang, r-devel-linux-x86_64-debian-gcc, r-devel-linux-x86_64-fedora-clang, r-devel-linux-x86_64-fedora-gcc, r-devel-osx-x86_64-clang, r-devel-windows-ix86+x86_64, r-patched-linux-x86_64, r-patched-solaris-sparc, r-patched-solaris-x86, r-release-linux-ix86, r-release-linux-x86_64, r-release-osx-x86_64-mavericks, r-release-windows-ix86+x86_64, r-oldrel-windows-ix86+x86_64