CRAN Package Check Results for Package ChemometricsWithRData

Last updated on 2017-08-18 17:47:36.

Flavor Version Tinstall Tcheck Ttotal Status Flags
r-devel-linux-x86_64-debian-clang 0.1.3 3.46 13.27 16.72 OK
r-devel-linux-x86_64-debian-gcc 0.1.3 3.11 13.69 16.80 OK
r-devel-linux-x86_64-fedora-clang 0.1.3 23.66 NOTE
r-devel-linux-x86_64-fedora-gcc 0.1.3 25.60 NOTE
r-devel-windows-ix86+x86_64 0.1.3 10.00 37.00 47.00 NOTE
r-patched-linux-x86_64 0.1.3 3.06 13.65 16.70 OK
r-patched-solaris-x86 0.1.3 40.80 NOTE
r-release-linux-x86_64 0.1.3 3.05 13.60 16.65 OK
r-release-windows-ix86+x86_64 0.1.3 7.00 29.00 36.00 NOTE
r-release-osx-x86_64 0.1.3 NOTE
r-oldrel-windows-ix86+x86_64 0.1.3 7.00 29.00 36.00 NOTE
r-oldrel-osx-x86_64 0.1.3 NOTE

Check Details

Version: 0.1.3
Check: installed package size
Result: NOTE
     installed size is 59.7Mb
     sub-directories of 1Mb or more:
     data 59.6Mb
Flavors: r-devel-linux-x86_64-fedora-clang, r-devel-linux-x86_64-fedora-gcc, r-devel-windows-ix86+x86_64, r-patched-solaris-x86, r-release-windows-ix86+x86_64, r-release-osx-x86_64, r-oldrel-windows-ix86+x86_64, r-oldrel-osx-x86_64