CRAN Package Check Results for Package ChemometricsWithRData

Last updated on 2017-06-25 10:46:56.

Flavor Version Tinstall Tcheck Ttotal Status Flags
r-devel-linux-x86_64-debian-clang 0.1.3 3.16 13.97 17.13 OK
r-devel-linux-x86_64-debian-gcc 0.1.3 3.12 13.89 17.01 OK
r-devel-linux-x86_64-fedora-clang 0.1.3 24.22 NOTE
r-devel-linux-x86_64-fedora-gcc 0.1.3 22.64 NOTE
r-devel-windows-ix86+x86_64 0.1.3 7.00 30.00 37.00 NOTE
r-patched-linux-x86_64 0.1.3 3.02 13.72 16.74 OK
r-patched-solaris-sparc 0.1.3 177.70 NOTE
r-patched-solaris-x86 0.1.3 40.20 NOTE
r-release-linux-x86_64 0.1.3 3.04 14.26 17.31 OK
r-release-windows-ix86+x86_64 0.1.3 7.00 31.00 38.00 NOTE
r-release-osx-x86_64 0.1.3 NOTE
r-oldrel-windows-ix86+x86_64 0.1.3 7.00 29.00 36.00 NOTE
r-oldrel-osx-x86_64 0.1.3 NOTE

Check Details

Version: 0.1.3
Check: installed package size
Result: NOTE
     installed size is 59.7Mb
     sub-directories of 1Mb or more:
     data 59.6Mb
Flavors: r-devel-linux-x86_64-fedora-clang, r-devel-linux-x86_64-fedora-gcc, r-devel-windows-ix86+x86_64, r-patched-solaris-sparc, r-patched-solaris-x86, r-release-windows-ix86+x86_64, r-release-osx-x86_64, r-oldrel-windows-ix86+x86_64, r-oldrel-osx-x86_64