CRAN Package Check Results for Package ChemometricsWithRData

Last updated on 2018-04-26 06:47:07 CEST.

Flavor Version Tinstall Tcheck Ttotal Status Flags
r-oldrel-osx-x86_64 0.1.3 NOTE

Check Details

Version: 0.1.3
Check: installed package size
Result: NOTE
     installed size is 59.7Mb
     sub-directories of 1Mb or more:
     data 59.6Mb
Flavor: r-oldrel-osx-x86_64