CRAN Package Check Results for Package ChemometricsWithRData

Last updated on 2015-04-26 03:47:28.

Flavor Version Tinstall Tcheck Ttotal Status Flags
r-devel-linux-x86_64-debian-clang 0.1.3 3.37 12.45 15.82 NOTE
r-devel-linux-x86_64-debian-gcc 0.1.3 2.83 13.80 16.63 NOTE
r-devel-linux-x86_64-fedora-clang 0.1.3 23.56 NOTE
r-devel-linux-x86_64-fedora-gcc 0.1.3 22.98 NOTE
r-devel-osx-x86_64-clang 0.1.3 28.44 NOTE
r-devel-windows-ix86+x86_64 0.1.3 7.00 20.00 27.00 NOTE
r-patched-linux-x86_64 0.1.3 2.92 12.93 15.85 NOTE
r-patched-solaris-sparc 0.1.3 182.60 NOTE
r-patched-solaris-x86 0.1.3 40.10 NOTE
r-release-linux-x86_64 0.1.3 2.88 13.26 16.14 NOTE
r-release-osx-x86_64-mavericks 0.1.3 NOTE
r-release-osx-x86_64-snowleopard 0.1.3 NOTE
r-release-windows-ix86+x86_64 0.1.3 7.00 19.00 26.00 NOTE
r-oldrel-windows-ix86+x86_64 0.1.3 10.00 25.00 35.00 NOTE

Check Details

Version: 0.1.3
Check: installed package size
Result: NOTE
     installed size is 59.7Mb
     sub-directories of 1Mb or more:
     data 59.6Mb
Flavors: r-devel-windows-ix86+x86_64, r-release-windows-ix86+x86_64, r-oldrel-windows-ix86+x86_64