CRAN Package Check Results for Package ChoiceModelR

Last updated on 2015-03-02 19:52:10.

Flavor Version Tinstall Tcheck Ttotal Status Flags
r-devel-linux-x86_64-debian-clang 1.2 0.70 14.18 14.88 NOTE
r-devel-linux-x86_64-debian-gcc 1.2 0.66 14.67 15.33 NOTE
r-devel-linux-x86_64-fedora-clang 1.2 29.41 NOTE
r-devel-linux-x86_64-fedora-gcc 1.2 27.66 NOTE
r-devel-osx-x86_64-clang 1.2 29.95 NOTE
r-devel-windows-ix86+x86_64 1.2 5.00 29.00 34.00 NOTE
r-patched-linux-x86_64 1.2 0.74 16.74 17.48 NOTE
r-patched-solaris-sparc 1.2 205.00 NOTE
r-patched-solaris-x86 1.2 45.60 NOTE
r-release-linux-ix86 1.2 1.11 23.24 24.35 NOTE
r-release-linux-x86_64 1.2 0.92 16.24 17.16 NOTE
r-release-osx-x86_64-mavericks 1.2 NOTE
r-release-windows-ix86+x86_64 1.2 6.00 36.00 42.00 NOTE
r-oldrel-windows-ix86+x86_64 1.2 3.00 28.00 31.00 NOTE

Check Details

Version: 1.2
Check: top-level files
Result: NOTE
    File
     LICENSE
    is not mentioned in the DESCRIPTION file.
Flavors: r-devel-linux-x86_64-debian-clang, r-devel-linux-x86_64-debian-gcc, r-devel-linux-x86_64-fedora-clang, r-devel-linux-x86_64-fedora-gcc, r-devel-osx-x86_64-clang, r-devel-windows-ix86+x86_64, r-patched-linux-x86_64, r-patched-solaris-sparc, r-patched-solaris-x86, r-release-linux-ix86, r-release-linux-x86_64, r-release-osx-x86_64-mavericks, r-release-windows-ix86+x86_64, r-oldrel-windows-ix86+x86_64

Version: 1.2
Check: Rd line widths
Result: NOTE
    Rd file 'choicemodelr.Rd':
     \examples lines wider than 100 characters:
     estbetas = cbind(estbetas[,1:4],0-apply(estbetas[,1:4],1,sum),estbetas[,5:6],0-apply(estbetas[,5:6],1,sum))
     estbetas = cbind(estbetas[,1:4],0-apply(estbetas[,1:4],1,sum),estbetas[,5:6],0-apply(estbetas[,5:6],1,sum))
    
    These lines will be truncated in the PDF manual.
Flavors: r-devel-linux-x86_64-debian-clang, r-devel-linux-x86_64-debian-gcc, r-devel-linux-x86_64-fedora-clang, r-devel-linux-x86_64-fedora-gcc, r-patched-linux-x86_64, r-release-linux-ix86, r-release-linux-x86_64