CRAN Package Check Results for Package ChoiceModelR

Last updated on 2017-10-19 19:46:57.

Flavor Version Tinstall Tcheck Ttotal Status Flags
r-devel-linux-x86_64-debian-clang 1.2 0.75 17.24 17.99 NOTE
r-devel-linux-x86_64-debian-gcc 1.2 0.92 19.50 20.42 NOTE
r-devel-linux-x86_64-fedora-clang 1.2 32.40 NOTE
r-devel-linux-x86_64-fedora-gcc 1.2 30.95 NOTE
r-devel-windows-ix86+x86_64 1.2 2.00 31.00 33.00 NOTE
r-patched-linux-x86_64 1.2 0.79 16.65 17.44 NOTE
r-patched-solaris-x86 1.2 43.80 NOTE
r-release-linux-x86_64 1.2 0.83 16.93 17.75 NOTE
r-release-windows-ix86+x86_64 1.2 3.00 31.00 34.00 NOTE
r-release-osx-x86_64 1.2 NOTE
r-oldrel-windows-ix86+x86_64 1.2 3.00 39.00 42.00 NOTE
r-oldrel-osx-x86_64 1.2 NOTE

Check Details

Version: 1.2
Check: top-level files
Result: NOTE
    File
     LICENSE
    is not mentioned in the DESCRIPTION file.
Flavors: r-devel-linux-x86_64-debian-clang, r-devel-linux-x86_64-debian-gcc, r-devel-linux-x86_64-fedora-clang, r-devel-linux-x86_64-fedora-gcc, r-devel-windows-ix86+x86_64, r-patched-linux-x86_64, r-patched-solaris-x86, r-release-linux-x86_64, r-release-windows-ix86+x86_64, r-release-osx-x86_64, r-oldrel-windows-ix86+x86_64, r-oldrel-osx-x86_64

Version: 1.2
Check: R code for possible problems
Result: NOTE
    choicemodelr : drawDelta: no visible global function definition for
     ‘rnorm’
    choicemodelr : mnlRwMetropOnce: no visible global function definition
     for ‘rnorm’
    choicemodelr : mnlRwMetropOnce: no visible global function definition
     for ‘runif’
    choicemodelr : rmultireg: no visible global function definition for
     ‘rnorm’
    choicemodelr : rwishart: no visible global function definition for
     ‘rchisq’
    choicemodelr : rwishart: no visible global function definition for
     ‘rnorm’
    choicemodelr : fsh: no visible global function definition for
     ‘flush.console’
    choicemodelr: no visible global function definition for ‘matplot’
    choicemodelr: no visible global function definition for ‘write.table’
    Undefined global functions or variables:
     flush.console matplot rchisq rnorm runif write.table
    Consider adding
     importFrom("graphics", "matplot")
     importFrom("stats", "rchisq", "rnorm", "runif")
     importFrom("utils", "flush.console", "write.table")
    to your NAMESPACE file.
Flavors: r-devel-linux-x86_64-debian-clang, r-devel-linux-x86_64-debian-gcc, r-devel-linux-x86_64-fedora-clang, r-devel-linux-x86_64-fedora-gcc, r-devel-windows-ix86+x86_64, r-patched-linux-x86_64, r-patched-solaris-x86, r-release-linux-x86_64, r-release-windows-ix86+x86_64, r-release-osx-x86_64, r-oldrel-windows-ix86+x86_64, r-oldrel-osx-x86_64

Version: 1.2
Check: Rd line widths
Result: NOTE
    Rd file 'choicemodelr.Rd':
     \examples lines wider than 100 characters:
     estbetas = cbind(estbetas[,1:4],0-apply(estbetas[,1:4],1,sum),estbetas[,5:6],0-apply(estbetas[,5:6],1,sum))
     estbetas = cbind(estbetas[,1:4],0-apply(estbetas[,1:4],1,sum),estbetas[,5:6],0-apply(estbetas[,5:6],1,sum))
    
    These lines will be truncated in the PDF manual.
Flavors: r-devel-linux-x86_64-debian-clang, r-devel-linux-x86_64-debian-gcc, r-devel-linux-x86_64-fedora-clang, r-devel-linux-x86_64-fedora-gcc, r-patched-linux-x86_64, r-release-linux-x86_64