CRAN Package Check Results for Package ChoiceModelR

Last updated on 2014-04-24 17:49:41.

Flavor Version Tinstall Tcheck Ttotal Status Flags
r-devel-linux-x86_64-debian-clang 1.2 0.72 17.08 17.81 NOTE
r-devel-linux-x86_64-debian-gcc 1.2 0.70 16.68 17.37 NOTE
r-devel-linux-x86_64-fedora-clang 1.2 37.43 NOTE
r-devel-linux-x86_64-fedora-gcc 1.2 35.61 NOTE
r-devel-osx-x86_64-clang 1.2 35.89 NOTE
r-devel-osx-x86_64-gcc 1.2 NOTE
r-devel-windows-ix86+x86_64 1.2 2.00 26.00 28.00 NOTE
r-patched-linux-x86_64 1.2 0.70 17.46 18.16 NOTE
r-patched-solaris-sparc 1.2 200.90 NOTE
r-patched-solaris-x86 1.2 48.90 NOTE
r-release-linux-ix86 1.2 1.00 33.00 34.00 NOTE
r-release-linux-x86_64 1.2 0.72 16.88 17.60 NOTE
r-release-osx-x86_64-mavericks 1.2 WARN
r-release-windows-ix86+x86_64 1.2 2.00 27.00 29.00 NOTE
r-oldrel-windows-ix86+x86_64 1.2 2.00 27.00 29.00 NOTE

Check Details

Version: 1.2
Check: top-level files
Result: NOTE
    File
     LICENSE
    is not mentioned in the DESCRIPTION file.
Flavors: r-devel-linux-x86_64-debian-clang, r-devel-linux-x86_64-debian-gcc, r-devel-linux-x86_64-fedora-clang, r-devel-linux-x86_64-fedora-gcc, r-devel-osx-x86_64-clang, r-devel-osx-x86_64-gcc, r-devel-windows-ix86+x86_64, r-patched-linux-x86_64, r-patched-solaris-sparc, r-patched-solaris-x86, r-release-linux-ix86, r-release-linux-x86_64, r-release-osx-x86_64-mavericks, r-release-windows-ix86+x86_64, r-oldrel-windows-ix86+x86_64

Version: 1.2
Check: Rd line widths
Result: NOTE
    Rd file 'choicemodelr.Rd':
     \examples lines wider than 100 characters:
     estbetas = cbind(estbetas[,1:4],0-apply(estbetas[,1:4],1,sum),estbetas[,5:6],0-apply(estbetas[,5:6],1,sum))
     estbetas = cbind(estbetas[,1:4],0-apply(estbetas[,1:4],1,sum),estbetas[,5:6],0-apply(estbetas[,5:6],1,sum))
    
    These lines will be truncated in the PDF manual.
Flavors: r-devel-linux-x86_64-fedora-clang, r-devel-linux-x86_64-fedora-gcc

Version: 1.2
Check: PDF version of manual
Result: WARNING
    LaTeX errors when creating PDF version.
    This typically indicates Rd problems.
    LaTeX errors found:
    ! LaTeX Error: File `upquote.sty' not found.
    
    Type X to quit or <RETURN> to proceed,
    or enter new name. (Default extension: sty)
    
    6f06679/Rd2.tex:8: ==> Fatal error occurred, no output PDF file produced!
Flavor: r-release-osx-x86_64-mavericks