CRAN Package Check Results for Package ChoiceModelR

Last updated on 2015-05-28 19:47:13.

Flavor Version Tinstall Tcheck Ttotal Status Flags
r-devel-linux-x86_64-debian-clang 1.2 0.71 14.84 15.55 NOTE
r-devel-linux-x86_64-debian-gcc 1.2 0.68 13.89 14.56 NOTE
r-devel-linux-x86_64-fedora-clang 1.2 29.03 NOTE
r-devel-linux-x86_64-fedora-gcc 1.2 27.44 NOTE
r-devel-osx-x86_64-clang 1.2 31.28 NOTE
r-devel-windows-ix86+x86_64 1.2 2.00 21.00 23.00 NOTE
r-patched-linux-x86_64 1.2 0.68 14.08 14.76 NOTE
r-patched-solaris-sparc 1.2 203.30 NOTE
r-patched-solaris-x86 1.2 40.30 NOTE
r-release-linux-x86_64 1.2 0.67 15.03 15.70 NOTE
r-release-osx-x86_64-mavericks 1.2 NOTE
r-release-osx-x86_64-snowleopard 1.2 NOTE
r-release-windows-ix86+x86_64 1.2 3.00 20.00 23.00 NOTE
r-oldrel-windows-ix86+x86_64 1.2 3.00 25.00 28.00 NOTE

Check Details

Version: 1.2
Check: top-level files
Result: NOTE
    File
     LICENSE
    is not mentioned in the DESCRIPTION file.
Flavors: r-devel-linux-x86_64-debian-clang, r-devel-linux-x86_64-debian-gcc, r-devel-linux-x86_64-fedora-clang, r-devel-linux-x86_64-fedora-gcc, r-devel-osx-x86_64-clang, r-devel-windows-ix86+x86_64, r-patched-linux-x86_64, r-patched-solaris-sparc, r-patched-solaris-x86, r-release-linux-x86_64, r-release-osx-x86_64-mavericks, r-release-osx-x86_64-snowleopard, r-release-windows-ix86+x86_64, r-oldrel-windows-ix86+x86_64

Version: 1.2
Check: Rd line widths
Result: NOTE
    Rd file 'choicemodelr.Rd':
     \examples lines wider than 100 characters:
     estbetas = cbind(estbetas[,1:4],0-apply(estbetas[,1:4],1,sum),estbetas[,5:6],0-apply(estbetas[,5:6],1,sum))
     estbetas = cbind(estbetas[,1:4],0-apply(estbetas[,1:4],1,sum),estbetas[,5:6],0-apply(estbetas[,5:6],1,sum))
    
    These lines will be truncated in the PDF manual.
Flavors: r-devel-linux-x86_64-debian-clang, r-devel-linux-x86_64-debian-gcc, r-devel-linux-x86_64-fedora-clang, r-devel-linux-x86_64-fedora-gcc, r-patched-linux-x86_64, r-release-linux-x86_64