CRAN Package Check Results for Package CircStats

Last updated on 2015-02-27 20:49:30.

Flavor Version Tinstall Tcheck Ttotal Status Flags
r-devel-linux-x86_64-debian-clang 0.2-4 0.91 14.32 15.24 NOTE
r-devel-linux-x86_64-debian-gcc 0.2-4 0.96 14.51 15.47 NOTE
r-devel-linux-x86_64-fedora-clang 0.2-4 30.18 NOTE
r-devel-linux-x86_64-fedora-gcc 0.2-4 27.80 NOTE
r-devel-osx-x86_64-clang 0.2-4 31.50 NOTE
r-devel-windows-ix86+x86_64 0.2-4 6.00 26.00 32.00 NOTE
r-patched-linux-x86_64 0.2-4 0.94 16.29 17.23 NOTE
r-patched-solaris-sparc 0.2-4 203.70 NOTE
r-patched-solaris-x86 0.2-4 44.20 NOTE
r-release-linux-ix86 0.2-4 1.68 22.13 23.81 NOTE
r-release-linux-x86_64 0.2-4 0.90 16.86 17.76 NOTE
r-release-osx-x86_64-mavericks 0.2-4 NOTE
r-release-windows-ix86+x86_64 0.2-4 5.00 28.00 33.00 NOTE
r-oldrel-windows-ix86+x86_64 0.2-4 5.00 27.00 32.00 NOTE

Check Details

Version: 0.2-4
Check: top-level files
Result: NOTE
    Non-standard files/directories found at top level:
     ‘COPYRIGHT’ ‘COPYRIGHT.original’ ‘CREDITS’
    Copyright information should be in file inst/COPYRIGHTS
Flavors: r-devel-linux-x86_64-debian-clang, r-devel-linux-x86_64-debian-gcc, r-devel-linux-x86_64-fedora-clang, r-devel-linux-x86_64-fedora-gcc, r-patched-linux-x86_64, r-release-linux-ix86, r-release-linux-x86_64

Version: 0.2-4
Check: dependencies in R code
Result: NOTE
    'library' or 'require' calls to packages already attached by Depends:
     ‘MASS’ ‘boot’
     Please remove these calls from your code.
Flavors: r-devel-linux-x86_64-debian-clang, r-devel-linux-x86_64-debian-gcc, r-devel-linux-x86_64-fedora-clang, r-devel-linux-x86_64-fedora-gcc, r-devel-osx-x86_64-clang, r-devel-windows-ix86+x86_64, r-patched-linux-x86_64, r-patched-solaris-x86

Version: 0.2-4
Check: S3 generic/method consistency
Result: NOTE
    Found the following apparent S3 methods exported but not registered:
     plot.edf
    See section ‘Registering S3 methods’ in the ‘Writing R Extensions’
    manual.
Flavors: r-devel-linux-x86_64-debian-clang, r-devel-linux-x86_64-debian-gcc, r-devel-linux-x86_64-fedora-clang, r-devel-linux-x86_64-fedora-gcc, r-devel-osx-x86_64-clang

Version: 0.2-4
Check: dependencies in R code
Result: NOTE
    'library' or 'require' calls to packages already attached by Depends:
     ‘MASS’ ‘boot’
     Please remove these calls from your code.
    See the information on DESCRIPTION files in the chapter ‘Creating R
    packages’ of the ‘Writing R Extensions’ manual.
Flavors: r-patched-solaris-sparc, r-release-linux-ix86, r-release-linux-x86_64, r-release-osx-x86_64-mavericks, r-release-windows-ix86+x86_64, r-oldrel-windows-ix86+x86_64