CRAN Package Check Results for Package CircStats

Last updated on 2015-06-30 18:47:08.

Flavor Version Tinstall Tcheck Ttotal Status Flags
r-devel-linux-x86_64-debian-clang 0.2-4 0.89 14.15 15.04 NOTE
r-devel-linux-x86_64-debian-gcc 0.2-4 0.85 13.77 14.62 NOTE
r-devel-linux-x86_64-fedora-clang 0.2-4 27.39 NOTE
r-devel-linux-x86_64-fedora-gcc 0.2-4 26.20 NOTE
r-devel-osx-x86_64-clang 0.2-4 29.29 NOTE
r-devel-windows-ix86+x86_64 0.2-4 7.00 25.00 32.00 NOTE
r-patched-linux-x86_64 0.2-4 1.20 14.73 15.93 NOTE
r-patched-solaris-sparc 0.2-4 191.70 NOTE
r-patched-solaris-x86 0.2-4 39.70 NOTE
r-release-linux-x86_64 0.2-4 0.98 14.08 15.07 NOTE
r-release-osx-x86_64-mavericks 0.2-4 NOTE
r-release-windows-ix86+x86_64 0.2-4 5.00 25.00 30.00 NOTE
r-oldrel-windows-ix86+x86_64 0.2-4 5.00 27.00 32.00 NOTE

Check Details

Version: 0.2-4
Check: top-level files
Result: NOTE
    Non-standard files/directories found at top level:
     ‘COPYRIGHT’ ‘COPYRIGHT.original’ ‘CREDITS’
    Copyright information should be in file inst/COPYRIGHTS
Flavors: r-devel-linux-x86_64-debian-clang, r-devel-linux-x86_64-debian-gcc, r-devel-linux-x86_64-fedora-clang, r-devel-linux-x86_64-fedora-gcc, r-patched-linux-x86_64, r-release-linux-x86_64

Version: 0.2-4
Check: dependencies in R code
Result: NOTE
    'library' or 'require' calls to packages already attached by Depends:
     ‘MASS’ ‘boot’
     Please remove these calls from your code.
Flavors: r-devel-linux-x86_64-debian-clang, r-devel-linux-x86_64-debian-gcc, r-devel-linux-x86_64-fedora-clang, r-devel-linux-x86_64-fedora-gcc, r-devel-osx-x86_64-clang, r-devel-windows-ix86+x86_64, r-patched-linux-x86_64, r-patched-solaris-sparc, r-patched-solaris-x86, r-release-linux-x86_64, r-release-osx-x86_64-mavericks, r-release-windows-ix86+x86_64, r-oldrel-windows-ix86+x86_64

Version: 0.2-4
Check: S3 generic/method consistency
Result: NOTE
    Found the following apparent S3 methods exported but not registered:
     plot.edf
    See section ‘Registering S3 methods’ in the ‘Writing R Extensions’
    manual.
Flavors: r-devel-linux-x86_64-debian-clang, r-devel-linux-x86_64-debian-gcc, r-devel-linux-x86_64-fedora-clang, r-devel-linux-x86_64-fedora-gcc, r-devel-osx-x86_64-clang, r-patched-linux-x86_64, r-patched-solaris-sparc, r-patched-solaris-x86, r-release-linux-x86_64

Version: 0.2-4
Check: R code for possible problems
Result: NOTE
    circ.cor: no visible global function definition for ‘pnorm’
    circ.plot: no visible global function definition for ‘lines’
    circ.plot: no visible global function definition for ‘text’
    circ.plot: no visible global function definition for ‘points’
    circ.reg: no visible global function definition for ‘lm’
    circ.reg: no visible global function definition for ‘pchisq’
    plot.edf: no visible global function definition for ‘plot’
    pp.plot: no visible global function definition for ‘plot’
    pp.plot: no visible global function definition for ‘abline’
    rao.homogeneity: no visible binding for global variable ‘var’
    rao.homogeneity: no visible global function definition for ‘var’
    rao.homogeneity: no visible global function definition for ‘pchisq’
    rao.homogeneity: no visible global function definition for ‘qchisq’
    rao.spacing: Error while checking: invalid ‘envir’ argument
    rcard: no visible global function definition for ‘runif’
    rmixedvm: no visible global function definition for ‘runif’
    rose.diag: no visible global function definition for ‘lines’
    rose.diag: no visible global function definition for ‘text’
    rose.diag: no visible global function definition for ‘points’
    rstable: no visible global function definition for ‘rcauchy’
    rstable: no visible global function definition for ‘rnorm’
    rstable: no visible global function definition for ‘runif’
    rstable: no visible global function definition for ‘rexp’
    rtri: no visible global function definition for ‘runif’
    rvm: no visible global function definition for ‘runif’
    rwrpcauchy: no visible global function definition for ‘runif’
    rwrpcauchy: no visible global function definition for ‘rcauchy’
    rwrpnorm: no visible global function definition for ‘runif’
    rwrpnorm: no visible global function definition for ‘rnorm’
    v0.test: no visible global function definition for ‘pnorm’
    v0.test: no visible global function definition for ‘dnorm’
    vm.bootstrap.ci: no visible global function definition for ‘quantile’
    watson.two: no visible global function definition for ‘par’
Flavors: r-devel-linux-x86_64-debian-clang, r-devel-linux-x86_64-debian-gcc, r-devel-linux-x86_64-fedora-clang, r-devel-windows-ix86+x86_64