CRAN Package Check Results for Package CircStats

Last updated on 2014-07-23 08:49:45.

Flavor Version Tinstall Tcheck Ttotal Status Flags
r-devel-linux-x86_64-debian-clang 0.2-4 1.22 15.10 16.32 NOTE
r-devel-linux-x86_64-debian-gcc 0.2-4 1.04 14.80 15.84 NOTE
r-devel-linux-x86_64-fedora-clang 0.2-4 31.99 NOTE
r-devel-linux-x86_64-fedora-gcc 0.2-4 30.06 NOTE
r-devel-osx-x86_64-clang 0.2-4 33.40 NOTE
r-devel-windows-ix86+x86_64 0.2-4 4.00 26.00 30.00 NOTE
r-patched-linux-x86_64 0.2-4 0.98 14.66 15.64 NOTE
r-patched-solaris-sparc 0.2-4 180.10 NOTE
r-patched-solaris-x86 0.2-4 41.90 NOTE
r-release-linux-ix86 0.2-4 1.27 21.94 23.20 NOTE
r-release-linux-x86_64 0.2-4 0.92 15.54 16.47 NOTE
r-release-osx-x86_64-mavericks 0.2-4 NOTE
r-release-windows-ix86+x86_64 0.2-4 3.00 25.00 28.00 NOTE
r-oldrel-windows-ix86+x86_64 0.2-4 4.00 26.00 30.00 NOTE

Check Details

Version: 0.2-4
Check: dependencies in R code
Result: NOTE
    'library' or 'require' calls to packages already attached by Depends:
     ‘MASS’ ‘boot’
     Please remove these calls from your code.
    See the information on DESCRIPTION files in the chapter ‘Creating R
    packages’ of the ‘Writing R Extensions’ manual.
Flavors: r-devel-linux-x86_64-debian-clang, r-devel-linux-x86_64-debian-gcc, r-devel-linux-x86_64-fedora-clang, r-devel-linux-x86_64-fedora-gcc, r-devel-osx-x86_64-clang, r-devel-windows-ix86+x86_64, r-patched-linux-x86_64, r-patched-solaris-sparc, r-patched-solaris-x86, r-release-linux-ix86, r-release-linux-x86_64, r-release-osx-x86_64-mavericks, r-release-windows-ix86+x86_64, r-oldrel-windows-ix86+x86_64

Version: 0.2-4
Check: top-level files
Result: NOTE
    Non-standard files/directories found at top level:
     ‘COPYRIGHT’ ‘COPYRIGHT.original’ ‘CREDITS’
    Copyright information should be in file inst/COPYRIGHTS
Flavors: r-devel-linux-x86_64-fedora-clang, r-devel-linux-x86_64-fedora-gcc