CRAN Package Check Results for Package CircStats

Last updated on 2014-09-19 17:47:40.

Flavor Version Tinstall Tcheck Ttotal Status Flags
r-devel-linux-x86_64-debian-clang 0.2-4 0.93 15.15 16.08 NOTE
r-devel-linux-x86_64-debian-gcc 0.2-4 0.87 14.58 15.45 NOTE
r-devel-linux-x86_64-fedora-clang 0.2-4 29.85 NOTE
r-devel-linux-x86_64-fedora-gcc 0.2-4 24.64 NOTE
r-devel-osx-x86_64-clang 0.2-4 33.75 NOTE
r-devel-windows-ix86+x86_64 0.2-4 4.00 25.00 29.00 NOTE
r-patched-linux-x86_64 0.2-4 0.90 15.93 16.83 NOTE
r-patched-solaris-sparc 0.2-4 189.20 NOTE
r-patched-solaris-x86 0.2-4 42.60 NOTE
r-release-linux-ix86 0.2-4 1.27 22.05 23.32 NOTE
r-release-linux-x86_64 0.2-4 0.96 15.82 16.78 NOTE
r-release-osx-x86_64-mavericks 0.2-4 NOTE
r-release-windows-ix86+x86_64 0.2-4 4.00 26.00 30.00 NOTE
r-oldrel-windows-ix86+x86_64 0.2-4 4.00 26.00 30.00 NOTE

Check Details

Version: 0.2-4
Check: top-level files
Result: NOTE
    Non-standard files/directories found at top level:
     ‘COPYRIGHT’ ‘COPYRIGHT.original’ ‘CREDITS’
    Copyright information should be in file inst/COPYRIGHTS
Flavors: r-devel-linux-x86_64-debian-clang, r-devel-linux-x86_64-debian-gcc, r-devel-linux-x86_64-fedora-clang, r-devel-linux-x86_64-fedora-gcc, r-patched-linux-x86_64, r-release-linux-x86_64

Version: 0.2-4
Check: dependencies in R code
Result: NOTE
    'library' or 'require' calls to packages already attached by Depends:
     ‘MASS’ ‘boot’
     Please remove these calls from your code.
    See the information on DESCRIPTION files in the chapter ‘Creating R
    packages’ of the ‘Writing R Extensions’ manual.
Flavors: r-devel-linux-x86_64-debian-clang, r-devel-linux-x86_64-debian-gcc, r-devel-linux-x86_64-fedora-clang, r-devel-linux-x86_64-fedora-gcc, r-devel-osx-x86_64-clang, r-devel-windows-ix86+x86_64, r-patched-linux-x86_64, r-patched-solaris-sparc, r-patched-solaris-x86, r-release-linux-ix86, r-release-linux-x86_64, r-release-osx-x86_64-mavericks, r-release-windows-ix86+x86_64, r-oldrel-windows-ix86+x86_64