CRAN Package Check Results for Package CircularDDM

Last updated on 2022-12-06 00:51:06 CET.

Flavor Version Tinstall Tcheck Ttotal Status Flags
r-devel-linux-x86_64-debian-clang 0.1.0 28.51 28.95 57.46 NOTE
r-devel-linux-x86_64-debian-gcc 0.1.0 24.49 22.75 47.24 NOTE
r-devel-linux-x86_64-fedora-clang 0.1.0 103.96 NOTE
r-devel-linux-x86_64-fedora-gcc 0.1.0 89.87 NOTE
r-devel-windows-x86_64 0.1.0 33.00 78.00 111.00 NOTE
r-patched-linux-x86_64 0.1.0 30.26 26.97 57.23 NOTE
r-release-linux-x86_64 0.1.0 24.89 27.32 52.21 NOTE
r-release-macos-arm64 0.1.0 25.00 NOTE
r-release-macos-x86_64 0.1.0 34.00 NOTE
r-release-windows-x86_64 0.1.0 36.00 80.00 116.00 NOTE
r-oldrel-macos-arm64 0.1.0 34.00 NOTE
r-oldrel-macos-x86_64 0.1.0 47.00 NOTE
r-oldrel-windows-ix86+x86_64 0.1.0 82.00 78.00 160.00 NOTE

Check Details

Version: 0.1.0
Check: LazyData
Result: NOTE
     'LazyData' is specified without a 'data' directory
Flavors: r-devel-linux-x86_64-debian-clang, r-devel-linux-x86_64-debian-gcc, r-devel-linux-x86_64-fedora-clang, r-devel-linux-x86_64-fedora-gcc, r-devel-windows-x86_64, r-patched-linux-x86_64, r-release-linux-x86_64, r-release-macos-arm64, r-release-macos-x86_64, r-release-windows-x86_64, r-oldrel-macos-arm64, r-oldrel-macos-x86_64, r-oldrel-windows-ix86+x86_64