CRAN Package Check Results for Package Ckmeans.1d.dp

Last updated on 2019-06-20 13:46:41 CEST.

Flavor Version Tinstall Tcheck Ttotal Status Flags
r-devel-linux-x86_64-debian-clang 4.2.2 21.65 32.14 53.79 OK
r-devel-linux-x86_64-debian-gcc 4.2.2 20.18 26.58 46.76 OK
r-devel-linux-x86_64-fedora-clang 4.2.2 79.91 OK
r-devel-linux-x86_64-fedora-gcc 4.2.2 70.62 OK
r-devel-windows-ix86+x86_64 4.2.2 99.00 79.00 178.00 OK
r-patched-linux-x86_64 4.2.2 23.29 32.38 55.67 OK
r-patched-solaris-x86 4.2.2 96.90 OK
r-release-linux-x86_64 4.2.2 21.71 32.72 54.43 OK
r-release-windows-ix86+x86_64 4.2.2 87.00 90.00 177.00 NOTE
r-release-osx-x86_64 4.2.2 OK
r-oldrel-windows-ix86+x86_64 4.2.2 60.00 80.00 140.00 OK
r-oldrel-osx-x86_64 4.2.2 OK

Check Details

Version: 4.2.2
Check: whether package can be installed
Result: NOTE
    Found the following notes/warnings:
     Non-staged installation was used
Flavor: r-release-windows-ix86+x86_64