CRAN Package Check Results for Package Ckmeans.1d.dp

Last updated on 2015-02-02 01:47:42.

Flavor Version Tinstall Tcheck Ttotal Status Flags
r-devel-linux-x86_64-debian-clang 3.02 1.63 8.70 10.33 NOTE
r-devel-linux-x86_64-debian-gcc 3.02 1.97 7.96 9.92 NOTE
r-devel-linux-x86_64-fedora-clang 3.02 20.19 NOTE
r-devel-linux-x86_64-fedora-gcc 3.02 18.03 NOTE
r-devel-osx-x86_64-clang 3.02 27.84 NOTE
r-devel-windows-ix86+x86_64 3.02 12.00 25.00 37.00 OK
r-patched-linux-x86_64 3.02 1.80 8.56 10.35 OK
r-patched-solaris-sparc 3.02 139.40 OK
r-patched-solaris-x86 3.02 32.10 OK
r-release-linux-ix86 3.02 2.48 14.72 17.21 OK
r-release-linux-x86_64 3.02 1.86 8.64 10.50 OK
r-release-osx-x86_64-mavericks 3.02 OK
r-release-osx-x86_64-snowleopard 3.02 OK
r-release-windows-ix86+x86_64 3.02 11.00 23.00 34.00 OK
r-oldrel-windows-ix86+x86_64 3.02 8.00 24.00 32.00 OK

Check Details

Version: 3.02
Check: S3 generic/method consistency
Result: NOTE
    Found the following apparent S3 methods exported but not registered:
     print.Ckmeans.1d.dp
    See section ‘Registering S3 methods’ in the ‘Writing R Extensions’
    manual.
Flavors: r-devel-linux-x86_64-debian-clang, r-devel-linux-x86_64-debian-gcc, r-devel-linux-x86_64-fedora-clang, r-devel-linux-x86_64-fedora-gcc, r-devel-osx-x86_64-clang