CRAN Package Check Results for Package Claddis

Last updated on 2024-07-14 20:50:54 CEST.

Flavor Version Tinstall Tcheck Ttotal Status Flags
r-devel-linux-x86_64-debian-clang 0.6.3 21.40 148.08 169.48 OK
r-devel-linux-x86_64-debian-gcc 0.6.3 14.85 108.08 122.93 OK
r-devel-linux-x86_64-fedora-clang 0.6.3 208.89 OK
r-devel-linux-x86_64-fedora-gcc 0.6.3 192.12 OK
r-devel-windows-x86_64 0.6.3 18.00 123.00 141.00 NOTE
r-patched-linux-x86_64 0.6.3 25.64 144.66 170.30 OK
r-release-linux-x86_64 0.6.3 16.83 138.58 155.41 OK
r-release-macos-arm64 0.6.3 49.00 OK
r-release-macos-x86_64 0.6.3 79.00 OK
r-release-windows-x86_64 0.6.3 18.00 123.00 141.00 OK
r-oldrel-macos-arm64 0.6.3 64.00 OK
r-oldrel-macos-x86_64 0.6.3 101.00 OK
r-oldrel-windows-x86_64 0.6.3 24.00 151.00 175.00 OK

Check Details

Version: 0.6.3
Check: Rd cross-references
Result: NOTE Found the following Rd file(s) with Rd \link{} targets missing package anchors: estimate_ancestral_states.Rd: rerootingMethod, phytools, ace, ape find_minimum_spanning_edges.Rd: mst, ape fix_root_time.Rd: drop.tip, ape map_stochastic_changes.Rd: make.simmap, phytools ordinate_cladistic_matrix.Rd: pcoa, ape plot_rates_character.Rd: geoscale plot_rates_time.Rd: geoscalePlot, geoscale plot_rates_tree.Rd: geoscale read_nexus_matrix.Rd: read.nexus.data safe_taxonomic_reinsertion.Rd: ape, read.tree, read.nexus Please provide package anchors for all Rd \link{} targets not in the package itself and the base packages. Flavor: r-devel-windows-x86_64