CRAN Package Check Results for Package ClustOfVar

Last updated on 2021-10-28 02:48:22 CEST.

Flavor Version Tinstall Tcheck Ttotal Status Flags
r-devel-linux-x86_64-debian-clang 1.1 3.73 45.25 48.98 OK
r-devel-linux-x86_64-debian-gcc 1.1 2.81 33.18 35.99 OK
r-devel-linux-x86_64-fedora-clang 1.1 67.50 OK
r-devel-linux-x86_64-fedora-gcc 1.1 57.12 OK
r-devel-windows-x86_64 1.1 6.00 88.00 94.00 OK
r-devel-windows-x86_64-gcc10-UCRT 1.1 OK
r-patched-linux-x86_64 1.1 6.09 43.01 49.10 OK
r-patched-solaris-x86 1.1 79.40 NOTE
r-release-linux-x86_64 1.1 3.45 42.47 45.92 OK
r-release-macos-arm64 1.1 OK
r-release-macos-x86_64 1.1 OK
r-release-windows-ix86+x86_64 1.1 5.00 61.00 66.00 OK
r-oldrel-macos-x86_64 1.1 OK
r-oldrel-windows-ix86+x86_64 1.1 5.00 62.00 67.00 OK

Check Details

Version: 1.1
Check: for detritus in the temp directory
Result: NOTE
    Found the following files/directories:
     ‘Rtmp_8aOAS’
Flavor: r-patched-solaris-x86