CRAN Package Check Results for Package Cluster.OBeu

Last updated on 2018-09-24 14:52:45 CEST.

Flavor Version Tinstall Tcheck Ttotal Status Flags
r-devel-linux-x86_64-debian-clang 1.2.1 2.85 44.41 47.26 OK
r-devel-linux-x86_64-debian-gcc 1.2.1 2.15 35.01 37.16 OK
r-devel-linux-x86_64-fedora-clang 1.2.1 56.07 NOTE
r-devel-linux-x86_64-fedora-gcc 1.2.1 53.64 NOTE
r-devel-windows-ix86+x86_64 1.2.1 10.00 82.00 92.00 OK
r-patched-linux-x86_64 1.2.1 2.63 38.21 40.84 OK
r-patched-solaris-x86 1.2.1 76.30 NOTE
r-release-linux-x86_64 1.2.1 2.56 38.23 40.79 OK
r-release-windows-ix86+x86_64 1.2.1 11.00 83.00 94.00 OK
r-release-osx-x86_64 1.2.1 NOTE
r-oldrel-windows-ix86+x86_64 1.2.1 6.00 85.00 91.00 OK
r-oldrel-osx-x86_64 1.2.1 NOTE

Check Details

Version: 1.2.1
Check: dependencies in R code
Result: NOTE
    Namespace in Imports field not imported from: ‘tibble’
     All declared Imports should be used.
Flavors: r-devel-linux-x86_64-fedora-clang, r-devel-linux-x86_64-fedora-gcc, r-patched-solaris-x86, r-release-osx-x86_64, r-oldrel-osx-x86_64