CRAN Package Check Results for Package Cluster.OBeu

Last updated on 2018-11-17 22:56:24 CET.

Flavor Version Tinstall Tcheck Ttotal Status Flags
r-devel-linux-x86_64-debian-clang 1.2.1 2.71 40.20 42.91 OK
r-devel-linux-x86_64-debian-gcc 1.2.1 2.27 32.43 34.70 OK
r-devel-linux-x86_64-fedora-clang 1.2.1 56.36 NOTE
r-devel-linux-x86_64-fedora-gcc 1.2.1 50.37 NOTE
r-devel-windows-ix86+x86_64 1.2.1 8.00 88.00 96.00 OK
r-patched-linux-x86_64 1.2.1 2.27 38.90 41.17 OK
r-patched-solaris-x86 1.2.1 79.80 NOTE
r-release-linux-x86_64 1.2.1 2.50 38.95 41.45 OK
r-release-windows-ix86+x86_64 1.2.1 10.00 60.00 70.00 OK
r-release-osx-x86_64 1.2.1 NOTE
r-oldrel-windows-ix86+x86_64 1.2.1 14.00 80.00 94.00 OK
r-oldrel-osx-x86_64 1.2.1 NOTE

Check Details

Version: 1.2.1
Check: dependencies in R code
Result: NOTE
    Namespace in Imports field not imported from: ‘tibble’
     All declared Imports should be used.
Flavors: r-devel-linux-x86_64-fedora-clang, r-devel-linux-x86_64-fedora-gcc, r-patched-solaris-x86, r-release-osx-x86_64, r-oldrel-osx-x86_64