CRAN Package Check Results for Package ClusterStability

Last updated on 2024-04-18 03:00:26 CEST.

Flavor Version Tinstall Tcheck Ttotal Status Flags
r-devel-linux-x86_64-debian-clang 1.0.4 32.74 92.82 125.56 OK
r-devel-linux-x86_64-debian-gcc 1.0.4 24.74 70.63 95.37 OK
r-devel-linux-x86_64-fedora-clang 1.0.4 163.61 NOTE
r-devel-linux-x86_64-fedora-gcc 1.0.4 156.20 NOTE
r-prerel-macos-arm64 1.0.4 43.00 OK
r-prerel-windows-x86_64 1.0.4 26.00 102.00 128.00 OK
r-patched-linux-x86_64 1.0.4 31.47 91.05 122.52 OK
r-release-linux-x86_64 1.0.4 29.19 92.97 122.16 OK
r-release-macos-arm64 1.0.4 52.00 OK
r-release-macos-x86_64 1.0.4 89.00 OK
r-release-windows-x86_64 1.0.4 34.00 122.00 156.00 OK
r-oldrel-macos-arm64 1.0.4 43.00 OK
r-oldrel-windows-x86_64 1.0.4 34.00 120.00 154.00 OK

Check Details

Version: 1.0.4
Check: compiled code
Result: NOTE File ‘ClusterStability/libs/ClusterStability.so’: Found no calls to: ‘R_registerRoutines’, ‘R_useDynamicSymbols’ It is good practice to register native routines and to disable symbol search. See ‘Writing portable packages’ in the ‘Writing R Extensions’ manual. Flavors: r-devel-linux-x86_64-fedora-clang, r-devel-linux-x86_64-fedora-gcc