CRAN Package Check Results for Package CoClust

Last updated on 2015-07-28 14:48:49.

Flavor Version Tinstall Tcheck Ttotal Status Flags
r-devel-linux-x86_64-debian-clang 0.3-1 3.56 39.07 42.63 NOTE
r-devel-linux-x86_64-debian-gcc 0.3-1 3.09 37.86 40.95 NOTE
r-devel-linux-x86_64-fedora-clang 0.3-1 88.58 NOTE
r-devel-linux-x86_64-fedora-gcc 0.3-1 85.56 NOTE
r-devel-osx-x86_64-clang 0.3-1 77.85 OK
r-devel-windows-ix86+x86_64 0.3-1 8.00 54.00 62.00 NOTE
r-patched-linux-x86_64 0.3-1 3.12 37.64 40.76 OK
r-patched-solaris-sparc 0.3-1 531.10 OK
r-patched-solaris-x86 0.3-1 120.00 OK
r-release-linux-x86_64 0.3-1 3.14 37.88 41.02 OK
r-release-osx-x86_64-mavericks 0.3-1 OK
r-release-windows-ix86+x86_64 0.3-1 11.00 61.00 72.00 OK
r-oldrel-windows-ix86+x86_64 0.3-1 10.00 70.00 80.00 OK

Check Details

Version: 0.3-1
Check: R code for possible problems
Result: NOTE
    CoClust: no visible binding for global variable ‘median’
    CoClust: no visible global function definition for ‘cor’
    fit.margin : ecdfc: no visible global function definition for
     ‘approxfun’
    fit.margin3: no visible global function definition for ‘optim’
    fit.margin3: no visible global function definition for ‘sd’
    fit.margin3: no visible global function definition for ‘pnorm’
    stima_cop: no visible global function definition for ‘pnorm’
    Undefined global functions or variables:
     approxfun cor median optim pnorm sd
    Consider adding
     importFrom("stats", "approxfun", "cor", "median", "optim", "pnorm",
     "sd")
    to your NAMESPACE.
Flavors: r-devel-linux-x86_64-debian-clang, r-devel-linux-x86_64-debian-gcc, r-devel-linux-x86_64-fedora-clang, r-devel-linux-x86_64-fedora-gcc, r-devel-windows-ix86+x86_64