CRAN Package Check Results for Package CoClust

Last updated on 2017-09-20 15:48:24.

Flavor Version Tinstall Tcheck Ttotal Status Flags
r-devel-linux-x86_64-debian-clang 0.3-1 3.07 40.89 43.96 NOTE
r-devel-linux-x86_64-debian-gcc 0.3-1 3.08 40.37 43.45 NOTE
r-devel-linux-x86_64-fedora-clang 0.3-1 99.31 NOTE
r-devel-linux-x86_64-fedora-gcc 0.3-1 99.64 NOTE
r-devel-windows-ix86+x86_64 0.3-1 8.00 94.00 102.00 NOTE
r-patched-linux-x86_64 0.3-1 2.97 39.81 42.78 NOTE
r-patched-solaris-x86 0.3-1 135.00 NOTE
r-release-linux-x86_64 0.3-1 3.10 39.91 43.01 NOTE
r-release-windows-ix86+x86_64 0.3-1 8.00 76.00 84.00 NOTE
r-release-osx-x86_64 0.3-1 ERROR
r-oldrel-windows-ix86+x86_64 0.3-1 8.00 59.00 67.00 NOTE
r-oldrel-osx-x86_64 0.3-1 NOTE

Check Details

Version: 0.3-1
Check: R code for possible problems
Result: NOTE
    CoClust: no visible binding for global variable ‘median’
    CoClust: no visible global function definition for ‘cor’
    fit.margin : ecdfc: no visible global function definition for
     ‘approxfun’
    fit.margin3: no visible global function definition for ‘optim’
    fit.margin3: no visible global function definition for ‘sd’
    fit.margin3: no visible global function definition for ‘pnorm’
    stima_cop: no visible global function definition for ‘pnorm’
    Undefined global functions or variables:
     approxfun cor median optim pnorm sd
    Consider adding
     importFrom("stats", "approxfun", "cor", "median", "optim", "pnorm",
     "sd")
    to your NAMESPACE file.
Flavors: r-devel-linux-x86_64-debian-clang, r-devel-linux-x86_64-debian-gcc, r-devel-linux-x86_64-fedora-clang, r-devel-linux-x86_64-fedora-gcc, r-devel-windows-ix86+x86_64, r-patched-linux-x86_64, r-patched-solaris-x86, r-release-linux-x86_64, r-release-windows-ix86+x86_64, r-oldrel-windows-ix86+x86_64, r-oldrel-osx-x86_64

Version: 0.3-1
Check: package dependencies
Result: ERROR
    Package required but not available: ‘copula’
    
    See section ‘The DESCRIPTION file’ in the ‘Writing R Extensions’
    manual.
Flavor: r-release-osx-x86_64