CRAN Package Check Results for Package CoClust

Last updated on 2014-12-22 09:54:12.

Flavor Version Tinstall Tcheck Ttotal Status Flags
r-devel-linux-x86_64-debian-clang 0.3-0 3.97 47.81 51.78 OK
r-devel-linux-x86_64-debian-gcc 0.3-0 3.67 45.89 49.56 OK
r-devel-linux-x86_64-fedora-clang 0.3-0 131.04 OK
r-devel-linux-x86_64-fedora-gcc 0.3-0 121.88 OK
r-devel-osx-x86_64-clang 0.3-0 103.52 OK
r-devel-windows-ix86+x86_64 0.3-0 10.00 65.00 75.00 OK
r-patched-linux-x86_64 0.3-0 4.32 48.19 52.51 OK
r-patched-solaris-sparc 0.3-0 674.00 OK
r-patched-solaris-x86 0.3-0 165.10 OK
r-release-linux-ix86 0.3-0 4.65 56.94 61.59 OK
r-release-linux-x86_64 0.3-0 3.92 49.58 53.50 OK
r-release-osx-x86_64-mavericks 0.3-0 ERROR
r-release-osx-x86_64-snowleopard 0.3-0 OK
r-release-windows-ix86+x86_64 0.3-0 11.00 68.00 79.00 OK
r-oldrel-windows-ix86+x86_64 0.3-0 10.00 64.00 74.00 OK

Check Details

Version: 0.3-0
Check: package dependencies
Result: ERROR
    Package required but not available: ‘copula’
    
    See the information on DESCRIPTION files in the chapter ‘Creating R
    packages’ of the ‘Writing R Extensions’ manual.
Flavor: r-release-osx-x86_64-mavericks