CRAN Package Check Results for Package CoClust

Last updated on 2016-08-27 08:48:50.

Flavor Version Tinstall Tcheck Ttotal Status Flags
r-devel-linux-x86_64-debian-clang 0.3-1 3.06 39.03 42.09 NOTE
r-devel-linux-x86_64-debian-gcc 0.3-1 4.06 51.25 55.31 NOTE
r-devel-linux-x86_64-fedora-clang 0.3-1 84.78 NOTE
r-devel-linux-x86_64-fedora-gcc 0.3-1 90.27 NOTE
r-devel-osx-x86_64-clang 0.3-1 66.21 NOTE
r-devel-windows-ix86+x86_64 0.3-1 12.00 68.00 80.00 NOTE
r-patched-linux-x86_64 0.3-1 2.99 37.63 40.62 NOTE
r-patched-solaris-sparc 0.3-1 472.40 NOTE
r-patched-solaris-x86 0.3-1 102.40 NOTE
r-release-linux-x86_64 0.3-1 3.48 39.03 42.51 NOTE
r-release-osx-x86_64-mavericks 0.3-1 NOTE
r-release-windows-ix86+x86_64 0.3-1 11.00 73.00 84.00 NOTE
r-oldrel-windows-ix86+x86_64 0.3-1 8.00 74.00 82.00 OK

Check Details

Version: 0.3-1
Check: R code for possible problems
Result: NOTE
    CoClust: no visible binding for global variable ‘median’
    CoClust: no visible global function definition for ‘cor’
    fit.margin : ecdfc: no visible global function definition for
     ‘approxfun’
    fit.margin3: no visible global function definition for ‘optim’
    fit.margin3: no visible global function definition for ‘sd’
    fit.margin3: no visible global function definition for ‘pnorm’
    stima_cop: no visible global function definition for ‘pnorm’
    Undefined global functions or variables:
     approxfun cor median optim pnorm sd
    Consider adding
     importFrom("stats", "approxfun", "cor", "median", "optim", "pnorm",
     "sd")
    to your NAMESPACE file.
Flavors: r-devel-linux-x86_64-debian-clang, r-devel-linux-x86_64-debian-gcc, r-devel-linux-x86_64-fedora-clang, r-devel-linux-x86_64-fedora-gcc, r-devel-osx-x86_64-clang, r-devel-windows-ix86+x86_64, r-patched-linux-x86_64, r-patched-solaris-sparc, r-patched-solaris-x86, r-release-linux-x86_64, r-release-osx-x86_64-mavericks, r-release-windows-ix86+x86_64