CRAN Package Check Results for Package CoClust

Last updated on 2016-02-11 09:50:15.

Flavor Version Tinstall Tcheck Ttotal Status Flags
r-devel-linux-x86_64-debian-gcc 0.3-1 3.07 35.91 38.98 NOTE
r-devel-linux-x86_64-fedora-clang 0.3-1 80.26 NOTE
r-devel-linux-x86_64-fedora-gcc 0.3-1 78.85 NOTE
r-devel-osx-x86_64-clang 0.3-1 87.13 NOTE
r-devel-windows-ix86+x86_64 0.3-1 11.00 58.00 69.00 NOTE
r-patched-linux-x86_64 0.3-1 3.44 39.52 42.96 OK
r-patched-solaris-sparc 0.3-1 507.70 OK
r-patched-solaris-x86 0.3-1 110.90 OK
r-release-linux-x86_64 0.3-1 3.48 39.37 42.85 OK
r-release-osx-x86_64-mavericks 0.3-1 OK
r-release-windows-ix86+x86_64 0.3-1 11.00 69.00 80.00 OK
r-oldrel-windows-ix86+x86_64 0.3-1 17.00 77.00 94.00 OK

Check Details

Version: 0.3-1
Check: R code for possible problems
Result: NOTE
    CoClust: no visible binding for global variable ‘median’
    CoClust: no visible global function definition for ‘cor’
    fit.margin : ecdfc: no visible global function definition for
     ‘approxfun’
    fit.margin3: no visible global function definition for ‘optim’
    fit.margin3: no visible global function definition for ‘sd’
    fit.margin3: no visible global function definition for ‘pnorm’
    stima_cop: no visible global function definition for ‘pnorm’
    Undefined global functions or variables:
     approxfun cor median optim pnorm sd
    Consider adding
     importFrom("stats", "approxfun", "cor", "median", "optim", "pnorm",
     "sd")
    to your NAMESPACE file.
Flavors: r-devel-linux-x86_64-debian-gcc, r-devel-linux-x86_64-fedora-clang, r-devel-linux-x86_64-fedora-gcc, r-devel-osx-x86_64-clang, r-devel-windows-ix86+x86_64