CRAN Package Check Results for Package CoClust

Last updated on 2015-09-04 05:46:42.

Flavor Version Tinstall Tcheck Ttotal Status Flags
r-devel-linux-x86_64-debian-clang 0.3-1 3.04 36.37 39.40 NOTE
r-devel-linux-x86_64-debian-gcc 0.3-1 2.90 38.16 41.06 NOTE
r-devel-linux-x86_64-fedora-clang 0.3-1 84.83 NOTE
r-devel-linux-x86_64-fedora-gcc 0.3-1 77.88 NOTE
r-devel-osx-x86_64-clang 0.3-1 69.91 OK
r-devel-windows-ix86+x86_64 0.3-1 8.00 57.00 65.00 NOTE
r-patched-linux-x86_64 0.3-1 3.20 40.03 43.23 OK
r-patched-solaris-sparc 0.3-1 531.10 OK
r-patched-solaris-x86 0.3-1 120.40 OK
r-release-linux-x86_64 0.3-1 3.18 39.37 42.55 OK
r-release-osx-x86_64-mavericks 0.3-1 OK
r-release-windows-ix86+x86_64 0.3-1 12.00 89.00 101.00 OK
r-oldrel-windows-ix86+x86_64 0.3-1 17.00 73.00 90.00 OK

Check Details

Version: 0.3-1
Check: R code for possible problems
Result: NOTE
    CoClust: no visible binding for global variable ‘median’
    CoClust: no visible global function definition for ‘cor’
    fit.margin : ecdfc: no visible global function definition for
     ‘approxfun’
    fit.margin3: no visible global function definition for ‘optim’
    fit.margin3: no visible global function definition for ‘sd’
    fit.margin3: no visible global function definition for ‘pnorm’
    stima_cop: no visible global function definition for ‘pnorm’
    Undefined global functions or variables:
     approxfun cor median optim pnorm sd
    Consider adding
     importFrom("stats", "approxfun", "cor", "median", "optim", "pnorm",
     "sd")
    to your NAMESPACE.
Flavors: r-devel-linux-x86_64-debian-clang, r-devel-linux-x86_64-debian-gcc, r-devel-linux-x86_64-fedora-clang, r-devel-linux-x86_64-fedora-gcc, r-devel-windows-ix86+x86_64