CRAN Package Check Results for Package CoClust

Last updated on 2014-04-24 17:49:41.

Flavor Version Tinstall Tcheck Ttotal Status Flags
r-devel-linux-x86_64-debian-clang 0.2-9 4.30 49.14 53.44 NOTE
r-devel-linux-x86_64-debian-gcc 0.2-9 4.33 48.68 53.01 NOTE
r-devel-linux-x86_64-fedora-clang 0.2-9 125.03 NOTE
r-devel-linux-x86_64-fedora-gcc 0.2-9 119.52 NOTE
r-devel-osx-x86_64-clang 0.2-9 100.23 NOTE
r-devel-osx-x86_64-gcc 0.2-9 NOTE
r-devel-windows-ix86+x86_64 0.2-9 10.00 65.00 75.00 NOTE
r-patched-linux-x86_64 0.2-9 4.42 48.48 52.89 NOTE
r-patched-solaris-sparc 0.2-9 631.20 NOTE
r-patched-solaris-x86 0.2-9 158.30 NOTE
r-release-linux-ix86 0.2-9 6.00 76.00 82.00 NOTE
r-release-linux-x86_64 0.2-9 4.35 47.04 51.39 NOTE
r-release-osx-x86_64-mavericks 0.2-9 ERROR
r-release-osx-x86_64-snowleopard 0.2-9 ERROR
r-release-windows-ix86+x86_64 0.2-9 10.00 65.00 75.00 NOTE
r-oldrel-windows-ix86+x86_64 0.2-9 10.00 64.00 74.00 NOTE

Check Details

Version: 0.2-9
Check: dependencies in R code
Result: NOTE
    Packages in Depends field not imported from:
     ‘copula’ ‘gtools’ ‘methods’
     These packages need to be imported from (in the NAMESPACE file)
     for when this namespace is loaded but not attached.
    See the information on DESCRIPTION files in the chapter ‘Creating R
    packages’ of the ‘Writing R Extensions’ manual.
Flavors: r-devel-linux-x86_64-debian-clang, r-devel-linux-x86_64-debian-gcc, r-devel-linux-x86_64-fedora-clang, r-devel-linux-x86_64-fedora-gcc, r-devel-osx-x86_64-clang, r-devel-osx-x86_64-gcc, r-devel-windows-ix86+x86_64, r-patched-linux-x86_64, r-patched-solaris-sparc, r-patched-solaris-x86, r-release-linux-ix86, r-release-linux-x86_64, r-release-windows-ix86+x86_64, r-oldrel-windows-ix86+x86_64

Version: 0.2-9
Check: top-level files
Result: NOTE
    Non-standard file/directory found at top level:
     ‘ChangeLog.txt’
Flavors: r-devel-linux-x86_64-fedora-clang, r-devel-linux-x86_64-fedora-gcc

Version: 0.2-9
Check: package dependencies
Result: ERROR
    Package required but not available: ‘copula’
    
    See the information on DESCRIPTION files in the chapter ‘Creating R
    packages’ of the ‘Writing R Extensions’ manual.
Flavor: r-release-osx-x86_64-mavericks

Version: 0.2-9
Check: whether package can be installed
Result: ERROR
    Installation failed.
    See ‘/Volumes/XT3/Builds/R-dev-web/QA/Simon/packages/snowleopard-x86_64/results/3.1/CoClust.Rcheck/00install.out’ for details.
Flavor: r-release-osx-x86_64-snowleopard