CRAN Package Check Results for Package CoClust

Last updated on 2014-07-22 23:48:16.

Flavor Version Tinstall Tcheck Ttotal Status Flags
r-devel-linux-x86_64-debian-clang 0.3-0 4.03 48.71 52.74 OK
r-devel-linux-x86_64-debian-gcc 0.3-0 3.87 48.34 52.21 OK
r-devel-linux-x86_64-fedora-clang 0.3-0 132.28 OK
r-devel-linux-x86_64-fedora-gcc 0.3-0 122.99 OK
r-devel-osx-x86_64-clang 0.3-0 103.33 OK
r-devel-windows-ix86+x86_64 0.3-0 12.00 69.00 81.00 OK
r-patched-linux-x86_64 0.3-0 4.04 47.93 51.96 OK
r-patched-solaris-sparc 0.3-0 642.10 OK
r-patched-solaris-x86 0.3-0 164.90 OK
r-release-linux-ix86 0.3-0 5.05 58.92 63.97 OK
r-release-linux-x86_64 0.3-0 4.21 48.62 52.83 OK
r-release-osx-x86_64-mavericks 0.3-0 ERROR
r-release-osx-x86_64-snowleopard 0.3-0 OK
r-release-windows-ix86+x86_64 0.3-0 11.00 68.00 79.00 OK
r-oldrel-windows-ix86+x86_64 0.3-0 11.00 65.00 76.00 OK

Check Details

Version: 0.3-0
Check: package dependencies
Result: ERROR
    Package required but not available: ‘copula’
    
    See the information on DESCRIPTION files in the chapter ‘Creating R
    packages’ of the ‘Writing R Extensions’ manual.
Flavor: r-release-osx-x86_64-mavericks