CRAN Package Check Results for Package CoClust

Last updated on 2016-05-31 11:50:12.

Flavor Version Tinstall Tcheck Ttotal Status Flags
r-devel-linux-x86_64-debian-gcc 0.3-1 2.94 37.18 40.11 NOTE
r-devel-linux-x86_64-fedora-clang 0.3-1 80.92 NOTE
r-devel-linux-x86_64-fedora-gcc 0.3-1 96.02 NOTE
r-devel-osx-x86_64-clang 0.3-1 85.27 NOTE
r-devel-windows-ix86+x86_64 0.3-1 8.00 62.00 70.00 NOTE
r-patched-linux-x86_64 0.3-1 3.37 38.29 41.66 NOTE
r-patched-solaris-sparc 0.3-1 469.00 NOTE
r-patched-solaris-x86 0.3-1 105.70 NOTE
r-release-linux-x86_64 0.3-1 2.99 36.82 39.81 NOTE
r-release-osx-x86_64-mavericks 0.3-1 NOTE
r-release-windows-ix86+x86_64 0.3-1 10.00 74.00 84.00 NOTE
r-oldrel-windows-ix86+x86_64 0.3-1 9.00 67.00 76.00 OK

Check Details

Version: 0.3-1
Check: R code for possible problems
Result: NOTE
    CoClust: no visible binding for global variable ‘median’
    CoClust: no visible global function definition for ‘cor’
    fit.margin : ecdfc: no visible global function definition for
     ‘approxfun’
    fit.margin3: no visible global function definition for ‘optim’
    fit.margin3: no visible global function definition for ‘sd’
    fit.margin3: no visible global function definition for ‘pnorm’
    stima_cop: no visible global function definition for ‘pnorm’
    Undefined global functions or variables:
     approxfun cor median optim pnorm sd
    Consider adding
     importFrom("stats", "approxfun", "cor", "median", "optim", "pnorm",
     "sd")
    to your NAMESPACE file.
Flavors: r-devel-linux-x86_64-debian-gcc, r-devel-linux-x86_64-fedora-clang, r-devel-linux-x86_64-fedora-gcc, r-devel-osx-x86_64-clang, r-devel-windows-ix86+x86_64, r-patched-linux-x86_64, r-patched-solaris-sparc, r-patched-solaris-x86, r-release-linux-x86_64, r-release-osx-x86_64-mavericks, r-release-windows-ix86+x86_64