CRAN Package Check Results for Package CoClust

Last updated on 2014-09-21 21:47:34.

Flavor Version Tinstall Tcheck Ttotal Status Flags
r-devel-linux-x86_64-debian-clang 0.3-0 3.80 47.14 50.94 OK
r-devel-linux-x86_64-debian-gcc 0.3-0 3.73 46.02 49.76 OK
r-devel-linux-x86_64-fedora-clang 0.3-0 126.91 OK
r-devel-linux-x86_64-fedora-gcc 0.3-0 126.33 OK
r-devel-osx-x86_64-clang 0.3-0 102.88 OK
r-devel-windows-ix86+x86_64 0.3-0 12.00 65.00 77.00 OK
r-patched-linux-x86_64 0.3-0 5.32 49.26 54.58 OK
r-patched-solaris-sparc 0.3-0 693.10 OK
r-patched-solaris-x86 0.3-0 163.70 OK
r-release-linux-ix86 0.3-0 4.84 59.77 64.62 OK
r-release-linux-x86_64 0.3-0 4.03 49.21 53.24 OK
r-release-osx-x86_64-mavericks 0.3-0 ERROR
r-release-osx-x86_64-snowleopard 0.3-0 OK
r-release-windows-ix86+x86_64 0.3-0 10.00 72.00 82.00 OK
r-oldrel-windows-ix86+x86_64 0.3-0 11.00 65.00 76.00 OK

Check Details

Version: 0.3-0
Check: package dependencies
Result: ERROR
    Package required but not available: ‘copula’
    
    See the information on DESCRIPTION files in the chapter ‘Creating R
    packages’ of the ‘Writing R Extensions’ manual.
Flavor: r-release-osx-x86_64-mavericks