CRAN Package Check Results for Package CoClust

Last updated on 2014-08-20 23:46:35.

Flavor Version Tinstall Tcheck Ttotal Status Flags
r-devel-linux-x86_64-debian-clang 0.3-0 4.00 48.33 52.33 OK
r-devel-linux-x86_64-debian-gcc 0.3-0 3.90 47.05 50.96 OK
r-devel-linux-x86_64-fedora-clang 0.3-0 154.06 OK
r-devel-linux-x86_64-fedora-gcc 0.3-0 122.54 OK
r-devel-osx-x86_64-clang 0.3-0 101.06 OK
r-devel-windows-ix86+x86_64 0.3-0 10.00 65.00 75.00 OK
r-patched-linux-x86_64 0.3-0 4.01 49.32 53.33 OK
r-patched-solaris-sparc 0.3-0 693.10 OK
r-patched-solaris-x86 0.3-0 165.40 OK
r-release-linux-ix86 0.3-0 4.77 62.33 67.10 OK
r-release-linux-x86_64 0.3-0 4.34 49.29 53.63 OK
r-release-osx-x86_64-mavericks 0.3-0 ERROR
r-release-osx-x86_64-snowleopard 0.3-0 OK
r-release-windows-ix86+x86_64 0.3-0 9.00 68.00 77.00 OK
r-oldrel-windows-ix86+x86_64 0.3-0 9.00 70.00 79.00 OK

Check Details

Version: 0.3-0
Check: package dependencies
Result: ERROR
    Package required but not available: ‘copula’
    
    See the information on DESCRIPTION files in the chapter ‘Creating R
    packages’ of the ‘Writing R Extensions’ manual.
Flavor: r-release-osx-x86_64-mavericks