CRAN Package Check Results for Package CoClust

Last updated on 2014-11-28 12:46:43.

Flavor Version Tinstall Tcheck Ttotal Status Flags
r-devel-linux-x86_64-debian-clang 0.3-0 3.90 47.80 51.70 OK
r-devel-linux-x86_64-debian-gcc 0.3-0 3.78 47.01 50.80 OK
r-devel-linux-x86_64-fedora-clang 0.3-0 139.51 OK
r-devel-linux-x86_64-fedora-gcc 0.3-0 129.09 OK
r-devel-osx-x86_64-clang 0.3-0 104.51 OK
r-devel-windows-ix86+x86_64 0.3-0 10.00 63.00 73.00 OK
r-patched-linux-x86_64 0.3-0 3.98 47.96 51.94 OK
r-patched-solaris-sparc 0.3-0 693.10 OK
r-patched-solaris-x86 0.3-0 163.00 OK
r-release-linux-ix86 0.3-0 4.61 56.96 61.56 OK
r-release-linux-x86_64 0.3-0 3.91 49.24 53.15 OK
r-release-osx-x86_64-mavericks 0.3-0 ERROR
r-release-osx-x86_64-snowleopard 0.3-0 OK
r-release-windows-ix86+x86_64 0.3-0 10.00 70.00 80.00 OK
r-oldrel-windows-ix86+x86_64 0.3-0 10.00 64.00 74.00 OK

Check Details

Version: 0.3-0
Check: package dependencies
Result: ERROR
    Package required but not available: ‘copula’
    
    See the information on DESCRIPTION files in the chapter ‘Creating R
    packages’ of the ‘Writing R Extensions’ manual.
Flavor: r-release-osx-x86_64-mavericks