CRAN Package Check Results for Package CoClust

Last updated on 2016-12-11 03:47:10.

Flavor Version Tinstall Tcheck Ttotal Status Flags
r-devel-linux-x86_64-debian-clang 0.3-1 2.98 38.29 41.27 NOTE
r-devel-linux-x86_64-debian-gcc 0.3-1 2.87 37.87 40.74 NOTE
r-devel-linux-x86_64-fedora-clang 0.3-1 94.46 NOTE --no-stop-on-test-error
r-devel-linux-x86_64-fedora-gcc 0.3-1 92.25 NOTE --no-stop-on-test-error
r-devel-macos-x86_64-clang 0.3-1 70.42 NOTE --no-stop-on-test-error
r-devel-windows-ix86+x86_64 0.3-1 8.00 66.00 74.00 NOTE
r-patched-linux-x86_64 0.3-1 2.66 34.70 37.36 NOTE
r-patched-solaris-sparc 0.3-1 472.40 NOTE
r-patched-solaris-x86 0.3-1 104.90 NOTE
r-release-linux-x86_64 0.3-1 2.92 34.71 37.63 NOTE
r-release-osx-x86_64-mavericks 0.3-1 NOTE
r-release-windows-ix86+x86_64 0.3-1 11.00 82.00 93.00 NOTE
r-oldrel-windows-ix86+x86_64 0.3-1 10.00 64.00 74.00 OK

Check Details

Version: 0.3-1
Check: R code for possible problems
Result: NOTE
    CoClust: no visible binding for global variable ‘median’
    CoClust: no visible global function definition for ‘cor’
    fit.margin : ecdfc: no visible global function definition for
     ‘approxfun’
    fit.margin3: no visible global function definition for ‘optim’
    fit.margin3: no visible global function definition for ‘sd’
    fit.margin3: no visible global function definition for ‘pnorm’
    stima_cop: no visible global function definition for ‘pnorm’
    Undefined global functions or variables:
     approxfun cor median optim pnorm sd
    Consider adding
     importFrom("stats", "approxfun", "cor", "median", "optim", "pnorm",
     "sd")
    to your NAMESPACE file.
Flavors: r-devel-linux-x86_64-debian-clang, r-devel-linux-x86_64-debian-gcc, r-devel-windows-ix86+x86_64, r-patched-linux-x86_64, r-patched-solaris-sparc, r-patched-solaris-x86, r-release-linux-x86_64, r-release-osx-x86_64-mavericks, r-release-windows-ix86+x86_64

Version: 0.3-1
Flags: --no-stop-on-test-error
Check: R code for possible problems
Result: NOTE
    CoClust: no visible binding for global variable ‘median’
    CoClust: no visible global function definition for ‘cor’
    fit.margin : ecdfc: no visible global function definition for
     ‘approxfun’
    fit.margin3: no visible global function definition for ‘optim’
    fit.margin3: no visible global function definition for ‘sd’
    fit.margin3: no visible global function definition for ‘pnorm’
    stima_cop: no visible global function definition for ‘pnorm’
    Undefined global functions or variables:
     approxfun cor median optim pnorm sd
    Consider adding
     importFrom("stats", "approxfun", "cor", "median", "optim", "pnorm",
     "sd")
    to your NAMESPACE file.
Flavors: r-devel-linux-x86_64-fedora-clang, r-devel-linux-x86_64-fedora-gcc, r-devel-macos-x86_64-clang