CRAN Package Check Results for Package CoClust

Last updated on 2017-07-25 03:49:17.

Flavor Version Tinstall Tcheck Ttotal Status Flags
r-devel-linux-x86_64-debian-clang 0.3-1 2.92 46.33 49.25 NOTE
r-devel-linux-x86_64-debian-gcc 0.3-1 2.99 45.09 48.08 NOTE
r-devel-linux-x86_64-fedora-clang 0.3-1 107.96 NOTE
r-devel-linux-x86_64-fedora-gcc 0.3-1 113.16 NOTE
r-devel-windows-ix86+x86_64 0.3-1 9.00 79.00 88.00 NOTE
r-patched-linux-x86_64 0.3-1 2.90 46.59 49.49 NOTE
r-patched-solaris-x86 0.3-1 131.00 NOTE
r-release-linux-x86_64 0.3-1 3.11 45.50 48.61 NOTE
r-release-windows-ix86+x86_64 0.3-1 9.00 94.00 103.00 NOTE
r-release-osx-x86_64 0.3-1 ERROR
r-oldrel-windows-ix86+x86_64 0.3-1 8.00 69.00 77.00 NOTE
r-oldrel-osx-x86_64 0.3-1 NOTE

Check Details

Version: 0.3-1
Check: R code for possible problems
Result: NOTE
    CoClust: no visible binding for global variable ‘median’
    CoClust: no visible global function definition for ‘cor’
    fit.margin : ecdfc: no visible global function definition for
     ‘approxfun’
    fit.margin3: no visible global function definition for ‘optim’
    fit.margin3: no visible global function definition for ‘sd’
    fit.margin3: no visible global function definition for ‘pnorm’
    stima_cop: no visible global function definition for ‘pnorm’
    Undefined global functions or variables:
     approxfun cor median optim pnorm sd
    Consider adding
     importFrom("stats", "approxfun", "cor", "median", "optim", "pnorm",
     "sd")
    to your NAMESPACE file.
Flavors: r-devel-linux-x86_64-debian-clang, r-devel-linux-x86_64-debian-gcc, r-devel-linux-x86_64-fedora-clang, r-devel-linux-x86_64-fedora-gcc, r-devel-windows-ix86+x86_64, r-patched-linux-x86_64, r-patched-solaris-x86, r-release-linux-x86_64, r-release-windows-ix86+x86_64, r-oldrel-windows-ix86+x86_64, r-oldrel-osx-x86_64

Version: 0.3-1
Check: package dependencies
Result: ERROR
    Package required but not available: ‘copula’
    
    See section ‘The DESCRIPTION file’ in the ‘Writing R Extensions’
    manual.
Flavor: r-release-osx-x86_64