CRAN Package Check Results for Package CoClust

Last updated on 2016-09-26 05:47:24.

Flavor Version Tinstall Tcheck Ttotal Status Flags
r-devel-linux-x86_64-debian-clang 0.3-1 2.79 34.26 37.05 NOTE
r-devel-linux-x86_64-debian-gcc 0.3-1 2.58 33.76 36.34 NOTE
r-devel-linux-x86_64-fedora-clang 0.3-1 80.53 NOTE
r-devel-linux-x86_64-fedora-gcc 0.3-1 77.78 NOTE
r-devel-macos-x86_64-clang 0.3-1 60.82 NOTE
r-devel-windows-ix86+x86_64 0.3-1 10.00 82.00 92.00 NOTE
r-patched-linux-x86_64 0.3-1 2.70 34.22 36.91 NOTE
r-patched-solaris-sparc 0.3-1 472.40 NOTE
r-patched-solaris-x86 0.3-1 103.30 NOTE
r-release-linux-x86_64 0.3-1 2.66 35.18 37.83 NOTE
r-release-osx-x86_64-mavericks 0.3-1 NOTE
r-release-windows-ix86+x86_64 0.3-1 17.00 81.00 98.00 NOTE
r-oldrel-windows-ix86+x86_64 0.3-1 10.00 97.00 107.00 OK

Check Details

Version: 0.3-1
Check: R code for possible problems
Result: NOTE
    CoClust: no visible binding for global variable ‘median’
    CoClust: no visible global function definition for ‘cor’
    fit.margin : ecdfc: no visible global function definition for
     ‘approxfun’
    fit.margin3: no visible global function definition for ‘optim’
    fit.margin3: no visible global function definition for ‘sd’
    fit.margin3: no visible global function definition for ‘pnorm’
    stima_cop: no visible global function definition for ‘pnorm’
    Undefined global functions or variables:
     approxfun cor median optim pnorm sd
    Consider adding
     importFrom("stats", "approxfun", "cor", "median", "optim", "pnorm",
     "sd")
    to your NAMESPACE file.
Flavors: r-devel-linux-x86_64-debian-clang, r-devel-linux-x86_64-debian-gcc, r-devel-linux-x86_64-fedora-clang, r-devel-linux-x86_64-fedora-gcc, r-devel-macos-x86_64-clang, r-devel-windows-ix86+x86_64, r-patched-linux-x86_64, r-patched-solaris-sparc, r-patched-solaris-x86, r-release-linux-x86_64, r-release-osx-x86_64-mavericks, r-release-windows-ix86+x86_64